INSERT INTO `inventory_rawmaterial` (`id`, `item_code`, `item_name`, `item_short_name`, `discription`, `short_description`, `receipt_to_stock_keeping_fact`, `stop_keeping_to_issue`, `quantity`, `reorder_level`, `min_stock`, `max_stock`, `over_stock`, `min_stock_set_date`, `max_stock_set_date`, `reorder_set_date`, `overstock_set_date`, `ad_sp1`, `ad_sp2`, `revision_record`, `expiry_control`, `method_of_expiry`, `checked_at`, `approved_at`, `remarks`, `is_active`, `created`, `updated`, `approver_id`, `brand_id`, `category_id`, `checker_id`, `created_by_id`, `issue_unit_id`, `item_classification_id`, `item_type_id`, `receipt_unit_id`, `stock_keeping_unit_id`, `is_direct_matieral`, `hsn_code`, `availble_quantity`, `opening_quantity`, `item_type_id_2`, `conv_fact_in_ru`, `conv_fact_in_iu`, `item_origin`, `stock_type`, `company_purchase_rate`, `purchase_rate`, `sales_rate`, `path`, `hierarchy_path`, `unit_weight_kgs`) VALUES
(15097, 'TW01NWM6X1', 'TW01NWM6X1', 'TW01NWM6X1', 'Wheel Non Wooven Color Maroon, Size - Dia. 6\" X Thickness 1\", Grit -N/W, Superior Finish, Make Novelty Abrasives', 'Wheel Non Wooven Color Maroon, Size - Dia. 6\" X Thickness 1\", Grit -N/W, Superior Finish, Make Novelty Abrasives', NULL, NULL, 1, 0, 0, 0, 0, '2011-11-30', '2011-11-30', '2011-11-30', '2011-11-30', '0', '0', 'ADDED NEW PRODUCTS AS REQUESTED BY NVD ON 30-11-2011', 0, NULL, NULL, NULL, NULL, 1, '2022-09-05 00:00:00.000000', '0000-00-00 00:00:00.000000', NULL, 0, NULL, NULL, NULL, 1, NULL, 1, 1, 1, 0, NULL, NULL, NULL, 17, 1, 1, 'Indegeneous Item', 0, 0.00, 0.00, 0.00, 'Tools', 'Tools', 0),
(15098, 'TWB013M120', 'TWB013M120', 'TWB013M120', 'Wheel, Bristle 6\", 3M White, Grit 120\n', 'Wheel, Bristle 6\", 3M White, Grit 120\n', NULL, NULL, 1, 0, 0, 0, 0, '2020-09-22', '2020-09-22', '2020-09-22', '2020-09-22', '0', '0', 'This is old created Item coed hence no record  found', 0, NULL, NULL, NULL, NULL, 1, '2022-09-05 00:00:00.000000', '0000-00-00 00:00:00.000000', NULL, 0, NULL, NULL, NULL, 1, NULL, 1, 1, 1, 0, NULL, NULL, NULL, 17, 1, 1, 'Indegeneous Item', 0, 0.00, 0.00, 0.00, 'Tools', 'Tools', 0),
(15099, 'TWB01FILE', 'TWB01FILE', 'TWB01FILE', 'Wire Brush, for File Cleaning', 'Wire Brush, for File Cleaning', NULL, NULL, 1, 0, 0, 0, 0, '2006-12-13', '2006-12-13', '2006-12-13', '2006-12-13', '0', '0', '0', 0, NULL, NULL, NULL, NULL, 1, '2022-09-05 00:00:00.000000', '0000-00-00 00:00:00.000000', NULL, 0, NULL, NULL, NULL, 1, NULL, 1, 1, 1, 0, NULL, NULL, NULL, 17, 1, 1, 'Indegeneous Item', 0, 0.00, 0.00, 0.00, 'Tools', 'Tools', 0),
(15100, 'TWC01A60K5', 'TWC01A60K5', 'TWC01A60K5', 'Wheel, Cup 100 X 50 X 31.75 - A60K5V10\n', 'Wheel, Cup 100 X 50 X 31.75 - A60K5V10\n', NULL, NULL, 1, 0, 0, 0, 0, '2020-09-22', '2020-09-22', '2020-09-22', '2020-09-22', '0', '0', 'This is old created Item coed hence no record  found', 0, NULL, NULL, NULL, NULL, 1, '2022-09-05 00:00:00.000000', '0000-00-00 00:00:00.000000', NULL, 0, NULL, NULL, NULL, 1, NULL, 1, 1, 1, 0, NULL, NULL, NULL, 17, 1, 1, 'Indegeneous Item', 0, 0.00, 0.00, 0.00, 'Tools', 'Tools', 0),
(15101, 'TWC01AA120', 'TWC01AA120', 'TWC01AA120', 'Wheel, Cup 100 X 50 X 31.75 - AA120K5VF8', 'Wheel, Cup 100 X 50 X 31.75 - AA120K5VF8', NULL, NULL, 1, 0, 0, 0, 0, '2020-09-22', '2020-09-22', '2020-09-22', '2020-09-22', '0', '0', 'This is old created Item coed hence no record  found', 0, NULL, NULL, NULL, NULL, 1, '2022-09-05 00:00:00.000000', '0000-00-00 00:00:00.000000', NULL, 0, NULL, NULL, NULL, 1, NULL, 1, 1, 1, 0, NULL, NULL, NULL, 17, 1, 1, 'Indegeneous Item', 0, 0.00, 0.00, 0.00, 'Tools', 'Tools', 0),
(15102, 'TWC01HA35', 'TWC01HA35', 'TWC01HA35', '\"H-WZWM-0002,\nWhirling cutter HA 3.5/1.25, \nDia. 28.25, TIN coated,\nHarmonized Code:8207.7020,\nOrgin:CH\"\n', '\"H-WZWM-0002,\nWhirling cutter HA 3.5/1.25, \nDia. 28.25, TIN coated,\nHarmonized Code:8207.7020,\nOrgin:CH\"\n', NULL, NULL, 1, 0, 0, 0, 0, '2020-09-22', '2020-09-22', '2020-09-22', '2020-09-22', '0', '0', 'This is old created Item coed hence no record  found', 0, NULL, NULL, NULL, NULL, 1, '2022-09-05 00:00:00.000000', '0000-00-00 00:00:00.000000', NULL, 0, NULL, NULL, NULL, 7, NULL, 1, 7, 7, 0, NULL, NULL, NULL, 17, 1, 1, 'Indegeneous Item', 0, 0.00, 0.00, 0.00, 'Tools', 'Tools', 0),
(15103, 'TWC01HA45', 'TWC01HA45', 'TWC01HA45', 'H-WZWM-0005,\n Whirling cutter HA 4.5 mm, \nDia. 28.25, TIN coated,\nHarmonized Code:8207.7020,\nOrgin:CH\"\n', 'H-WZWM-0005,\n Whirling cutter HA 4.5 mm, \nDia. 28.25, TIN coated,\nHarmonized Code:8207.7020,\nOrgin:CH\"\n', NULL, NULL, 1, 0, 0, 0, 0, '2020-09-22', '2020-09-22', '2020-09-22', '2020-09-22', '0', '0', 'This is old created Item coed hence no record  found', 0, NULL, NULL, NULL, NULL, 1, '2022-09-05 00:00:00.000000', '0000-00-00 00:00:00.000000', NULL, 0, NULL, NULL, NULL, 7, NULL, 1, 7, 7, 0, NULL, NULL, NULL, 17, 1, 1, 'Indegeneous Item', 0, 0.00, 0.00, 0.00, 'Tools', 'Tools', 0),
(15104, 'TWC01T5VF8', 'TWC01T5VF8', 'TWC01T5VF8', 'Wheel, Taper Cup 100 X 50 X 31.75 - AA120K5VF8', 'Wheel, Taper Cup 100 X 50 X 31.75 - AA120K5VF8', NULL, NULL, 1, 0, 0, 0, 0, '2012-04-16', '2012-04-16', '2012-04-16', '2012-04-16', '0', '0', 'ADDED NEW PRODUCTS AS REQUESTED BY STORES ON 16-04-2012', 0, NULL, NULL, NULL, NULL, 1, '2022-09-05 00:00:00.000000', '0000-00-00 00:00:00.000000', NULL, 0, NULL, NULL, NULL, 1, NULL, 1, 1, 1, 0, NULL, NULL, NULL, 17, 1, 1, 'Indegeneous Item', 0, 0.00, 0.00, 0.00, 'Tools', 'Tools', 0),
(15105, 'TWC02AA120', 'TWC02AA120', 'TWC02AA120', 'Wheel, Cup 150 X 50 X 31.75 - AA60K5VF8', 'Wheel, Cup 150 X 50 X 31.75 - AA60K5VF8', NULL, NULL, 1, 0, 0, 0, 0, '2020-09-22', '2020-09-22', '2020-09-22', '2020-09-22', '0', '0', 'This is old created Item coed hence no record  found', 0, NULL, NULL, NULL, NULL, 1, '2022-09-05 00:00:00.000000', '0000-00-00 00:00:00.000000', NULL, 0, NULL, NULL, NULL, 1, NULL, 1, 1, 1, 0, NULL, NULL, NULL, 17, 1, 1, 'Indegeneous Item', 0, 0.00, 0.00, 0.00, 'Tools', 'Tools', 0),
(15106, 'TWC02K5VF8', 'TWC02K5VF8', 'TWC02K5VF8', 'Wheel, Cup 101.6 X 50.8 X 31.75MM - AA120K5VF8\n', 'Wheel, Cup 101.6 X 50.8 X 31.75MM - AA120K5VF8\n', NULL, NULL, 1, 0, 0, 0, 0, '2020-09-22', '2020-09-22', '2020-09-22', '2020-09-22', '0', '0', 'This is old created Item coed hence no record  found', 0, NULL, NULL, NULL, NULL, 1, '2022-09-05 00:00:00.000000', '0000-00-00 00:00:00.000000', NULL, 0, NULL, NULL, NULL, 1, NULL, 1, 1, 1, 0, NULL, NULL, NULL, 17, 1, 1, 'Indegeneous Item', 0, 0.00, 0.00, 0.00, 'Tools', 'Tools', 0),
(15107, 'TWF010060', 'TWF010060', 'TWF010060', 'Wheel, Flappica 6 X 1, Grit 60', 'Wheel, Flappica 6 X 1, Grit 60', NULL, NULL, 1, 0, 0, 0, 0, '2007-12-18', '2007-12-18', '2007-12-18', '2007-12-18', '0', '0', '0', 0, NULL, NULL, NULL, NULL, 1, '2022-09-05 00:00:00.000000', '0000-00-00 00:00:00.000000', NULL, 0, NULL, NULL, NULL, 1, NULL, 1, 1, 1, 0, NULL, NULL, NULL, 17, 1, 1, 'Indegeneous Item', 0, 0.00, 0.00, 0.00, 'Tools', 'Tools', 0),
(15108, 'TWF0100601', 'TWF0100601', 'TWF0100601', 'Wheel, Flappica 6 X 1/2, Grit 60', 'Wheel, Flappica 6 X 1/2, Grit 60', NULL, NULL, 1, 0, 0, 0, 0, '2007-12-18', '2007-12-18', '2007-12-18', '2007-12-18', '0', '0', '0', 0, NULL, NULL, NULL, NULL, 1, '2022-09-05 00:00:00.000000', '0000-00-00 00:00:00.000000', NULL, 0, NULL, NULL, NULL, 1, NULL, 1, 1, 1, 0, NULL, NULL, NULL, 17, 1, 1, 'Indegeneous Item', 0, 0.00, 0.00, 0.00, 'Tools', 'Tools', 0),
(15109, 'TWF010080', 'TWF010080', 'TWF010080', 'Wheel, Flappica 7 X 1, Grit 80', 'Wheel, Flappica 7 X 1, Grit 80', NULL, NULL, 1, 0, 0, 0, 0, '2006-10-18', '2006-10-18', '2006-10-18', '2006-10-18', '0', '0', '0', 0, NULL, NULL, NULL, NULL, 1, '2022-09-05 00:00:00.000000', '0000-00-00 00:00:00.000000', NULL, 0, NULL, NULL, NULL, 1, NULL, 1, 1, 1, 0, NULL, NULL, NULL, 17, 1, 1, 'Indegeneous Item', 0, 0.00, 0.00, 0.00, 'Tools', 'Tools', 0),
(15110, 'TWF0100801', 'TWF0100801', 'TWF0100801', 'Wheel, Flappica 6 X 1/2, Grit 80', 'Wheel, Flappica 6 X 1/2, Grit 80', NULL, NULL, 1, 0, 0, 0, 0, '2007-12-18', '2007-12-18', '2007-12-18', '2007-12-18', '0', '0', '0', 0, NULL, NULL, NULL, NULL, 1, '2022-09-05 00:00:00.000000', '0000-00-00 00:00:00.000000', NULL, 0, NULL, NULL, NULL, 1, NULL, 1, 1, 1, 0, NULL, NULL, NULL, 17, 1, 1, 'Indegeneous Item', 0, 0.00, 0.00, 0.00, 'Tools', 'Tools', 0),
(15111, 'TWF0100802', 'TWF0100802', 'TWF0100802', 'Wheel, Flappica 6 X 1, Grit 80', 'Wheel, Flappica 6 X 1, Grit 80', NULL, NULL, 1, 0, 0, 0, 0, '2020-09-22', '2020-09-22', '2020-09-22', '2020-09-22', '0', '0', 'This is old created Item coed hence no record  found', 0, NULL, NULL, NULL, NULL, 1, '2022-09-05 00:00:00.000000', '0000-00-00 00:00:00.000000', NULL, 0, NULL, NULL, NULL, 1, NULL, 1, 1, 1, 0, NULL, NULL, NULL, 17, 1, 1, 'Indegeneous Item', 0, 0.00, 0.00, 0.00, 'Tools', 'Tools', 0),
(15112, 'TWF010120', 'TWF010120', 'TWF010120', 'Wheel, Flappica 6 X 1, Grit 120', 'Wheel, Flappica 6 X 1, Grit 120', NULL, NULL, 1, 0, 0, 0, 0, '2007-12-18', '2007-12-18', '2007-12-18', '2007-12-18', '0', '0', '0', 0, NULL, NULL, NULL, NULL, 1, '2022-09-05 00:00:00.000000', '0000-00-00 00:00:00.000000', NULL, 0, NULL, NULL, NULL, 1, NULL, 1, 1, 1, 0, NULL, NULL, NULL, 17, 1, 1, 'Indegeneous Item', 0, 0.00, 0.00, 0.00, 'Tools', 'Tools', 0),
(15113, 'TWF0101201', 'TWF0101201', 'TWF0101201', 'Wheel, Flappica 6 X 1/2, Grit 120', 'Wheel, Flappica 6 X 1/2, Grit 120', NULL, NULL, 1, 0, 0, 0, 0, '2007-12-18', '2007-12-18', '2007-12-18', '2007-12-18', '0', '0', '0', 0, NULL, NULL, NULL, NULL, 1, '2022-09-05 00:00:00.000000', '0000-00-00 00:00:00.000000', NULL, 0, NULL, NULL, NULL, 1, NULL, 1, 1, 1, 0, NULL, NULL, NULL, 17, 1, 1, 'Indegeneous Item', 0, 0.00, 0.00, 0.00, 'Tools', 'Tools', 0),
(15114, 'TWF010180', 'TWF010180', 'TWF010180', 'Wheel, Flappica 7 X 1, Grit 180', 'Wheel, Flappica 7 X 1, Grit 180', NULL, NULL, 1, 0, 0, 0, 0, '2006-03-23', '2006-03-23', '2006-03-23', '2006-03-23', '0', '0', '0', 0, NULL, NULL, NULL, NULL, 1, '2022-09-05 00:00:00.000000', '0000-00-00 00:00:00.000000', NULL, 0, NULL, NULL, NULL, 1, NULL, 1, 1, 1, 0, NULL, NULL, NULL, 17, 1, 1, 'Indegeneous Item', 0, 0.00, 0.00, 0.00, 'Tools', 'Tools', 0),
(15115, 'TWF0101801', 'TWF0101801', 'TWF0101801', 'Wheel, Flappica 6 X 1/2, Grit 180', 'Wheel, Flappica 6 X 1/2, Grit 180', NULL, NULL, 1, 0, 0, 0, 0, '2007-12-18', '2007-12-18', '2007-12-18', '2007-12-18', '0', '0', '0', 0, NULL, NULL, NULL, NULL, 1, '2022-09-05 00:00:00.000000', '0000-00-00 00:00:00.000000', NULL, 0, NULL, NULL, NULL, 1, NULL, 1, 1, 1, 0, NULL, NULL, NULL, 17, 1, 1, 'Indegeneous Item', 0, 0.00, 0.00, 0.00, 'Tools', 'Tools', 0),
(15116, 'TWF0101802', 'TWF0101802', 'TWF0101802', 'Wheel, Flappica 6 X 1, Grit 180', 'Wheel, Flappica 6 X 1, Grit 180', NULL, NULL, 1, 0, 0, 0, 0, '2020-09-22', '2020-09-22', '2020-09-22', '2020-09-22', '0', '0', 'This is old created Item coed hence no record  found', 0, NULL, NULL, NULL, NULL, 1, '2022-09-05 00:00:00.000000', '0000-00-00 00:00:00.000000', NULL, 0, NULL, NULL, NULL, 1, NULL, 1, 1, 1, 0, NULL, NULL, NULL, 17, 1, 1, 'Indegeneous Item', 0, 0.00, 0.00, 0.00, 'Tools', 'Tools', 0),
(15117, 'TWF010220', 'TWF010220', 'TWF010220', 'Wheel, Flappica 7 X 1, Grit 220', 'Wheel, Flappica 7 X 1, Grit 220', NULL, NULL, 1, 0, 0, 0, 0, '2006-10-18', '2006-10-18', '2006-10-18', '2006-10-18', '0', '0', '0', 0, NULL, NULL, NULL, NULL, 1, '2022-09-05 00:00:00.000000', '0000-00-00 00:00:00.000000', NULL, 0, NULL, NULL, NULL, 1, NULL, 1, 1, 1, 0, NULL, NULL, NULL, 17, 1, 1, 'Indegeneous Item', 0, 0.00, 0.00, 0.00, 'Tools', 'Tools', 0),
(15118, 'TWF0102201', 'TWF0102201', 'TWF0102201', 'Wheel, Flappica 6 X 1/2, Grit 220', 'Wheel, Flappica 6 X 1/2, Grit 220', NULL, NULL, 1, 0, 0, 0, 0, '2007-12-18', '2007-12-18', '2007-12-18', '2007-12-18', '0', '0', '0', 0, NULL, NULL, NULL, NULL, 1, '2022-09-05 00:00:00.000000', '0000-00-00 00:00:00.000000', NULL, 0, NULL, NULL, NULL, 1, NULL, 1, 1, 1, 0, NULL, NULL, NULL, 17, 1, 1, 'Indegeneous Item', 0, 0.00, 0.00, 0.00, 'Tools', 'Tools', 0),
(15119, 'TWF01030180', 'TWF01030180', 'TWF01030180', 'Wheel, Flappica 3 X 1, Grit 80\n', 'Wheel, Flappica 3 X 1, Grit 80\n', NULL, NULL, 1, 0, 0, 0, 0, '2020-09-22', '2020-09-22', '2020-09-22', '2020-09-22', '0', '0', 'This is old created Item coed hence no record  found', 0, NULL, NULL, NULL, NULL, 1, '2022-09-05 00:00:00.000000', '0000-00-00 00:00:00.000000', NULL, 0, NULL, NULL, NULL, 1, NULL, 1, 1, 1, 0, NULL, NULL, NULL, 17, 1, 1, 'Indegeneous Item', 0, 0.00, 0.00, 0.00, 'Tools', 'Tools', 0),
(15120, 'TWF010320', 'TWF010320', 'TWF010320', 'Wheel, Flappica 7 X 1, Grit 320', 'Wheel, Flappica 7 X 1, Grit 320', NULL, NULL, 1, 0, 0, 0, 0, '2006-03-23', '2006-03-23', '2006-03-23', '2006-03-23', '0', '0', '0', 0, NULL, NULL, NULL, NULL, 1, '2022-09-05 00:00:00.000000', '0000-00-00 00:00:00.000000', NULL, 0, NULL, NULL, NULL, 1, NULL, 1, 1, 1, 0, NULL, NULL, NULL, 17, 1, 1, 'Indegeneous Item', 0, 0.00, 0.00, 0.00, 'Tools', 'Tools', 0),
(15121, 'TWF0103201', 'TWF0103201', 'TWF0103201', 'Flappica wheel grit 320 x 1/2 inch', 'Flappica wheel grit 320 x 1/2 inch', NULL, NULL, 1, 0, 0, 0, 0, '2009-09-20', '2009-09-20', '2009-09-20', '2009-09-20', '0', '0', '0', 0, NULL, NULL, NULL, NULL, 1, '2022-09-05 00:00:00.000000', '0000-00-00 00:00:00.000000', NULL, 0, NULL, NULL, NULL, 1, NULL, 1, 1, 1, 0, NULL, NULL, NULL, 17, 1, 1, 'Indegeneous Item', 0, 0.00, 0.00, 0.00, 'Tools', 'Tools', 0),
(15122, 'TWF010800', 'TWF010800', 'TWF010800', 'Wheel, Flappica 7 X 1, Grit 800', 'Wheel, Flappica 7 X 1, Grit 800', NULL, NULL, 1, 0, 0, 0, 0, '2006-03-23', '2006-03-23', '2006-03-23', '2006-03-23', '0', '0', '0', 0, NULL, NULL, NULL, NULL, 1, '2022-09-05 00:00:00.000000', '0000-00-00 00:00:00.000000', NULL, 0, NULL, NULL, NULL, 1, NULL, 1, 1, 1, 0, NULL, NULL, NULL, 17, 1, 1, 'Indegeneous Item', 0, 0.00, 0.00, 0.00, 'Tools', 'Tools', 0),
(15123, 'TWF0132012', 'TWF0132012', 'TWF0132012', 'Flappica wheel grit 320 x 1/2 inch', 'Flappica wheel grit 320 x 1/2 inch', NULL, NULL, 1, 0, 0, 0, 0, '2009-09-04', '2009-09-04', '2009-09-04', '2009-09-04', '0', '0', '0', 0, NULL, NULL, NULL, NULL, 1, '2022-09-05 00:00:00.000000', '0000-00-00 00:00:00.000000', NULL, 0, NULL, NULL, NULL, 1, NULL, 1, 1, 1, 0, NULL, NULL, NULL, 17, 1, 1, 'Indegeneous Item', 0, 0.00, 0.00, 0.00, 'Tools', 'Tools', 0),
(15124, 'TWF0182060', 'TWF0182060', 'TWF0182060', 'Wheel, Flappica 8\" X Thck 2\", Grit 60\n', 'Wheel, Flappica 8\" X Thck 2\", Grit 60\n', NULL, NULL, 1, 0, 0, 0, 0, '2020-09-22', '2020-09-22', '2020-09-22', '2020-09-22', '0', '0', 'This is old created Item coed hence no record  found', 0, NULL, NULL, NULL, NULL, 1, '2022-09-05 00:00:00.000000', '0000-00-00 00:00:00.000000', NULL, 0, NULL, NULL, NULL, 1, NULL, 1, 1, 1, 0, NULL, NULL, NULL, 17, 1, 1, 'Indegeneous Item', 0, 0.00, 0.00, 0.00, 'Tools', 'Tools', 0),
(15125, 'TWF0182120', 'TWF0182120', 'TWF0182120', 'Wheel, Flappica 8\" X Thck 2\", Grit 120\n', 'Wheel, Flappica 8\" X Thck 2\", Grit 120\n', NULL, NULL, 1, 0, 0, 0, 0, '2020-09-22', '2020-09-22', '2020-09-22', '2020-09-22', '0', '0', 'This is old created Item coed hence no record  found', 0, NULL, NULL, NULL, NULL, 1, '2022-09-05 00:00:00.000000', '0000-00-00 00:00:00.000000', NULL, 0, NULL, NULL, NULL, 1, NULL, 1, 1, 1, 0, NULL, NULL, NULL, 17, 1, 1, 'Indegeneous Item', 0, 0.00, 0.00, 0.00, 'Tools', 'Tools', 0),
(15126, 'TWF0182220', 'TWF0182220', 'TWF0182220', 'Wheel, Flappica 8\" X Thck 2\", Grit 220\n', 'Wheel, Flappica 8\" X Thck 2\", Grit 220\n', NULL, NULL, 1, 0, 0, 0, 0, '2020-09-22', '2020-09-22', '2020-09-22', '2020-09-22', '0', '0', 'This is old created Item coed hence no record  found', 0, NULL, NULL, NULL, NULL, 1, '2022-09-05 00:00:00.000000', '0000-00-00 00:00:00.000000', NULL, 0, NULL, NULL, NULL, 1, NULL, 1, 1, 1, 0, NULL, NULL, NULL, 17, 1, 1, 'Indegeneous Item', 0, 0.00, 0.00, 0.00, 'Tools', 'Tools', 0),
(15127, 'TWF0182320', 'TWF0182320', 'TWF0182320', 'Wheel, Flappica 8\" X Thck 2\", Grit 320\n', 'Wheel, Flappica 8\" X Thck 2\", Grit 320\n', NULL, NULL, 1, 0, 0, 0, 0, '2020-09-22', '2020-09-22', '2020-09-22', '2020-09-22', '0', '0', 'This is old created Item coed hence no record  found', 0, NULL, NULL, NULL, NULL, 1, '2022-09-05 00:00:00.000000', '0000-00-00 00:00:00.000000', NULL, 0, NULL, NULL, NULL, 1, NULL, 1, 1, 1, 0, NULL, NULL, NULL, 17, 1, 1, 'Indegeneous Item', 0, 0.00, 0.00, 0.00, 'Tools', 'Tools', 0),
(15128, 'TWF01FF160', 'TWF01FF160', 'TWF01FF160', 'Wire File, Flat - 16 cms (J.K.)', 'Wire File, Flat - 16 cms (J.K.)', NULL, NULL, 1, 0, 0, 0, 0, '2009-09-20', '2009-09-20', '2009-09-20', '2009-09-20', '0', '0', '0', 0, NULL, NULL, NULL, NULL, 1, '2022-09-05 00:00:00.000000', '0000-00-00 00:00:00.000000', NULL, 0, NULL, NULL, NULL, 1, NULL, 1, 1, 1, 0, NULL, NULL, NULL, 17, 1, 1, 'Indegeneous Item', 0, 0.00, 0.00, 0.00, 'Tools', 'Tools', 0),
(15129, 'TWF01FF160D', 'TWF01FF160D', 'TWF01FF160D', 'Wire File, Diamond Flat - 16 cms (J.K.)', 'Wire File, Diamond Flat - 16 cms (J.K.)', NULL, NULL, 1, 0, 0, 0, 0, '2020-09-22', '2020-09-22', '2020-09-22', '2020-09-22', '0', '0', 'This is old created Item coed hence no record  found', 0, NULL, NULL, NULL, NULL, 1, '2022-09-05 00:00:00.000000', '0000-00-00 00:00:00.000000', NULL, 0, NULL, NULL, NULL, 1, NULL, 1, 1, 1, 0, NULL, NULL, NULL, 17, 1, 1, 'Indegeneous Item', 0, 0.00, 0.00, 0.00, 'Tools', 'Tools', 0),
(15130, 'TWF01FT160', 'TWF01FT160', 'TWF01FT160', 'Wire File, Triangular - 16 cms (J.K.)', 'Wire File, Triangular - 16 cms (J.K.)', NULL, NULL, 1, 0, 0, 0, 0, '2006-03-23', '2006-03-23', '2006-03-23', '2006-03-23', '0', '0', '0', 0, NULL, NULL, NULL, NULL, 1, '2022-09-05 00:00:00.000000', '0000-00-00 00:00:00.000000', NULL, 0, NULL, NULL, NULL, 1, NULL, 1, 1, 1, 0, NULL, NULL, NULL, 17, 1, 1, 'Indegeneous Item', 0, 0.00, 0.00, 0.00, 'Tools', 'Tools', 0),
(15131, 'TWF01HF160', 'TWF01HF160', 'TWF01HF160', 'Wire File, Half Round - 16 cms (J.K.)', 'Wire File, Half Round - 16 cms (J.K.)', NULL, NULL, 1, 0, 0, 0, 0, '2009-09-20', '2009-09-20', '2009-09-20', '2009-09-20', '0', '0', '0', 0, NULL, NULL, NULL, NULL, 1, '2022-09-05 00:00:00.000000', '0000-00-00 00:00:00.000000', NULL, 0, NULL, NULL, NULL, 1, NULL, 1, 1, 1, 0, NULL, NULL, NULL, 17, 1, 1, 'Indegeneous Item', 0, 0.00, 0.00, 0.00, 'Tools', 'Tools', 0),
(15132, 'TWF01RO140', 'TWF01RO140', 'TWF01RO140', 'Wire File, Round - 14 cms (J.K.)\n', 'Wire File, Round - 14 cms (J.K.)\n', NULL, NULL, 1, 0, 0, 0, 0, '2011-03-31', '2011-03-31', '2011-03-31', '2011-03-31', '0', '0', '0', 0, NULL, NULL, NULL, NULL, 1, '2022-09-05 00:00:00.000000', '0000-00-00 00:00:00.000000', NULL, 0, NULL, NULL, NULL, 1, NULL, 1, 1, 1, 0, NULL, NULL, NULL, 17, 1, 1, 'Indegeneous Item', 0, 0.00, 0.00, 0.00, 'Tools', 'Tools', 0),
(15133, 'TWF01RO160', 'TWF01RO160', 'TWF01RO160', 'Wire File, Round - 16 cms (J.K.)', 'Wire File, Round - 16 cms (J.K.)', NULL, NULL, 1, 0, 0, 0, 0, '2006-03-23', '2006-03-23', '2006-03-23', '2006-03-23', '0', '0', '0', 0, NULL, NULL, NULL, NULL, 1, '2022-09-05 00:00:00.000000', '0000-00-00 00:00:00.000000', NULL, 0, NULL, NULL, NULL, 1, NULL, 1, 1, 1, 0, NULL, NULL, NULL, 17, 1, 1, 'Indegeneous Item', 0, 0.00, 0.00, 0.00, 'Tools', 'Tools', 0),
(15134, 'TWF01SQDIA', 'TWF01SQDIA', 'TWF01SQDIA', 'Diamond Wire File Th -Sq', 'Diamond Wire File Th -Sq', NULL, NULL, 1, 0, 0, 0, 0, '2009-09-20', '2009-09-20', '2009-09-20', '2009-09-20', '0', '0', '0', 0, NULL, NULL, NULL, NULL, 1, '2022-09-05 00:00:00.000000', '0000-00-00 00:00:00.000000', NULL, 0, NULL, NULL, NULL, 1, NULL, 1, 1, 1, 0, NULL, NULL, NULL, 17, 1, 1, 'Indegeneous Item', 0, 0.00, 0.00, 0.00, 'Tools', 'Tools', 0),
(15135, 'TWG010802', 'TWG010802', 'TWG010802', 'German Finish Wheel, Width 8\" X Thck 2\", Color Brown\n', 'German Finish Wheel, Width 8\" X Thck 2\", Color Brown\n', NULL, NULL, 1, 0, 0, 0, 0, '2020-09-22', '2020-09-22', '2020-09-22', '2020-09-22', '0', '0', 'This is old created Item coed hence no record  found', 0, NULL, NULL, NULL, NULL, 1, '2022-09-05 00:00:00.000000', '0000-00-00 00:00:00.000000', NULL, 0, NULL, NULL, NULL, 1, NULL, 1, 1, 1, 0, NULL, NULL, NULL, 17, 1, 1, 'Indegeneous Item', 0, 0.00, 0.00, 0.00, 'Tools', 'Tools', 0),
(15136, 'TWG01100416', 'TWG01100416', 'TWG01100416', 'Wheel, Grinding 100X4X16mm, Max. 72 M/S, RPM 13750, Make Gemini \n', 'Wheel, Grinding 100X4X16mm, Max. 72 M/S, RPM 13750, Make Gemini \n', NULL, NULL, 1, 0, 0, 0, 0, '2020-09-22', '2020-09-22', '2020-09-22', '2020-09-22', '0', '0', 'This is old created Item coed hence no record  found', 0, NULL, NULL, NULL, NULL, 1, '2022-09-05 00:00:00.000000', '0000-00-00 00:00:00.000000', NULL, 0, NULL, NULL, NULL, 1, NULL, 1, 1, 1, 0, NULL, NULL, NULL, 17, 1, 1, 'Indegeneous Item', 0, 0.00, 0.00, 0.00, 'Tools', 'Tools', 0),
(15137, 'TWG01103175', 'TWG01103175', 'TWG01103175', 'Wheel, Grinding 200 X 10 X 31.75 mm Grade - AA120K5VF8 Make- Carborandum, Color White ', 'Wheel, Grinding 200 X 10 X 31.75 mm Grade - AA120K5VF8 Make- Carborandum, Color White ', NULL, NULL, 1, 0, 0, 0, 0, '2020-09-22', '2020-09-22', '2020-09-22', '2020-09-22', '0', '0', 'This is old created Item coed hence no record  found', 0, NULL, NULL, NULL, NULL, 1, '2022-09-05 00:00:00.000000', '0000-00-00 00:00:00.000000', NULL, 0, NULL, NULL, NULL, 1, NULL, 1, 1, 1, 0, NULL, NULL, NULL, 17, 1, 1, 'Indegeneous Item', 0, 0.00, 0.00, 0.00, 'Tools', 'Tools', 0),
(15138, 'TWG0112013', 'TWG0112013', 'TWG0112013', 'Wheel, Grinding 120 X 13 X 31.75 mm Grade - AA120K5VF8 Make- Carborandum, Color White ', 'Wheel, Grinding 120 X 13 X 31.75 mm Grade - AA120K5VF8 Make- Carborandum, Color White ', NULL, NULL, 1, 0, 0, 0, 0, '2020-09-22', '2020-09-22', '2020-09-22', '2020-09-22', '0', '0', 'This is old created Item coed hence no record  found', 0, NULL, NULL, NULL, NULL, 1, '2022-09-05 00:00:00.000000', '0000-00-00 00:00:00.000000', NULL, 0, NULL, NULL, NULL, 1, NULL, 1, 1, 1, 0, NULL, NULL, NULL, 17, 1, 1, 'Indegeneous Item', 0, 0.00, 0.00, 0.00, 'Tools', 'Tools', 0),
(15139, 'TWG0115013', 'TWG0115013', 'TWG0115013', 'Wheel, Grinding 150 X 13 X 31.75 mm Grade - AA120K5VF8 Make- Carborandum, Color White ', 'Wheel, Grinding 150 X 13 X 31.75 mm Grade - AA120K5VF8 Make- Carborandum, Color White ', NULL, NULL, 1, 0, 0, 0, 0, '2020-09-22', '2020-09-22', '2020-09-22', '2020-09-22', '0', '0', 'This is old created Item coed hence no record  found', 0, NULL, NULL, NULL, NULL, 1, '2022-09-05 00:00:00.000000', '0000-00-00 00:00:00.000000', NULL, 0, NULL, NULL, NULL, 1, NULL, 1, 1, 1, 0, NULL, NULL, NULL, 17, 1, 1, 'Indegeneous Item', 0, 0.00, 0.00, 0.00, 'Tools', 'Tools', 0),
(15140, 'TWG0120013', 'TWG0120013', 'TWG0120013', 'Wheel, Grinding 200x13x31.75 - A60 K5V10', 'Wheel, Grinding 200x13x31.75 - A60 K5V10', NULL, NULL, 1, 0, 0, 0, 0, '2006-08-23', '2006-08-23', '2006-08-23', '2006-08-23', '0', '0', '0', 0, NULL, NULL, NULL, NULL, 1, '2022-09-05 00:00:00.000000', '0000-00-00 00:00:00.000000', NULL, 0, NULL, NULL, NULL, 1, NULL, 1, 1, 1, 0, NULL, NULL, NULL, 17, 1, 1, 'Indegeneous Item', 0, 0.00, 0.00, 0.00, 'Tools', 'Tools', 0),
(15141, 'TWG013175', 'TWG013175', 'TWG013175', 'Surface Grinding Wheel(white), size - 150 x 13 x 31.75, Grade - AA120K5VF8, Make - Carborundum', 'Surface Grinding Wheel(white), size - 150 x 13 x 31.75, Grade - AA120K5VF8, Make - Carborundum', NULL, NULL, 1, 0, 0, 0, 0, '2017-05-29', '2017-05-29', '2017-05-29', '2017-05-29', '0', '0', 'ADDED NEW PRODUCTS AS REQUESTED BY SBG 29-05-2017', 0, NULL, NULL, NULL, NULL, 1, '2022-09-05 00:00:00.000000', '0000-00-00 00:00:00.000000', NULL, 0, NULL, NULL, NULL, 1, NULL, 1, 1, 1, 0, NULL, NULL, NULL, 17, 1, 1, 'Indegeneous Item', 0, 0.00, 0.00, 0.00, 'Tools', 'Tools', 0),
(15142, 'TWG0139C60', 'TWG0139C60', 'TWG0139C60', 'Wheel, Grinding 200 X 13 X 31.75 - 39C60L5VK', 'Wheel, Grinding 200 X 13 X 31.75 - 39C60L5VK', NULL, NULL, 1, 0, 0, 0, 0, '2006-03-23', '2006-03-23', '2006-03-23', '2006-03-23', '0', '0', '0', 0, NULL, NULL, NULL, NULL, 1, '2022-09-05 00:00:00.000000', '0000-00-00 00:00:00.000000', NULL, 0, NULL, NULL, NULL, 1, NULL, 1, 1, 1, 0, NULL, NULL, NULL, 17, 1, 1, 'Indegeneous Item', 0, 0.00, 0.00, 0.00, 'Tools', 'Tools', 0),
(15143, 'TWG014654M', 'TWG014654M', 'TWG014654M', 'Wheel, Grinding 150 X 6 X 31.75 -Grit 46-54 Medium\n', 'Wheel, Grinding 150 X 6 X 31.75 -Grit 46-54 Medium\n', NULL, NULL, 1, 0, 0, 0, 0, '2020-09-22', '2020-09-22', '2020-09-22', '2020-09-22', '0', '0', 'This is old created Item coed hence no record  found', 0, NULL, NULL, NULL, NULL, 1, '2022-09-05 00:00:00.000000', '0000-00-00 00:00:00.000000', NULL, 0, NULL, NULL, NULL, 1, NULL, 1, 1, 1, 0, NULL, NULL, NULL, 17, 1, 1, 'Indegeneous Item', 0, 0.00, 0.00, 0.00, 'Tools', 'Tools', 0),
(15144, 'TWG01A6035', 'TWG01A6035', 'TWG01A6035', 'Wheel, Grinding 350 X 40 X 127 - A60L5V10\n', 'Wheel, Grinding 350 X 40 X 127 - A60L5V10\n', NULL, NULL, 1, 0, 0, 0, 0, '2008-09-18', '2008-09-18', '2008-09-18', '2008-09-18', '0', '0', '0', 0, NULL, NULL, NULL, NULL, 1, '2022-09-05 00:00:00.000000', '0000-00-00 00:00:00.000000', NULL, 0, NULL, NULL, NULL, 1, NULL, 1, 1, 1, 0, NULL, NULL, NULL, 17, 1, 1, 'Indegeneous Item', 0, 0.00, 0.00, 0.00, 'Tools', 'Tools', 0),
(15145, 'TWG01A60K', 'TWG01A60K', 'TWG01A60K', 'Wheel, Grinding 200 X 25 X 31.75 - A60K5V10', 'Wheel, Grinding 200 X 25 X 31.75 - A60K5V10', NULL, NULL, 1, 0, 0, 0, 0, '2020-09-22', '2020-09-22', '2020-09-22', '2020-09-22', '0', '0', 'This is old created Item coed hence no record  found', 0, NULL, NULL, NULL, NULL, 1, '2022-09-05 00:00:00.000000', '0000-00-00 00:00:00.000000', NULL, 0, NULL, NULL, NULL, 1, NULL, 1, 1, 1, 0, NULL, NULL, NULL, 17, 1, 1, 'Indegeneous Item', 0, 0.00, 0.00, 0.00, 'Tools', 'Tools', 0),
(15146, 'TWG01A60KS', 'TWG01A60KS', 'TWG01A60KS', 'Grinding Wheel White 150x20x31.75mm AA 60 KS U 8', 'Grinding Wheel White 150x20x31.75mm AA 60 KS U 8', NULL, NULL, 1, 0, 0, 0, 0, '2020-09-22', '2020-09-22', '2020-09-22', '2020-09-22', '0', '0', 'This is old created Item coed hence no record  found', 0, NULL, NULL, NULL, NULL, 1, '2022-09-05 00:00:00.000000', '0000-00-00 00:00:00.000000', NULL, 0, NULL, NULL, NULL, 1, NULL, 1, 1, 1, 0, NULL, NULL, NULL, 17, 1, 1, 'Indegeneous Item', 0, 0.00, 0.00, 0.00, 'Tools', 'Tools', 0),
(15147, 'TWG01AA120', 'TWG01AA120', 'TWG01AA120', 'Wheel, Grinding 200 X 20 X 50.8 mm - AA120K5VF8', 'Wheel, Grinding 200 X 20 X 50.8 mm - AA120K5VF8', NULL, NULL, 1, 0, 0, 0, 0, '2020-09-22', '2020-09-22', '2020-09-22', '2020-09-22', '0', '0', 'This is old created Item coed hence no record  found', 0, NULL, NULL, NULL, NULL, 1, '2022-09-05 00:00:00.000000', '0000-00-00 00:00:00.000000', NULL, 0, NULL, NULL, NULL, 1, NULL, 1, 1, 1, 0, NULL, NULL, NULL, 17, 1, 1, 'Indegeneous Item', 0, 0.00, 0.00, 0.00, 'Tools', 'Tools', 0),
(15148, 'TWG01AA46W', 'TWG01AA46W', 'TWG01AA46W', 'Wheel, Grinding 150 X 13 X 31.75 - AA46/54K5V8 WHITW\n', 'Wheel, Grinding 150 X 13 X 31.75 - AA46/54K5V8 WHITW\n', NULL, NULL, 1, 0, 0, 0, 0, '2020-09-22', '2020-09-22', '2020-09-22', '2020-09-22', '0', '0', 'This is old created Item coed hence no record  found', 0, NULL, NULL, NULL, NULL, 1, '2022-09-05 00:00:00.000000', '0000-00-00 00:00:00.000000', NULL, 0, NULL, NULL, NULL, 1, NULL, 1, 1, 1, 0, NULL, NULL, NULL, 17, 1, 1, 'Indegeneous Item', 0, 0.00, 0.00, 0.00, 'Tools', 'Tools', 0),
(15149, 'TWG01AA60W', 'TWG01AA60W', 'TWG01AA60W', 'Wheel, Grinding 150 X 13 X 31.75 - AA60/54K5V8 WHITW\n', 'Wheel, Grinding 150 X 13 X 31.75 - AA60/54K5V8 WHITW\n', NULL, NULL, 1, 0, 0, 0, 0, '2020-09-22', '2020-09-22', '2020-09-22', '2020-09-22', '0', '0', 'This is old created Item coed hence no record  found', 0, NULL, NULL, NULL, NULL, 1, '2022-09-05 00:00:00.000000', '0000-00-00 00:00:00.000000', NULL, 0, NULL, NULL, NULL, 1, NULL, 1, 1, 1, 0, NULL, NULL, NULL, 17, 1, 1, 'Indegeneous Item', 0, 0.00, 0.00, 0.00, 'Tools', 'Tools', 0),
(15150, 'TWG01BL60206', 'TWG01BL60206', 'TWG01BL60206', 'German Finish Wheel, Dia. 60mm X Wheel Length 20mm X Shank Dia. 6mm, Color Black\n', 'German Finish Wheel, Dia. 60mm X Wheel Length 20mm X Shank Dia. 6mm, Color Black\n', NULL, NULL, 1, 0, 0, 0, 0, '2020-09-22', '2020-09-22', '2020-09-22', '2020-09-22', '0', '0', 'This is old created Item coed hence no record  found', 0, NULL, NULL, NULL, NULL, 1, '2022-09-05 00:00:00.000000', '0000-00-00 00:00:00.000000', NULL, 0, NULL, NULL, NULL, 1, NULL, 1, 1, 1, 0, NULL, NULL, NULL, 17, 1, 1, 'Indegeneous Item', 0, 0.00, 0.00, 0.00, 'Tools', 'Tools', 0),
(15151, 'TWG01BR60206', 'TWG01BR60206', 'TWG01BR60206', 'German Finish Wheel, Dia. 60mm X Wheel Length 20mm X Shank Dia. 6mm, Color Brown\n', 'German Finish Wheel, Dia. 60mm X Wheel Length 20mm X Shank Dia. 6mm, Color Brown\n', NULL, NULL, 1, 0, 0, 0, 0, '2020-09-22', '2020-09-22', '2020-09-22', '2020-09-22', '0', '0', 'This is old created Item coed hence no record  found', 0, NULL, NULL, NULL, NULL, 1, '2022-09-05 00:00:00.000000', '0000-00-00 00:00:00.000000', NULL, 0, NULL, NULL, NULL, 1, NULL, 1, 1, 1, 0, NULL, NULL, NULL, 17, 1, 1, 'Indegeneous Item', 0, 0.00, 0.00, 0.00, 'Tools', 'Tools', 0),
(15152, 'TWG01CE190', 'TWG01CE190', 'TWG01CE190', 'Support Wheel for Centerless Grinding Machine, ID - 65mm, OD - 190mm, Thickness - 50mm ', 'Support Wheel for Centerless Grinding Machine, ID - 65mm, OD - 190mm, Thickness - 50mm ', NULL, NULL, 1, 0, 0, 0, 0, '2017-09-09', '2017-09-09', '2017-09-09', '2017-09-09', '0', '0', 'ADDED NEW PRODUCTS AS REQUESTED BY PST BY 09-09-2017', 0, NULL, NULL, NULL, NULL, 1, '2022-09-05 00:00:00.000000', '0000-00-00 00:00:00.000000', NULL, 0, NULL, NULL, NULL, 1, NULL, 1, 1, 1, 0, NULL, NULL, NULL, 17, 1, 1, 'Indegeneous Item', 0, 0.00, 0.00, 0.00, 'Tools', 'Tools', 0),
(15153, 'TWG01FCW08', 'TWG01FCW08', 'TWG01FCW08', 'Fiber Cut Off wheel, Make- Carborndum, Size- (150 X 0.8 X 31.75)mm', 'Fiber Cut Off wheel, Make- Carborndum, Size- (150 X 0.8 X 31.75)mm', NULL, NULL, 1, 0, 0, 0, 0, '2016-06-04', '2016-06-04', '2016-06-04', '2016-06-04', '0', '0', 'MODIFIED PRODUCT AS REQUESTED BY STORE  ON 04-06-2016', 1, NULL, NULL, NULL, NULL, 1, '2022-09-05 00:00:00.000000', '0000-00-00 00:00:00.000000', NULL, 0, NULL, NULL, NULL, 1, NULL, 1, 1, 1, 0, NULL, NULL, NULL, 17, 1, 1, 'Indegeneous Item', 0, 0.00, 0.00, 0.00, 'Tools', 'Tools', 0),
(15154, 'TWG01G120', 'TWG01G120', 'TWG01G120', 'Wheel, Grinding 150 X 6 X 31.75 - Grit-120\n', 'Wheel, Grinding 150 X 6 X 31.75 - Grit-120\n', NULL, NULL, 1, 0, 0, 0, 0, '2020-09-22', '2020-09-22', '2020-09-22', '2020-09-22', '0', '0', 'This is old created Item coed hence no record  found', 0, NULL, NULL, NULL, NULL, 1, '2022-09-05 00:00:00.000000', '0000-00-00 00:00:00.000000', NULL, 0, NULL, NULL, NULL, 1, NULL, 1, 1, 1, 0, NULL, NULL, NULL, 17, 1, 1, 'Indegeneous Item', 0, 0.00, 0.00, 0.00, 'Tools', 'Tools', 0),
(15155, 'TWG01IC463', 'TWG01IC463', 'TWG01IC463', 'Wheel, Grinding 250 X 50 X 76.20 - IC463J5V93', 'Wheel, Grinding 250 X 50 X 76.20 - IC463J5V93', NULL, NULL, 1, 0, 0, 0, 0, '2020-09-22', '2020-09-22', '2020-09-22', '2020-09-22', '0', '0', 'This is old created Item coed hence no record  found', 0, NULL, NULL, NULL, NULL, 1, '2022-09-05 00:00:00.000000', '0000-00-00 00:00:00.000000', NULL, 0, NULL, NULL, NULL, 1, NULL, 1, 1, 1, 0, NULL, NULL, NULL, 17, 1, 1, 'Indegeneous Item', 0, 0.00, 0.00, 0.00, 'Tools', 'Tools', 0),
(15156, 'TWG01K5VF8', 'TWG01K5VF8', 'TWG01K5VF8', 'Wheel, Grinding 200 X 13 X 31.75 mm Grade - AA120K5VF8 Make- Carborandum, Color White ', 'Wheel, Grinding 200 X 13 X 31.75 mm Grade - AA120K5VF8 Make- Carborandum, Color White ', NULL, NULL, 1, 0, 0, 0, 0, '2020-09-22', '2020-09-22', '2020-09-22', '2020-09-22', '0', '0', 'This is old created Item coed hence no record  found', 0, NULL, NULL, NULL, NULL, 1, '2022-09-05 00:00:00.000000', '0000-00-00 00:00:00.000000', NULL, 0, NULL, NULL, NULL, 1, NULL, 1, 1, 1, 0, NULL, NULL, NULL, 17, 1, 1, 'Indegeneous Item', 0, 0.00, 0.00, 0.00, 'Tools', 'Tools', 0),
(15157, 'TWG01MP101', 'TWG01MP101', 'TWG01MP101', 'Mounted Point Wheel, Code No. B-101\n', 'Mounted Point Wheel, Code No. B-101\n', NULL, NULL, 1, 0, 0, 0, 0, '2016-01-13', '2016-01-13', '2016-01-13', '2016-01-13', '0', '0', 'ADDED NEW PRODUCTS AS REQUESTED BY MUM ON 13-1-2015', 0, NULL, NULL, NULL, NULL, 1, '2022-09-05 00:00:00.000000', '0000-00-00 00:00:00.000000', NULL, 0, NULL, NULL, NULL, 1, NULL, 1, 1, 1, 0, NULL, NULL, NULL, 17, 1, 1, 'Indegeneous Item', 0, 0.00, 0.00, 0.00, 'Tools', 'Tools', 0),
(15158, 'TWG01PWB51', 'TWG01PWB51', 'TWG01PWB51', 'Pneumatic Wheel , Code A-51', 'Pneumatic Wheel , Code A-51', NULL, NULL, 1, 0, 0, 0, 0, '2017-02-17', '2017-02-17', '2017-02-17', '2017-02-17', '0', '0', 'ADDED NEW PRODUCTS AS REQUESTED BY SBG BY 28-02-2017', 0, NULL, NULL, NULL, NULL, 1, '2022-09-05 00:00:00.000000', '0000-00-00 00:00:00.000000', NULL, 0, NULL, NULL, NULL, 1, NULL, 1, 1, 1, 0, NULL, NULL, NULL, 17, 1, 1, 'Indegeneous Item', 0, 0.00, 0.00, 0.00, 'Tools', 'Tools', 0),
(15159, 'TWG01PWB83', 'TWG01PWB83', 'TWG01PWB83', 'Pneumatic Wheel , Code B-83', 'Pneumatic Wheel , Code B-83', NULL, NULL, 1, 0, 0, 0, 0, '2017-02-17', '2017-02-17', '2017-02-17', '2017-02-17', '0', '0', 'ADDED NEW PRODUCTS AS REQUESTED BY SBG BY 28-02-2017', 0, NULL, NULL, NULL, NULL, 1, '2022-09-05 00:00:00.000000', '0000-00-00 00:00:00.000000', NULL, 0, NULL, NULL, NULL, 1, NULL, 1, 1, 1, 0, NULL, NULL, NULL, 17, 1, 1, 'Indegeneous Item', 0, 0.00, 0.00, 0.00, 'Tools', 'Tools', 0),
(15160, 'TWG01V178', 'TWG01V178', 'TWG01V178', 'Wheel, Grinding 200 X 13 X 31.75 - V178 RPM 3100', 'Wheel, Grinding 200 X 13 X 31.75 - V178 RPM 3100', NULL, NULL, 1, 0, 0, 0, 0, '2020-09-22', '2020-09-22', '2020-09-22', '2020-09-22', '0', '0', 'This is old created Item coed hence no record  found', 0, NULL, NULL, NULL, NULL, 1, '2022-09-05 00:00:00.000000', '0000-00-00 00:00:00.000000', NULL, 0, NULL, NULL, NULL, 1, NULL, 1, 1, 1, 0, NULL, NULL, NULL, 17, 1, 1, 'Indegeneous Item', 0, 0.00, 0.00, 0.00, 'Tools', 'Tools', 0),
(15161, 'TWG01V195', 'TWG01V195', 'TWG01V195', 'Wheel, Grinding 200 X 25 X 31.75 - V195', 'Wheel, Grinding 200 X 25 X 31.75 - V195', NULL, NULL, 1, 0, 0, 0, 0, '2020-09-22', '2020-09-22', '2020-09-22', '2020-09-22', '0', '0', 'This is old created Item coed hence no record  found', 0, NULL, NULL, NULL, NULL, 1, '2022-09-05 00:00:00.000000', '0000-00-00 00:00:00.000000', NULL, 0, NULL, NULL, NULL, 1, NULL, 1, 1, 1, 0, NULL, NULL, NULL, 17, 1, 1, 'Indegeneous Item', 0, 0.00, 0.00, 0.00, 'Tools', 'Tools', 0),
(15162, 'TWG508200', 'TWG508200', 'TWG508200', 'Wheel, Grinding 200 X 25 X 50.8 - 3150 HUG, AA60 K5 V8, White', 'Wheel, Grinding 200 X 25 X 50.8 - 3150 HUG, AA60 K5 V8, White', NULL, NULL, 1, 0, 0, 0, 0, '2020-09-22', '2020-09-22', '2020-09-22', '2020-09-22', '0', '0', 'This is old created Item coed hence no record  found', 0, NULL, NULL, NULL, NULL, 1, '2022-09-05 00:00:00.000000', '0000-00-00 00:00:00.000000', NULL, 0, NULL, NULL, NULL, 1, NULL, 1, 1, 1, 0, NULL, NULL, NULL, 17, 1, 1, 'Indegeneous Item', 0, 0.00, 0.00, 0.00, 'Tools', 'Tools', 0),
(15163, 'TL00000315', 'TL00000315', 'TL00000315', 'Solid Carbide drill, Dia - 3.2mm, Flute length 14mm, Shank Dia - 6mm, Total length - 80mm, Coating - LATUMA, Make - UTS', 'Solid Carbide drill, Dia - 3.2mm, Flute length 14mm, Shank Dia - 6mm, Total length - 80mm, Coating - LATUMA,  Make - UTS', NULL, NULL, 1, 0, 0, 0, 0, '2020-10-03', '2020-10-03', '2020-10-03', '2020-10-03', '0', '0', 'ADDED NEW PRODUCTS AS REQUESTED BY KPS 03OCT2020', 0, NULL, NULL, NULL, NULL, 1, '2022-09-05 00:00:00.000000', '0000-00-00 00:00:00.000000', NULL, 0, NULL, NULL, NULL, 1, NULL, 1, 1, 1, 0, NULL, NULL, NULL, 17, 1, 1, 'Indegeneous Item', 0, 0.00, 0.00, 0.00, 'Tools', 'Tools', 0),
(15164, 'TL00000316', 'TL00000316', 'TL00000316', 'Endmill Solid Carbide, Sharp, Dia 10.0mm X FL 25.0mm X OAL 74.0mm, Supplier code- EPSM4100-PN, Make- Hitachi', 'Endmill Solid Carbide, Sharp, Dia 10.0mm X FL 25.0mm X OAL 74.0mm, Supplier code- EPSM4100-PN, Make- Hitachi', NULL, NULL, 1, 0, 0, 0, 0, '2021-02-05', '2021-02-05', '2021-02-05', '2021-02-05', '0', '0', 'ADDED NEW PRODUCTS AS REQUESTED BY AV 05FEB2021', 0, NULL, NULL, NULL, NULL, 1, '2022-09-05 00:00:00.000000', '0000-00-00 00:00:00.000000', NULL, 0, NULL, NULL, NULL, 1, NULL, 1, 1, 1, 0, '8207', NULL, NULL, 17, 1, 1, 'Indegeneous Item', 0, 0.00, 0.00, 0.00, 'Tools', 'Tools', 0),
(15165, 'TL00000317', 'TL00000317', 'TL00000317', 'Endmill Solid Carbide, Ruff, Dia 10.0mm X FL 25.0mm X OAL 74.0mm, Supplier code- EPSM4100-R1.0-PN, Make- Hitachi', 'Endmill Solid Carbide, Ruff, Dia 10.0mm X FL 25.0mm X OAL 74.0mm, Supplier code- EPSM4100-R1.0-PN, Make- Hitachi', NULL, NULL, 1, 0, 0, 0, 0, '2021-02-05', '2021-02-05', '2021-02-05', '2021-02-05', '0', '0', 'ADDED NEW PRODUCTS AS REQUESTED BY AV 05FEB2021', 0, NULL, NULL, NULL, NULL, 1, '2022-09-05 00:00:00.000000', '0000-00-00 00:00:00.000000', NULL, 0, NULL, NULL, NULL, 1, NULL, 1, 1, 1, 0, '82077090', NULL, NULL, 17, 1, 1, 'Indegeneous Item', 0, 0.00, 0.00, 0.00, 'Tools', 'Tools', 0),
(15166, 'TL00000318', 'TL00000318', 'TL00000318', 'Endmill Carbide, Dimensions : Dia- 12.0mm, Flute Length- 30mm, Total Length- 86.0mm, Specification- EPSM4120-PN, Make- Hitachi', 'Endmill Carbide, Dimensions : Dia- 12.0mm, Flute Length- 30mm, Total Length- 86.0mm, Specification- EPSM4120-PN, Make- Hitachi', NULL, NULL, 1, 0, 0, 0, 0, '2021-03-12', '2021-03-12', '2021-03-12', '2021-03-12', '0', '0', 'ADDED NEW PRODUCTS AS REQUESTED BY AV ON 12-03-2021', 0, NULL, NULL, NULL, NULL, 1, '2022-09-05 00:00:00.000000', '0000-00-00 00:00:00.000000', NULL, 0, NULL, NULL, NULL, 1, NULL, 1, 1, 1, 0, NULL, NULL, NULL, 17, 1, 1, 'Indegeneous Item', 0, 0.00, 0.00, 0.00, 'Tools', 'Tools', 0),
(15167, 'TL00000319', 'TL00000319', 'TL00000319', 'Special T slot Solid Carbide Cutter Z- 4 Straight flute, Dia 25.0mm X FL 15.0mm X OAL 60.0mm X Shank Dia-16mm, TICINOSE coating, Make- UTS', 'Special T slot Solid Carbide Cutter Z- 4 Straight flute, Dia 25.0mm X FL 15.0mm X OAL 60.0mm X Shank Dia-16mm, TICINOSE coating, Make- UTS', NULL, NULL, 1, 0, 0, 0, 0, '2021-03-17', '2021-03-17', '2021-03-17', '2021-03-17', '0', '0', 'ADDED NEW PRODUCTS AS REQUESTED BY VVS ON 17MAR2021', 0, NULL, NULL, NULL, NULL, 1, '2022-09-05 00:00:00.000000', '0000-00-00 00:00:00.000000', NULL, 0, NULL, NULL, NULL, 1, NULL, 1, 1, 1, 0, NULL, NULL, NULL, 17, 1, 1, 'Indegeneous Item', 0, 0.00, 0.00, 0.00, 'Tools', 'Tools', 0),
(15168, 'TL00000320', 'TL00000320', 'TL00000320', 'Ball nose Cutter Dia. 3 mm X FL7 X OAL50 XSH 6 -  2 flute Make:UNIQUE TOOLING SOLUTIONS PVT. LTD.', 'Ball nose Cutter Dia. 3 mm X FL7 X OAL50 XSH 6 -  2 flute Make:UNIQUE TOOLING SOLUTIONS PVT. LTD.', NULL, NULL, 1, 0, 0, 0, 0, '2021-10-03', '2021-10-03', '2021-10-03', '2021-10-03', '0', '0', 'ADDED NEW PRODUCTS AS REQUESTED BY VVS ON 03OCT2021', 1, NULL, NULL, NULL, NULL, 1, '2022-09-05 00:00:00.000000', '0000-00-00 00:00:00.000000', NULL, 0, NULL, NULL, NULL, 1, NULL, 1, 1, 1, 0, NULL, NULL, NULL, 17, 1, 1, 'Indegeneous Item', 0, 0.00, 0.00, 0.00, 'Tools', 'Tools', 0),
(15169, 'TL00000321', 'TL00000321', 'TL00000321', 'Broach, T15 Torx', 'Broach, T15 Torx', NULL, NULL, 1, 0, 0, 0, 0, '2022-02-09', '2022-02-09', '2022-02-09', '2022-02-09', '0', '0', 'ADDED NEW PRODUCTS AS REQUESTED BY AV ON 09FEB2022', 1, NULL, NULL, NULL, NULL, 1, '2022-09-05 00:00:00.000000', '0000-00-00 00:00:00.000000', NULL, 0, NULL, NULL, NULL, 1, NULL, 1, 1, 1, 0, '73181500', NULL, NULL, 17, 1, 1, 'Indegeneous Item', 0, 0.00, 0.00, 0.00, 'Tools', 'Tools', 0),
(15170, 'TL00000322', 'TL00000322', 'TL00000322', 'Broach, T25 Torx', 'Broach, T25 Torx', NULL, NULL, 1, 0, 0, 0, 0, '2022-02-09', '2022-02-09', '2022-02-09', '2022-02-09', '0', '0', 'ADDED NEW PRODUCTS AS REQUESTED BY AV ON 09FEB2022', 1, NULL, NULL, NULL, NULL, 1, '2022-09-05 00:00:00.000000', '0000-00-00 00:00:00.000000', NULL, 0, NULL, NULL, NULL, 1, NULL, 1, 1, 1, 0, '73181500', NULL, NULL, 17, 1, 1, 'Indegeneous Item', 0, 0.00, 0.00, 0.00, 'Tools', 'Tools', 0),
(15171, 'TL00000323', 'TL00000323', 'TL00000323', 'Cloth Buff, Size - Thck. 1.50\" X Dia. 10.0” - Loose Stitching, Cloth White', 'Cloth Buff, Size - Thck. 1.50\" X Dia. 10.0” - Loose Stitching, Cloth White', NULL, NULL, 1, 0, 0, 0, 0, '2022-02-10', '2022-02-10', '2022-02-10', '2022-02-10', '0', '0', 'ADDED NEW PRODUCTS AS REQUESTED BY AV ON 09FEB2022', 1, NULL, NULL, NULL, NULL, 1, '2022-09-05 00:00:00.000000', '0000-00-00 00:00:00.000000', NULL, 0, NULL, NULL, NULL, 1, NULL, 1, 1, 1, 0, NULL, NULL, NULL, 17, 1, 1, 'Indegeneous Item', 0, 0.00, 0.00, 0.00, 'Tools', 'Tools', 0),
(15172, 'TL00000324', 'TL00000324', 'TL00000324', 'Gun drill,  Diameter - 5.36mm, length - 1000mm, Carbide grade: S20 – XT Coated, Make - Botek', 'Gun drill,  Diameter - 5.36mm, length - 1000mm, Carbide grade: S20 – XT Coated, Make - Botek', NULL, NULL, 1, 0, 0, 0, 0, '2022-02-10', '2022-02-10', '2022-02-10', '2022-02-10', '0', '0', 'ADDED NEW PRODUCTS AS REQUESTED BY AV ON 09FEB2022', 1, NULL, NULL, NULL, NULL, 1, '2022-09-05 00:00:00.000000', '0000-00-00 00:00:00.000000', NULL, 0, NULL, NULL, NULL, 1, NULL, 1, 1, 1, 0, NULL, NULL, NULL, 17, 1, 1, 'Indegeneous Item', 0, 0.00, 0.00, 0.00, 'Tools', 'Tools', 0),
(15173, 'TL00000325', 'TL00000325', 'TL00000325', 'Surface Grinding Wheel, Size - 100 X 13 X 31.75mm, Color White, Grade - AA220J5VF8 (Fine), Make - Carborundum', 'Surface Grinding Wheel, Size - 100 X 13 X 31.75mm, Color White, Grade - AA220J5VF8 (Fine), Make - Carborundum', NULL, NULL, 1, 0, 0, 0, 0, '2022-03-19', '2022-03-19', '2022-03-19', '2022-03-19', '0', '0', 'ADDED NEW PRODUCTS AS REQUESTED AV ON 19MAR2022', 1, NULL, NULL, NULL, NULL, 1, '2022-09-05 00:00:00.000000', '0000-00-00 00:00:00.000000', NULL, 0, NULL, NULL, NULL, 1, NULL, 1, 1, 1, 0, NULL, NULL, NULL, 17, 1, 1, 'Indegeneous Item', 0, 0.00, 0.00, 0.00, 'Tools', 'Tools', 0),
(15174, 'TL00000326', 'TL00000326', 'TL00000326', 'Insert AEMW19 - Lag Screw, Special Threading Profile No. 01, Make - UTS', 'Insert AEMW19 - Lag Screw, Special Threading Profile No. 01, Make - UTS', NULL, NULL, 1, 0, 0, 0, 0, '2022-03-19', '2022-03-19', '2022-03-19', '2022-03-19', '0', '0', 'ADDED NEW PRODUCTS AS REQUESTED AV ON 19MAR2022', 1, NULL, NULL, NULL, NULL, 1, '2022-09-05 00:00:00.000000', '0000-00-00 00:00:00.000000', NULL, 0, NULL, NULL, NULL, 1, NULL, 1, 1, 1, 0, '8207', NULL, NULL, 17, 1, 1, 'Indegeneous Item', 0, 0.00, 0.00, 0.00, 'Tools', 'Tools', 0),
(15175, 'TL00000327', 'TL00000327', 'TL00000327', 'Insert AEMW19 - Lag Screw, Special Threading Profile No. 02, Make - UTS', 'Insert AEMW19 - Lag Screw, Special Threading Profile No. 02, Make - UTS', NULL, NULL, 1, 0, 0, 0, 0, '2022-03-19', '2022-03-19', '2022-03-19', '2022-03-19', '0', '0', 'ADDED NEW PRODUCTS AS REQUESTED AV ON 19MAR2022', 1, NULL, NULL, NULL, NULL, 1, '2022-09-05 00:00:00.000000', '0000-00-00 00:00:00.000000', NULL, 0, NULL, NULL, NULL, 1, NULL, 1, 1, 1, 0, '8207', NULL, NULL, 17, 1, 1, 'Indegeneous Item', 0, 0.00, 0.00, 0.00, 'Tools', 'Tools', 0),
(15176, 'TL00000328', 'TL00000328', 'TL00000328', 'Holder, HFN Lag Screw Special threading for Profile No. 01-20 X 20 AEMW Insert, Make - UTS', 'Holder, HFN Lag Screw Special threading for Profile No. 01-20 X 20 AEMW Insert, Make - UTS', NULL, NULL, 1, 0, 0, 0, 0, '2022-03-19', '2022-03-19', '2022-03-19', '2022-03-19', '0', '0', 'ADDED NEW PRODUCTS AS REQUESTED AV ON 19MAR2022', 1, NULL, NULL, NULL, NULL, 1, '2022-09-05 00:00:00.000000', '0000-00-00 00:00:00.000000', NULL, 0, NULL, NULL, NULL, 1, NULL, 1, 1, 1, 0, NULL, NULL, NULL, 17, 1, 1, 'Indegeneous Item', 0, 0.00, 0.00, 0.00, 'Tools', 'Tools', 0),
(15177, 'TL00000329', 'TL00000329', 'TL00000329', 'Holder, HFN Lag Screw Special threading for Profile No. 02-20 X 20 AEMW Insert, Make - UTS', 'Holder, HFN Lag Screw Special threading for Profile No. 02-20 X 20 AEMW Insert, Make - UTS', NULL, NULL, 1, 0, 0, 0, 0, '2022-03-19', '2022-03-19', '2022-03-19', '2022-03-19', '0', '0', 'ADDED NEW PRODUCTS AS REQUESTED AV ON 19MAR2022', 1, NULL, NULL, NULL, NULL, 1, '2022-09-05 00:00:00.000000', '0000-00-00 00:00:00.000000', NULL, 0, NULL, NULL, NULL, 1, NULL, 1, 1, 1, 0, '7318', NULL, NULL, 17, 1, 1, 'Indegeneous Item', 0, 0.00, 0.00, 0.00, 'Tools', 'Tools', 0),
(15178, 'TL00000330', 'TL00000330', 'TL00000330', 'Belt, Grit 60, Size 50 X 2000mm (2\" X78-3/4\"), Make - 3M', 'Belt, Grit 60, Size 50 X 2000mm (2\" X78-3/4\"), Make - 3M', NULL, NULL, 1, 0, 0, 0, 0, '2022-04-19', '2022-04-19', '2022-04-19', '2022-04-19', '0', '0', 'ADDED NEW PRODUCTS AS REQUESTED AV ON 19MAR2022', 1, NULL, NULL, NULL, NULL, 1, '2022-09-05 00:00:00.000000', '0000-00-00 00:00:00.000000', NULL, 0, NULL, NULL, NULL, 1, NULL, 1, 1, 1, 0, '68051010', NULL, NULL, 17, 1, 1, 'Indegeneous Item', 0, 0.00, 0.00, 0.00, 'Tools', 'Tools', 0),
(15179, 'TL00000331', 'TL00000331', 'TL00000331', 'Thread Milling Cutter, Size M5 X 0.8, D3T06040L154-I0.8ISOTM VTH, Make Vardex', 'Thread Milling Cutter, Size M5 X 0.8, D3T06040L154-I0.8ISOTM VTH, Make Vardex', NULL, NULL, 1, 0, 0, 0, 0, '2022-04-26', '2022-04-26', '2022-04-26', '2022-04-26', '0', '0', 'ADDED NEW PRODUCTS AS REQUESTED PST ON 26APR2022', 1, NULL, NULL, NULL, NULL, 1, '2022-09-05 00:00:00.000000', '0000-00-00 00:00:00.000000', NULL, 0, NULL, NULL, NULL, 1, NULL, 1, 1, 1, 0, NULL, NULL, NULL, 17, 1, 1, 'Indegeneous Item', 0, 0.00, 0.00, 0.00, 'Tools', 'Tools', 0),
(15180, 'TL00000332', 'TL00000332', 'TL00000332', 'Belt, 984F Grit 120, Size 50 X 2000mm (2\" X78-3/4\"), Make - 3M', 'Belt, 984F Grit 120, Size 50 X 2000mm (2\" X78-3/4\"), Make - 3M', NULL, NULL, 1, 0, 0, 0, 0, '2022-05-08', '2022-05-08', '2022-05-08', '2022-05-08', '0', '0', 'ADDED NEW PRODUCTS AS REQUESTED MUM ON 19MAR2022', 1, NULL, NULL, NULL, NULL, 1, '2022-09-05 00:00:00.000000', '0000-00-00 00:00:00.000000', NULL, 0, NULL, NULL, NULL, 1, NULL, 1, 1, 1, 0, '68051010', NULL, NULL, 17, 1, 1, 'Indegeneous Item', 0, 0.00, 0.00, 0.00, 'Tools', 'Tools', 0),
(15181, 'TL00000333', 'TL00000333', 'TL00000333', 'Wheel 6 \"X 1\"X1\"  EXL 8AMED, Make - 3M', 'Wheel 6 \"X 1\"X1\"  EXL 8AMED, Make - 3M', NULL, NULL, 1, 0, 0, 0, 0, '2022-05-08', '2022-05-08', '2022-05-08', '2022-05-08', '0', '0', 'ADDED NEW PRODUCTS AS REQUESTED MUM ON 19MAR2022', 1, NULL, NULL, NULL, NULL, 1, '2022-09-05 00:00:00.000000', '0000-00-00 00:00:00.000000', NULL, 0, NULL, NULL, NULL, 1, NULL, 1, 1, 1, 0, '68051010', NULL, NULL, 17, 1, 1, 'Indegeneous Item', 0, 0.00, 0.00, 0.00, 'Tools', 'Tools', 0),
(15182, 'TL00000334', 'TL00000334', 'TL00000334', 'Wheel 6 \"X 1\"X1/2\"  EXL 8AMED, Make - 3M', 'Wheel 6 \"X 1\"X1/2\"  EXL 8AMED, Make - 3M', NULL, NULL, 1, 0, 0, 0, 0, '2022-05-08', '2022-05-08', '2022-05-08', '2022-05-08', '0', '0', 'ADDED NEW PRODUCTS AS REQUESTED MUM ON 19MAR2022', 1, NULL, NULL, NULL, NULL, 1, '2022-09-05 00:00:00.000000', '0000-00-00 00:00:00.000000', NULL, 0, NULL, NULL, NULL, 1, NULL, 1, 1, 1, 0, '68051010', NULL, NULL, 17, 1, 1, 'Indegeneous Item', 0, 0.00, 0.00, 0.00, 'Tools', 'Tools', 0),
(15183, 'TL00000335', 'TL00000335', 'TL00000335', 'Wheel 3\"X 1/4\"X 1/4\" 2AMED, Make - 3M', 'Wheel 3\"X 1/4\"X 1/4\" 2AMED, Make - 3M', NULL, NULL, 1, 0, 0, 0, 0, '2022-05-08', '2022-05-08', '2022-05-08', '2022-05-08', '0', '0', 'ADDED NEW PRODUCTS AS REQUESTED MUM ON 19MAR2022', 1, NULL, NULL, NULL, NULL, 1, '2022-09-05 00:00:00.000000', '0000-00-00 00:00:00.000000', NULL, 0, NULL, NULL, NULL, 1, NULL, 1, 1, 1, 0, '68051010', NULL, NULL, 17, 1, 1, 'Indegeneous Item', 0, 0.00, 0.00, 0.00, 'Tools', 'Tools', 0),
(15184, 'TL00000336', 'TL00000336', 'TL00000336', 'Wheel 3\"X 1/4\"X 1/4\" 6 C, Make - 3M', 'Wheel 3\"X 1/4\"X 1/4\" 6 C, Make - 3M', NULL, NULL, 1, 0, 0, 0, 0, '2022-05-08', '2022-05-08', '2022-05-08', '2022-05-08', '0', '0', 'ADDED NEW PRODUCTS AS REQUESTED MUM ON 19MAR2022', 1, NULL, NULL, NULL, NULL, 1, '2022-09-05 00:00:00.000000', '0000-00-00 00:00:00.000000', NULL, 0, NULL, NULL, NULL, 1, NULL, 1, 1, 1, 0, '68051010', NULL, NULL, 17, 1, 1, 'Indegeneous Item', 0, 0.00, 0.00, 0.00, 'Tools', 'Tools', 0),
(15185, 'TL00000337', 'TL00000337', 'TL00000337', 'Belt Triazact 50 X 2000 MM A100, Make - 3M', 'Belt Triazact 50 X 2000 MM A100, Make - 3M', NULL, NULL, 1, 0, 0, 0, 0, '2022-05-08', '2022-05-08', '2022-05-08', '2022-05-08', '0', '0', 'ADDED NEW PRODUCTS AS REQUESTED MUM ON 19MAR2022', 1, NULL, NULL, NULL, NULL, 1, '2022-09-05 00:00:00.000000', '0000-00-00 00:00:00.000000', NULL, 0, NULL, NULL, NULL, 1, NULL, 1, 1, 1, 0, '68051010', NULL, NULL, 17, 1, 1, 'Indegeneous Item', 0, 0.00, 0.00, 0.00, 'Tools', 'Tools', 0),
(15186, 'TL00000338', 'TL00000338', 'TL00000338', 'Belt Triazact 50 X 2000 MM A16, Make - 3M', 'Belt Triazact 50 X 2000 MM A16, Make - 3M', NULL, NULL, 1, 0, 0, 0, 0, '2022-05-08', '2022-05-08', '2022-05-08', '2022-05-08', '0', '0', 'ADDED NEW PRODUCTS AS REQUESTED MUM ON 19MAR2022', 1, NULL, NULL, NULL, NULL, 1, '2022-09-05 00:00:00.000000', '0000-00-00 00:00:00.000000', NULL, 0, NULL, NULL, NULL, 1, NULL, 1, 1, 1, 0, '68051010', NULL, NULL, 17, 1, 1, 'Indegeneous Item', 0, 0.00, 0.00, 0.00, 'Tools', 'Tools', 0),
(15187, 'TL00000339', 'TL00000339', 'TL00000339', 'Center Drill, Size 0.80-0.90 HSS, code No. 111000,0.8, Make Hoffmann', 'Center Drill, Size 0.80-0.90 HSS, code No. 111000,0.8, Make Hoffmann', NULL, NULL, 1, 0, 0, 0, 0, '2022-06-10', '2022-06-10', '2022-06-10', '2022-06-10', '0', '0', 'ADDED NEW PRODUCTS AS REQUESTED PST ON 10JUN2022', 1, NULL, NULL, NULL, NULL, 1, '2022-09-05 00:00:00.000000', '0000-00-00 00:00:00.000000', NULL, 0, NULL, NULL, NULL, 1, NULL, 1, 1, 1, 0, NULL, NULL, NULL, 17, 1, 1, 'Indegeneous Item', 0, 0.00, 0.00, 0.00, 'Tools', 'Tools', 0),
(15188, 'TL00000340', 'TL00000340', 'TL00000340', 'Long Nose Sub Spindle Collet with Smooth Bore & Rubber Seal Dia.04.50 mm  supplier code  LN-SF30/101-20 Make - Tecnicrafts', 'Long Nose Sub Spindle Collet with Smooth Bore & Rubber Seal Dia.04.50 mm  supplier code  LN-SF30/101-20 Make - Tecnicrafts', NULL, NULL, 1, 0, 0, 0, 0, '2022-06-10', '2022-06-10', '2022-06-10', '2022-06-10', '0', '0', 'ADDED NEW PRODUCTS AS REQUESTED AV ON 10JUN2022', 1, NULL, NULL, NULL, NULL, 1, '2022-09-05 00:00:00.000000', '0000-00-00 00:00:00.000000', NULL, 0, NULL, NULL, NULL, 1, NULL, 1, 1, 1, 0, NULL, NULL, NULL, 17, 1, 1, 'Indegeneous Item', 0, 0.00, 0.00, 0.00, 'Tools', 'Tools', 0);
INSERT INTO `inventory_rawmaterial` (`id`, `item_code`, `item_name`, `item_short_name`, `discription`, `short_description`, `receipt_to_stock_keeping_fact`, `stop_keeping_to_issue`, `quantity`, `reorder_level`, `min_stock`, `max_stock`, `over_stock`, `min_stock_set_date`, `max_stock_set_date`, `reorder_set_date`, `overstock_set_date`, `ad_sp1`, `ad_sp2`, `revision_record`, `expiry_control`, `method_of_expiry`, `checked_at`, `approved_at`, `remarks`, `is_active`, `created`, `updated`, `approver_id`, `brand_id`, `category_id`, `checker_id`, `created_by_id`, `issue_unit_id`, `item_classification_id`, `item_type_id`, `receipt_unit_id`, `stock_keeping_unit_id`, `is_direct_matieral`, `hsn_code`, `availble_quantity`, `opening_quantity`, `item_type_id_2`, `conv_fact_in_ru`, `conv_fact_in_iu`, `item_origin`, `stock_type`, `company_purchase_rate`, `purchase_rate`, `sales_rate`, `path`, `hierarchy_path`, `unit_weight_kgs`) VALUES
(15189, 'TL00000341', 'TL00000341', 'TL00000341', 'T slot cutter insert , supplier code- 327R06-10 07000-GM 1025  Make- Sandvik ', 'T slot cutter insert , supplier code- 327R06-10 07000-GM 1025  Make- Sandvik ', NULL, NULL, 1, 0, 0, 0, 0, '2022-06-10', '2022-06-10', '2022-06-10', '2022-06-10', '0', '0', 'ADDED NEW PRODUCTS AS REQUESTED AV ON 10JUN2022', 1, NULL, NULL, NULL, NULL, 1, '2022-09-05 00:00:00.000000', '0000-00-00 00:00:00.000000', NULL, 0, NULL, NULL, NULL, 1, NULL, 1, 1, 1, 0, '82077010', NULL, NULL, 17, 1, 1, 'Indegeneous Item', 0, 0.00, 0.00, 0.00, 'Tools', 'Tools', 0),
(15190, 'TL00000342', 'TL00000342', 'TL00000342', 'Shaper Tool, Solid Carbide, Size - Dia 3.2 X OAL 65 X SH Dia. 5 X FL 8.0mm, Code No. SCNTC Profile Tool, Make - V. P.', 'Shaper Tool, Solid Carbide, Size - Dia 3.2 X OAL 65 X SH Dia. 5 X FL 8.0mm, Code No. SCNTC Profile Tool, Make - V. P.', NULL, NULL, 1, 0, 0, 0, 0, '2022-07-05', '2022-07-05', '2022-07-05', '2022-07-05', '0', '0', 'ADDED NEW PRODUCTS AS REQUESTED AV ON 05-JUL-22', 1, NULL, NULL, NULL, NULL, 1, '2022-09-05 00:00:00.000000', '0000-00-00 00:00:00.000000', NULL, 0, NULL, NULL, NULL, 1, NULL, 1, 1, 1, 0, '82075000', NULL, NULL, 17, 1, 1, 'Indegeneous Item', 0, 0.00, 0.00, 0.00, 'Tools', 'Tools', 0),
(15191, 'TL00000343', 'TL00000343', 'TL00000343', 'Drill, Solid Carbide, Size - Dia. 5.05 X FL 20 X OAL 65 X SH Dia. 6 (h6), Code No. SCTC Profile Tool, Make - V. P.', 'Drill, Solid Carbide, Size - Dia. 5.05 X FL 20 X OAL 65 X SH Dia. 6 (h6), Code No. SCTC Profile Tool, Make - V. P.', NULL, NULL, 1, 0, 0, 0, 0, '2022-07-05', '2022-07-05', '2022-07-05', '2022-07-05', '0', '0', 'ADDED NEW PRODUCTS AS REQUESTED AV ON 05-JUL-22', 1, NULL, NULL, NULL, NULL, 1, '2022-09-05 00:00:00.000000', '0000-00-00 00:00:00.000000', NULL, 0, NULL, NULL, NULL, 1, NULL, 1, 1, 1, 0, '82075000', NULL, NULL, 17, 1, 1, 'Indegeneous Item', 0, 0.00, 0.00, 0.00, 'Tools', 'Tools', 0),
(15192, 'TL00000344', 'TL00000344', 'TL00000344', 'NTC Brazed Tool, Size - Dia. 55 X W2 X OAL 85 X SH Dia. 16 (h6) X Neck Dia. 10mm X Neck Length 30mm, Make - V. P.', 'NTC Brazed Tool, Size - Dia. 55 X W2 X OAL 85 X SH Dia. 16 (h6) X Neck Dia. 10mm X Neck Length 30mm, Make - V. P.', NULL, NULL, 1, 0, 0, 0, 0, '2022-07-05', '2022-07-05', '2022-07-05', '2022-07-05', '0', '0', 'ADDED NEW PRODUCTS AS REQUESTED AV ON 05-JUL-22', 1, NULL, NULL, NULL, NULL, 1, '2022-09-05 00:00:00.000000', '0000-00-00 00:00:00.000000', NULL, 0, NULL, NULL, NULL, 1, NULL, 1, 1, 1, 0, '82079030', NULL, NULL, 17, 1, 1, 'Indegeneous Item', 0, 0.00, 0.00, 0.00, 'Tools', 'Tools', 0),
(15193, 'TL00000345', 'TL00000345', 'TL00000345', 'Solid Carbide Cutter, Dia.3mm X TL 70mm , Flutes - 3 X 12mm, Shank dia. 6 mm, R0.3, Make-V.P.', 'Solid Carbide Cutter, Dia.3mm X TL 70mm , Flutes - 3 X 12mm, Shank dia. 6 mm, R0.3, Make-V.P.', NULL, NULL, 1, 0, 0, 0, 0, '2022-07-22', '2022-07-22', '2022-07-22', '2022-07-22', '0', '0', 'ADDED NEW PRODUCTS AS REQUESTED AV ON 22-JUL-22', 1, NULL, NULL, NULL, NULL, 1, '2022-09-05 00:00:00.000000', '0000-00-00 00:00:00.000000', NULL, 0, NULL, NULL, NULL, 1, NULL, 1, 1, 1, 0, '8207', NULL, NULL, 17, 1, 1, 'Indegeneous Item', 0, 0.00, 0.00, 0.00, 'Tools', 'Tools', 0),
(15194, 'TL00000346', 'TL00000346', 'TL00000346', 'Solid Carbide Drill, Dia.14.8mm X TL 105 mm, Flutes 3 X 60mm, Shank dia. 16mm, Make-V.P.', 'Solid Carbide Drill, Dia.14.8mm X TL 105 mm, Flutes 3 X 60mm, Shank dia. 16mm, Make-V.P.', NULL, NULL, 1, 0, 0, 0, 0, '2022-07-22', '2022-07-22', '2022-07-22', '2022-07-22', '0', '0', 'ADDED NEW PRODUCTS AS REQUESTED AV ON 22-JUL-22', 1, NULL, NULL, NULL, NULL, 1, '2022-09-05 00:00:00.000000', '0000-00-00 00:00:00.000000', NULL, 0, NULL, NULL, NULL, 1, NULL, 1, 1, 1, 0, '82075000', NULL, NULL, 17, 1, 1, 'Indegeneous Item', 0, 0.00, 0.00, 0.00, 'Tools', 'Tools', 0),
(15195, 'TL00000347', 'TL00000347', 'TL00000347', 'Solid Carbide Reamer, Dia.15.0mm X TL 100 mm, Flute 6 X 25mm, Shank dia. 16mm, Make-V.P.', 'Solid Carbide Reamer, Dia.15.0mm X TL 100 mm, Flute 6 X 25mm, Shank dia. 16mm, Make-V.P.', NULL, NULL, 1, 0, 0, 0, 0, '2022-07-22', '2022-07-22', '2022-07-22', '2022-07-22', '0', '0', 'ADDED NEW PRODUCTS AS REQUESTED AV ON 22-JUL-22', 1, NULL, NULL, NULL, NULL, 1, '2022-09-05 00:00:00.000000', '0000-00-00 00:00:00.000000', NULL, 0, NULL, NULL, NULL, 1, NULL, 1, 1, 1, 0, '8207', NULL, NULL, 17, 1, 1, 'Indegeneous Item', 0, 0.00, 0.00, 0.00, 'Tools', 'Tools', 0),
(15196, 'TL00000348', 'TL00000348', 'TL00000348', 'Solid Carbide Cutter, Dia.5.4mm X TL 70 mm, Flute 4 X 25mm, Shank dia. 6mm, R0.3, Make-V.P.', 'Solid Carbide Cutter, Dia.5.4mm X TL 70 mm, Flute 4 X 25mm, Shank dia. 6mm, R0.3, Make-V.P.', NULL, NULL, 1, 0, 0, 0, 0, '2022-07-22', '2022-07-22', '2022-07-22', '2022-07-22', '0', '0', 'ADDED NEW PRODUCTS AS REQUESTED AV ON 22-JUL-22', 1, NULL, NULL, NULL, NULL, 1, '2022-09-05 00:00:00.000000', '0000-00-00 00:00:00.000000', NULL, 0, NULL, NULL, NULL, 1, NULL, 1, 1, 1, 0, '8207', NULL, NULL, 17, 1, 1, 'Indegeneous Item', 0, 0.00, 0.00, 0.00, 'Tools', 'Tools', 0),
(15197, 'TL00000349', 'TL00000349', 'TL00000349', 'Wheel, Flappica 6 X 1/2\", Grit 600', 'Wheel, Flappica 6 X 1/2\", Grit 600', NULL, NULL, 1, 0, 0, 0, 0, '2022-07-22', '2022-07-22', '2022-07-22', '2022-07-22', '0', '0', 'ADDED NEW PRODUCTS AS REQUESTED AV ON 22-JUL-22', 1, NULL, NULL, NULL, NULL, 1, '2022-09-05 00:00:00.000000', '0000-00-00 00:00:00.000000', NULL, 0, NULL, NULL, NULL, 1, NULL, 1, 1, 1, 0, NULL, NULL, NULL, 17, 1, 1, 'Indegeneous Item', 0, 0.00, 0.00, 0.00, 'Tools', 'Tools', 0),
(15198, 'TL00000350', 'TL00000350', 'TL00000350', 'Belt, Size 50 mm X 2000 mm (2\" X78-3/4\"), Grit 80, Make - 3M', 'Belt, Size 50 mm X 2000 mm (2\" X78-3/4\"), Grit 80, Make - 3M', NULL, NULL, 1, 0, 0, 0, 0, '2022-08-03', '2022-08-03', '2022-08-03', '2022-08-03', '0', '0', 'ADDED NEW PRODUCTS AS REQUESTED MUM ON 03-08-22', 1, NULL, NULL, NULL, NULL, 1, '2022-09-05 00:00:00.000000', '0000-00-00 00:00:00.000000', NULL, 0, NULL, NULL, NULL, 1, NULL, 1, 1, 1, 0, '68052090', NULL, NULL, 17, 1, 1, 'Indegeneous Item', 0, 0.00, 0.00, 0.00, 'Tools', 'Tools', 0),
(15199, 'TL00000351', 'TL00000351', 'TL00000351', 'Solid Carbide Cutter, Dia.16 mm X TL 107 mm, Flute 6 X 50mm, Shank dia. 16mm, R 1, Make-V.P.', 'Solid Carbide Cutter, Dia.16 mm X TL 107 mm, Flute 6 X 50mm, Shank dia. 16mm, R 1, Make-V.P.', NULL, NULL, 1, 0, 0, 0, 0, '2022-08-03', '2022-08-03', '2022-08-03', '2022-08-03', '0', '0', 'ADDED NEW PRODUCTS AS REQUESTED AV ON 03-08-22', 1, NULL, NULL, NULL, NULL, 0, '2022-09-05 00:00:00.000000', '0000-00-00 00:00:00.000000', NULL, 0, NULL, NULL, NULL, 1, NULL, 1, 1, 1, 0, '8207', NULL, NULL, 17, 1, 1, 'Indegeneous Item', 0, 0.00, 0.00, 0.00, 'Tools', 'Tools', 0),
(15200, '12238888888', '1223', '1223', 'sdasassasasa', 'sadasdasfasf', NULL, NULL, NULL, 242, 10, 20, 25, NULL, NULL, NULL, NULL, '1223', 'adsd', 'ffzdf', 0, NULL, NULL, NULL, NULL, 1, '2022-11-07 15:21:59.000000', '2022-11-07 16:52:57.000000', 5, 1, NULL, 5, NULL, 2, NULL, 1, 2, 2, 0, NULL, NULL, NULL, 17, 1331, 1323, '2', 0, 120.00, 120.00, 125.00, '53w53', 'werwe', 500),
(15201, 'RP00000730', 'RP00000730', 'RP00000730', 'Upper Electrode PIN for Wire Cut Machine, Code No. A290-8110-X750, Make Fanuc', 'Upper Electrode PIN for Wire Cut Machine, Code No. A290-8110-X750, Make Fanuc', NULL, NULL, 1, 0, 0, 0, 0, '2022-08-29', '2022-08-29', '2022-08-29', '2022-08-29', '0', '0', 'ADDED NEW PRODUCTS AS REQUESTED AV ON 28-08-22', 0, NULL, NULL, NULL, NULL, 1, '2022-12-31 00:00:00.000000', '0000-00-00 00:00:00.000000', NULL, 0, NULL, NULL, NULL, 1, NULL, 1, 1, 1, 0, NULL, NULL, NULL, 14, 1, 1, 'Indegeneous Item', 0, 0.00, 0.00, 0.00, 'Spares', 'Spares', 1),
(15202, 'RP00000731', 'RP00000731', 'RP00000731', 'Lower Electrode PIN for Wire Cut Machine, Code No. A290-8119-X750, Make Fanuc', 'Lower Electrode PIN for Wire Cut Machine, Code No. A290-8119-X750, Make Fanuc', NULL, NULL, 1, 0, 0, 0, 0, '2022-08-29', '2022-08-29', '2022-08-29', '2022-08-29', '0', '0', 'ADDED NEW PRODUCTS AS REQUESTED AV ON 28-08-22', 0, NULL, NULL, NULL, NULL, 1, '2022-12-31 00:00:00.000000', '0000-00-00 00:00:00.000000', NULL, 0, NULL, NULL, NULL, 1, NULL, 1, 1, 1, 0, NULL, NULL, NULL, 14, 1, 1, 'Indegeneous Item', 0, 0.00, 0.00, 0.00, 'Spares', 'Spares', 1),
(15203, 'RP00000732', 'RP00000732', 'RP00000732', 'Machine Belt, No. B-141, Type - V', 'Machine Belt, No. B-141, Type - V', NULL, NULL, 1, 0, 0, 0, 0, '2022-08-29', '2022-08-29', '2022-08-29', '2022-08-29', '0', '0', 'ADDED NEW PRODUCTS AS REQUESTED AV ON 28-08-22', 0, NULL, NULL, NULL, NULL, 1, '2022-12-31 00:00:00.000000', '0000-00-00 00:00:00.000000', NULL, 0, NULL, NULL, NULL, 1, NULL, 1, 1, 1, 0, NULL, NULL, NULL, 14, 1, 1, 'Indegeneous Item', 0, 0.00, 0.00, 0.00, 'Spares', 'Spares', 1),
(15204, 'CM00000048', 'CM00000048', 'CM00000048', 'Referactory Cement for Induction Furnace', 'Referactory Cement for Induction Furnace', NULL, NULL, 1, 0, 0, 0, 0, '2022-08-29', '2022-08-29', '2022-08-29', '2022-08-29', '0', '0', 'ADDED NEW PRODUCTS AS REQUESTED BY KN ON 29AUG2022', 0, NULL, NULL, NULL, NULL, 1, '2022-12-31 00:00:00.000000', '0000-00-00 00:00:00.000000', NULL, 0, NULL, NULL, NULL, 2, NULL, 1, 2, 2, 0, NULL, NULL, NULL, 3, 1, 1, 'Indegeneous Item', 0, 0.00, 0.00, 0.00, 'CONSUMABLES', 'CONSUMABLES', 1),
(15205, 'CM00000049', 'CM00000049', 'CM00000049', 'Insulation Subbond for Induction Furnace', 'Insulation Subbond for Induction Furnace', NULL, NULL, 1, 0, 0, 0, 0, '2022-08-29', '2022-08-29', '2022-08-29', '2022-08-29', '0', '0', 'ADDED NEW PRODUCTS AS REQUESTED BY KN ON 29AUG2022', 0, NULL, NULL, NULL, NULL, 1, '2022-12-31 00:00:00.000000', '0000-00-00 00:00:00.000000', NULL, 0, NULL, NULL, NULL, 3, NULL, 1, 3, 3, 0, NULL, NULL, NULL, 3, 1, 1, 'Indegeneous Item', 0, 0.00, 0.00, 0.00, 'CONSUMABLES', 'CONSUMABLES', 1),
(15206, 'TL00000352', 'TL00000352', 'TL00000352', 'HSS Drill Cobalt  Coated, Size - Dia. 10.5 X FL 121 X OAL 184 MM, Make - Dormer', 'HSS Drill Cobalt  Coated, Size - Dia. 10.5 X FL 121 X OAL 184 MM, Make - Dormer', NULL, NULL, 1, 0, 0, 0, 0, '2022-08-30', '2022-08-30', '2022-08-30', '2022-08-30', '0', '0', 'ADDED NEW PRODUCTS AS REQUESTED MUM ON 30-08-22', 0, NULL, NULL, NULL, NULL, 1, '2022-12-31 00:00:00.000000', '0000-00-00 00:00:00.000000', NULL, 0, NULL, NULL, NULL, 1, NULL, 1, 1, 1, 0, NULL, NULL, NULL, 17, 1, 1, 'Indegeneous Item', 0, 0.00, 0.00, 0.00, 'Tools', 'Tools', 1),
(15207, 'TL00000353', 'TL00000353', 'TL00000353', 'Mini Broach for T25 Torx - B6.0TX25R0.45E VBX, Size Shank 6.0mm X Length 35.0mm, Make - Vargues', 'Mini Broach for T25 Torx - B6.0TX25R0.45E VBX, Size Shank 6.0mm X Length 35.0mm, Make - Vargues', NULL, NULL, 1, 0, 0, 0, 0, '2022-09-08', '2022-09-08', '2022-09-08', '2022-09-08', '0', '0', 'ADDED NEW PRODUCTS AS REQUESTED PST ON 08-09-22', 0, NULL, NULL, NULL, NULL, 1, '2022-12-31 00:00:00.000000', '0000-00-00 00:00:00.000000', NULL, 0, NULL, NULL, NULL, 1, NULL, 1, 1, 1, 0, NULL, NULL, NULL, 17, 1, 1, 'Indegeneous Item', 0, 0.00, 0.00, 0.00, 'Tools', 'Tools', 1),
(15208, 'FA00000156', 'FA00000156', 'FA00000156', 'ETO Sterilizer, Chamber Size - 16” x 16” x 34”, Capacity - 140 Ltrs approx., Model No. ANM-5CF-VAL, Make - AKSA', 'ETO Sterilizer, Chamber Size - 16” x 16” x 34”, Capacity - 140 Ltrs approx., Model No. ANM-5CF-VAL, Make - AKSA', NULL, NULL, 1, 0, 0, 0, 0, '2022-09-08', '2022-09-08', '2022-09-08', '2022-09-08', '0', '0', 'ADDED NEW PRODUCTS AS REQUESTED BY MKP 08-09-2022', 0, NULL, NULL, NULL, NULL, 1, '2022-12-31 00:00:00.000000', '0000-00-00 00:00:00.000000', NULL, 0, NULL, NULL, NULL, 1, NULL, 1, 1, 1, 0, NULL, NULL, NULL, 5, 1, 1, 'Indegeneous Item', 0, 0.00, 0.00, 0.00, 'Fixed Assets', 'Fixed Assets', 1),
(15209, 'SR00002516', 'SR00002516', 'SR00002516', 'Freight & other charges for Export of consignment', 'Freight & other charges for Export of consignment', NULL, NULL, 1, 0, 0, 0, 0, '2022-09-09', '2022-09-09', '2022-09-09', '2022-09-09', '0', '0', 'ADDED NEW PRODUCTS AS REQUESTED NVD ON 09-09-22', 0, NULL, NULL, NULL, NULL, 1, '2022-12-31 00:00:00.000000', '0000-00-00 00:00:00.000000', NULL, 0, NULL, NULL, NULL, 1, NULL, 1, 1, 1, 0, NULL, NULL, NULL, 13, 1, 1, 'Indegeneous Item', 0, 0.00, 0.00, 0.00, 'Services', 'Services', 1),
(15210, 'PK00000015', 'PK00000015', 'PK00000015', 'Pre-Printed Box, Duplex Paper 320 GSM White Back, Gloss Lamination on Printing Side, for \'K\' Wires, Box Size - 45 L X 30 W X 215 H', 'Pre-Printed Box, Duplex Paper 320 GSM White Back, Gloss Lamination on Printing Side, for \'K\' Wires, Box Size - 45 L X 30 W X 215 H', NULL, NULL, 1, 0, 0, 0, 0, '2022-09-11', '2022-09-11', '2022-09-11', '2022-09-11', '0', '0', 'ADDED NEW PRODUCTS AS REQUESTED BY VN 23-02-2018', 1, NULL, NULL, NULL, NULL, 1, '2022-12-31 00:00:00.000000', '0000-00-00 00:00:00.000000', NULL, 0, NULL, NULL, NULL, 1, NULL, 2, 1, 1, 0, NULL, NULL, NULL, 8, 1, 1, 'Indegeneous Item', 0, 0.00, 0.00, 0.00, 'Packaging Material', 'Packing Materials', 0),
(15211, 'FA00000157', 'FA00000157', 'FA00000157', 'Die Set (forging, trimming, coining etc.) for Forging of Adler Titanium Hip Stem, Size 9 as per drawing No. H0212.1359F  ', 'Die Set (forging, trimming, coining etc.) for Forging of Adler Titanium Hip Stem, Size 9 as per drawing No. H0212.1359F  ', NULL, NULL, 1, 0, 0, 0, 0, '2022-09-17', '2022-09-17', '2022-09-17', '2022-09-17', '0', '0', 'ADDED NEW PRODUCTS AS REQUESTED BY MKP 17-09-2022', 0, NULL, NULL, NULL, NULL, 1, '2022-12-31 00:00:00.000000', '0000-00-00 00:00:00.000000', NULL, 0, NULL, NULL, NULL, 1, NULL, 1, 1, 1, 0, NULL, NULL, NULL, 5, 1, 1, 'Indegeneous Item', 0, 0.00, 0.00, 0.00, 'Fixed Assets', 'Fixed Assets', 1),
(15212, 'FA00000158', 'FA00000158', 'FA00000158', 'Die Set (forging, trimming, coining etc.) for Forging of Adler Titanium Hip Stem, Size 10 as per drawing No. H0212.1360F', 'Die Set (forging, trimming, coining etc.) for Forging of Adler Titanium Hip Stem, Size 10 as per drawing No. H0212.1360F', NULL, NULL, 1, 0, 0, 0, 0, '2022-09-17', '2022-09-17', '2022-09-17', '2022-09-17', '0', '0', 'ADDED NEW PRODUCTS AS REQUESTED BY MKP 17-09-2022', 0, NULL, NULL, NULL, NULL, 1, '2022-12-31 00:00:00.000000', '0000-00-00 00:00:00.000000', NULL, 0, NULL, NULL, NULL, 1, NULL, 1, 1, 1, 0, NULL, NULL, NULL, 5, 1, 1, 'Indegeneous Item', 0, 0.00, 0.00, 0.00, 'Fixed Assets', 'Fixed Assets', 1),
(15213, 'FA00000159', 'FA00000159', 'FA00000159', 'Die Set (forging, trimming, coining etc.) for Forging of Adler Titanium Hip Stem, Size 11 as per drawing No. H0212.1361F', 'Die Set (forging, trimming, coining etc.) for Forging of Adler Titanium Hip Stem, Size 11 as per drawing No. H0212.1361F', NULL, NULL, 1, 0, 0, 0, 0, '2022-09-17', '2022-09-17', '2022-09-17', '2022-09-17', '0', '0', 'ADDED NEW PRODUCTS AS REQUESTED BY MKP 17-09-2022', 0, NULL, NULL, NULL, NULL, 1, '2022-12-31 00:00:00.000000', '0000-00-00 00:00:00.000000', NULL, 0, NULL, NULL, NULL, 1, NULL, 1, 1, 1, 0, NULL, NULL, NULL, 5, 1, 1, 'Indegeneous Item', 0, 0.00, 0.00, 0.00, 'Fixed Assets', 'Fixed Assets', 1),
(15214, 'FA00000160', 'FA00000160', 'FA00000160', 'Die Set (forging, trimming, coining etc.) for Forging of Adler Titanium Hip Stem, Size 12 as per drawing No. H0212.1362F', 'Die Set (forging, trimming, coining etc.) for Forging of Adler Titanium Hip Stem, Size 12 as per drawing No. H0212.1362F', NULL, NULL, 1, 0, 0, 0, 0, '2022-09-17', '2022-09-17', '2022-09-17', '2022-09-17', '0', '0', 'ADDED NEW PRODUCTS AS REQUESTED BY MKP 17-09-2022', 0, NULL, NULL, NULL, NULL, 1, '2022-12-31 00:00:00.000000', '0000-00-00 00:00:00.000000', NULL, 0, NULL, NULL, NULL, 1, NULL, 1, 1, 1, 0, NULL, NULL, NULL, 5, 1, 1, 'Indegeneous Item', 0, 0.00, 0.00, 0.00, 'Fixed Assets', 'Fixed Assets', 1),
(15215, 'RP00000733', 'RP00000733', 'RP00000733', 'Teloscopic Cover for Makino S33 x Slide (New Lamina Bellow LH & RH) Make - Skylynx Technologies', 'Teloscopic Cover for Makino S33 x Slide (New Lamina Bellow LH & RH) Make - Skylynx Technologies', NULL, NULL, 1, 0, 0, 0, 0, '2022-09-17', '2022-09-17', '2022-09-17', '2022-09-17', '0', '0', 'ADDED NEW PRODUCTS AS REQUESTED KN ON 17-09-22', 0, NULL, NULL, NULL, NULL, 1, '2022-12-31 00:00:00.000000', '0000-00-00 00:00:00.000000', NULL, 0, NULL, NULL, NULL, 1, NULL, 1, 1, 1, 0, NULL, NULL, NULL, 14, 1, 1, 'Indegeneous Item', 0, 0.00, 0.00, 0.00, 'Spares', 'Spares', 1),
(15216, 'PK00000016', 'PK00000016', 'PK00000016', 'Silicon Tube, Transparent, Size - OD 03mm X ID 01mm ', 'Silicon Tube, Transparent, Size - OD 03mm X ID 01mm', NULL, NULL, 1, 0, 0, 0, 0, '2022-09-21', '2022-09-21', '2022-09-21', '2022-09-21', '0', '0', 'ADDED NEW PRODUCTS AS REQUESTED BY MKP 21-09-22', 0, NULL, NULL, NULL, NULL, 1, '2022-12-31 00:00:00.000000', '0000-00-00 00:00:00.000000', NULL, 0, NULL, NULL, NULL, 4, NULL, 2, 4, 4, 0, NULL, NULL, NULL, 8, 1, 1, 'Indegeneous Item', 0, 0.00, 0.00, 0.00, 'Packaging Material', 'Packing Materials', 0),
(15217, 'TL00000354', 'TL00000354', 'TL00000354', 'Endmill Solid Carbide, Size - Dia. 2.50mm X 3 FL X TL 50.00mm X FL 7.00mm X Shank Dia. 6.00mm', 'Endmill Solid Carbide, Size - Dia. 2.50mm X 3 FL X TL 50.00mm X FL 7.00mm X Shank Dia. 6.00mm', NULL, NULL, 1, 0, 0, 0, 0, '2022-09-27', '2022-09-27', '2022-09-27', '2022-09-27', '0', '0', 'ADDED NEW PRODUCTS AS REQUESTED PST ON 27-09-22', 0, NULL, NULL, NULL, NULL, 1, '2022-12-31 00:00:00.000000', '0000-00-00 00:00:00.000000', NULL, 0, NULL, NULL, NULL, 1, NULL, 1, 1, 1, 0, NULL, NULL, NULL, 17, 1, 1, 'Indegeneous Item', 0, 0.00, 0.00, 0.00, 'Tools', 'Tools', 1),
(15218, 'TL00000355', 'TL00000355', 'TL00000355', 'Endmill Solid Carbide, Size - Dia. 3.50mm X 3 FL X TL 50.00mm X FL 7.00mm X Shank Dia. 6.00mm', 'Endmill Solid Carbide, Size - Dia. 3.50mm X 3 FL X TL 50.00mm X FL 7.00mm X Shank Dia. 6.00mm', NULL, NULL, 1, 0, 0, 0, 0, '2022-09-27', '2022-09-27', '2022-09-27', '2022-09-27', '0', '0', 'ADDED NEW PRODUCTS AS REQUESTED PST ON 27-09-22', 0, NULL, NULL, NULL, NULL, 1, '2022-12-31 00:00:00.000000', '0000-00-00 00:00:00.000000', NULL, 0, NULL, NULL, NULL, 1, NULL, 1, 1, 1, 0, NULL, NULL, NULL, 17, 1, 1, 'Indegeneous Item', 0, 0.00, 0.00, 0.00, 'Tools', 'Tools', 1),
(15219, 'TL00000356', 'TL00000356', 'TL00000356', 'Endmill Solid Carbide, Size - Dia. 4.50mm X 3 FL X TL 50.00mm X FL 8.00mm X Shank Dia. 6.00mm', 'Endmill Solid Carbide, Size - Dia. 4.50mm X 3 FL X TL 50.00mm X FL 8.00mm X Shank Dia. 6.00mm', NULL, NULL, 1, 0, 0, 0, 0, '2022-09-27', '2022-09-27', '2022-09-27', '2022-09-27', '0', '0', 'ADDED NEW PRODUCTS AS REQUESTED PST ON 27-09-22', 0, NULL, NULL, NULL, NULL, 1, '2022-12-31 00:00:00.000000', '0000-00-00 00:00:00.000000', NULL, 0, NULL, NULL, NULL, 1, NULL, 1, 1, 1, 0, NULL, NULL, NULL, 17, 1, 1, 'Indegeneous Item', 0, 0.00, 0.00, 0.00, 'Tools', 'Tools', 1),
(15220, 'TL00000357', 'TL00000357', 'TL00000357', 'Endmill Solid Carbide, Size - Dia. 5.50mm X 3 FL X TL 50.00mm X FL 8.00mm X Shank Dia. 6.00mm', 'Endmill Solid Carbide, Size - Dia. 5.50mm X 3 FL X TL 50.00mm X FL 8.00mm X Shank Dia. 6.00mm', NULL, NULL, 1, 0, 0, 0, 0, '2022-09-27', '2022-09-27', '2022-09-27', '2022-09-27', '0', '0', 'ADDED NEW PRODUCTS AS REQUESTED PST ON 27-09-22', 0, NULL, NULL, NULL, NULL, 1, '2022-12-31 00:00:00.000000', '0000-00-00 00:00:00.000000', NULL, 0, NULL, NULL, NULL, 1, NULL, 1, 1, 1, 0, NULL, NULL, NULL, 17, 1, 1, 'Indegeneous Item', 0, 0.00, 0.00, 0.00, 'Tools', 'Tools', 1),
(15221, 'PK00000017', 'PK00000017', 'PK00000017', 'Corrugated Box, Main Product Box-Container, Three Ply, One Side Opening, Size -  L 290mm X W 140mm X H 65mm, E Flute, Restor Preprinted ONLY Adler details', 'Corrugated Box, Main Product Box-Container, Three Ply, One Side Opening, Size -  L 290mm X W 140mm X H 65mm, E Flute, Restor Preprinted ONLY Adler details', NULL, NULL, 1, 0, 0, 0, 0, '2022-09-30', '2022-09-30', '2022-09-30', '2022-09-30', '0', '0', 'ADDED NEW PRODUCTS AS REQUESTED BY NVD ON 30-09-22', 1, NULL, NULL, NULL, NULL, 1, '2022-12-31 00:00:00.000000', '0000-00-00 00:00:00.000000', NULL, 0, NULL, NULL, NULL, 1, NULL, 2, 1, 1, 0, NULL, NULL, NULL, 8, 1, 1, 'Indegeneous Item', 0, 0.00, 0.00, 0.00, 'Packaging Material', 'Packing Materials', 0),
(15222, 'PK00000018', 'PK00000018', 'PK00000018', 'CBM032SO1481020032E S02 - Corrugated Box (Tray & Sleeve Type), Main Product Box-Container, Three Ply, Two Side Opening, Size -  L 148mm X W 102mm X H 32mm, E Flute, Endofit Preprinted ONLY Adler details', 'CBM032SO1481020032E S02 - Corrugated Box (Tray & Sleeve Type), Main Product Box-Container, Three Ply, Two Side Opening, Size -  L 148mm X W 102mm X H 32mm, E Flute, Endofit Preprinted ONLY Adler details', NULL, NULL, 1, 0, 0, 0, 0, '2022-09-30', '2022-09-30', '2022-09-30', '2022-09-30', '0', '0', 'ADDED NEW PRODUCTS AS REQUESTED BY NVD ON 30-09-22', 1, NULL, NULL, NULL, NULL, 1, '2022-12-31 00:00:00.000000', '0000-00-00 00:00:00.000000', NULL, 0, NULL, NULL, NULL, 1, NULL, 2, 1, 1, 0, NULL, NULL, NULL, 8, 1, 1, 'Indegeneous Item', 0, 0.00, 0.00, 0.00, 'Packaging Material', 'Packing Materials', 0),
(15223, 'PK00000019', 'PK00000019', 'PK00000019', 'CBM052SO145140065E S07 - Corrugated Box, Main Product Box-Container, 5Ply, Two Side Opening, Size - L 145mm X W 140mm X H 65mm, E Flute, Moduloc Preprinted ONLY Adler details (UV Coating & Streight tuck, Top 290 GSM, Middle layer 20 BF, Flute 180 GSM Kraft Back/Bo', 'CBM052SO145140065E S07 - Corrugated Box, Main Product Box-Container, 5Ply, Two Side Opening, Size - L 145mm X W 140mm X H 65mm, E Flute, Moduloc Preprinted ONLY Adler details (UV Coating & Streight tuck, Top 290 GSM, Middle layer 20 BF, Flute 180 GSM Kraft Back/Bo', NULL, NULL, 1, 0, 0, 0, 0, '2022-09-30', '2022-09-30', '2022-09-30', '2022-09-30', '0', '0', 'ADDED NEW PRODUCTS AS REQUESTED BY NVD ON 30-09-22', 1, NULL, NULL, NULL, NULL, 1, '2022-12-31 00:00:00.000000', '0000-00-00 00:00:00.000000', NULL, 0, NULL, NULL, NULL, 1, NULL, 2, 1, 1, 0, NULL, NULL, NULL, 8, 1, 1, 'Indegeneous Item', 0, 0.00, 0.00, 0.00, 'Packaging Material', 'Packing Materials', 0),
(15224, 'PK00000020', 'PK00000020', 'PK00000020', 'CBM052SO145140065E S01 - Corrugated Box, Main Product Box-Container, 5Ply, Two Side Opening, Size - L 145mm X W 140mm X H 65mm, E Flute, Adler Preprinted ONLY Adler details (UV Coating & Streight tuck, Top 290 GSM, Middle layer 20 BF, Flute 180 GSM Kraft Back/Bott', 'CBM052SO145140065E S01 - Corrugated Box, Main Product Box-Container, 5Ply, Two Side Opening, Size - L 145mm X W 140mm X H 65mm, E Flute, Adler Preprinted ONLY Adler details (UV Coating & Streight tuck, Top 290 GSM, Middle layer 20 BF, Flute 180 GSM Kraft Back/Bott', NULL, NULL, 1, 0, 0, 0, 0, '2022-09-30', '2022-09-30', '2022-09-30', '2022-09-30', '0', '0', 'ADDED NEW PRODUCTS AS REQUESTED BY NVD ON 30-09-22', 1, NULL, NULL, NULL, NULL, 1, '2022-12-31 00:00:00.000000', '0000-00-00 00:00:00.000000', NULL, 0, NULL, NULL, NULL, 1, NULL, 2, 1, 1, 0, NULL, NULL, NULL, 8, 0, 0, 'Indegeneous Item', 0, 0.00, 0.00, 0.00, 'Packaging Material', 'Packing Materials', 0),
(15225, 'PK00000021', 'PK00000021', 'PK00000021', 'CBM032SO290120045E S04 - Corrugated Box (Tray & Sleeve Type), Main Product Box-Container, Three Ply, Two Side Opening, Size -  L 290mm X W 120mm X H 45mm, E Flute, Restor Preprinted ONLY Adler details', 'CBM032SO290120045E S04 - Corrugated Box (Tray & Sleeve Type), Main Product Box-Container, Three Ply, Two Side Opening, Size -  L 290mm X W 120mm X H 45mm, E Flute, Restor Preprinted ONLY Adler details', NULL, NULL, 1, 0, 0, 0, 0, '2022-09-30', '2022-09-30', '2022-09-30', '2022-09-30', '0', '0', 'ADDED NEW PRODUCTS AS REQUESTED BY NVD ON 30-09-22', 1, NULL, NULL, NULL, NULL, 1, '2022-12-31 00:00:00.000000', '0000-00-00 00:00:00.000000', NULL, 0, NULL, NULL, NULL, 1, NULL, 2, 1, 1, 0, NULL, NULL, NULL, 8, 1, 1, 'Indegeneous Item', 0, 0.00, 0.00, 0.00, 'Packaging Material', 'Packing Materials', 0),
(15226, 'PK00000022', 'PK00000022', 'PK00000022', 'CBM032SO465115045E S04 - Corrugated Box (Tray & Sleeve Type), Main Product Box-Container, Three Ply, Two Side Opening, Size -  L 465mm X W 115mm X H 45mm, E Flute,  Restor Preprinted ONLY Adler details', 'CBM032SO465115045E S04 - Corrugated Box (Tray & Sleeve Type), Main Product Box-Container, Three Ply, Two Side Opening, Size -  L 465mm X W 115mm X H 45mm, E Flute,  Restor Preprinted ONLY Adler details', NULL, NULL, 1, 0, 0, 0, 0, '2022-09-30', '2022-09-30', '2022-09-30', '2022-09-30', '0', '0', 'ADDED NEW PRODUCTS AS REQUESTED BY NVD ON 30-09-22', 1, NULL, NULL, NULL, NULL, 1, '2022-12-31 00:00:00.000000', '0000-00-00 00:00:00.000000', NULL, 0, NULL, NULL, NULL, 1, NULL, 2, 1, 1, 0, NULL, NULL, NULL, 8, 1, 1, 'Indegeneous Item', 0, 0.00, 0.00, 0.00, 'Packaging Material', 'Packing Materials', 0),
(15227, 'TL00000358', 'TL00000358', 'TL00000358', 'Mini Broach for T15 Torx - B6.0TX15R0.34, Size Shank 6.0mm X Length 35.0mm, Make - Vargues', 'Mini Broach for T15 Torx - B6.0TX15R0.34, Size Shank 6.0mm X Length 35.0mm, Make - Vargues', NULL, NULL, 1, 0, 0, 0, 0, '2022-10-07', '2022-10-07', '2022-10-07', '2022-10-07', '0', '0', 'ADDED NEW PRODUCTS AS REQUESTED PST ON 07-OCT-22', 0, NULL, NULL, NULL, NULL, 1, '2022-12-31 00:00:00.000000', '0000-00-00 00:00:00.000000', NULL, 0, NULL, NULL, NULL, 1, NULL, 1, 1, 1, 0, NULL, NULL, NULL, 17, 1, 1, 'Indegeneous Item', 0, 0.00, 0.00, 0.00, 'Tools', 'Tools', 1),
(15228, 'TL00000359', 'TL00000359', 'TL00000359', 'Drill, Solid Carbide, Dia. 3.37mm X SH Dia. 5.00mm, EX-SUS-GDS-3.37, Make OSG', 'Drill, Solid Carbide, Dia. 3.37mm X SH Dia. 5.00mm, EX-SUS-GDS-3.37, Make OSG', NULL, NULL, 1, 0, 0, 0, 0, '2022-10-07', '2022-10-07', '2022-10-07', '2022-10-07', '0', '0', 'ADDED NEW PRODUCTS AS REQUESTED PST ON 07-OCT-22', 0, NULL, NULL, NULL, NULL, 1, '2022-12-31 00:00:00.000000', '0000-00-00 00:00:00.000000', NULL, 0, NULL, NULL, NULL, 1, NULL, 1, 1, 1, 0, NULL, NULL, NULL, 17, 1, 1, 'Indegeneous Item', 0, 0.00, 0.00, 0.00, 'Tools', 'Tools', 1),
(15229, 'TL00000360', 'TL00000360', 'TL00000360', 'Drill, Solid Carbide, Dia. 2.37mm X SH Dia. 5.00mm, EX-SUS-GDS-2.37, Make OSG', '’Supplier undertakes to manufacture products in conformity with the relevant laws which relate to the Supplier’s place of business and scope of activities’', NULL, NULL, 1, 0, 0, 0, 0, '2022-10-07', '2022-10-07', '2022-10-07', '2022-10-07', '0', '0', 'ADDED NEW PRODUCTS AS REQUESTED PST ON 07-OCT-22', 0, NULL, NULL, NULL, NULL, 1, '2022-12-31 00:00:00.000000', '0000-00-00 00:00:00.000000', NULL, 0, NULL, NULL, NULL, 1, NULL, 1, 1, 1, 0, NULL, NULL, NULL, 17, 1, 1, 'Indegeneous Item', 0, 0.00, 0.00, 0.00, 'Tools', 'Tools', 1),
(15230, 'TL00000361', 'TL00000361', 'TL00000361', 'Drill, Solid Carbide, Dia. 3.20mm X SH Dia. 5.00mm, DC150-03-03.200A0-WJ30RE, Make - Walter', 'Drill, Solid Carbide, Dia. 3.20mm X SH Dia. 5.00mm, DC150-03-03.200A0-WJ30RE, Make - Walter', NULL, NULL, 1, 0, 0, 0, 0, '2022-10-07', '2022-10-07', '2022-10-07', '2022-10-07', '0', '0', 'ADDED NEW PRODUCTS AS REQUESTED PST ON 07-OCT-22', 0, NULL, NULL, NULL, NULL, 1, '2022-12-31 00:00:00.000000', '0000-00-00 00:00:00.000000', NULL, 0, NULL, NULL, NULL, 1, NULL, 1, 1, 1, 0, NULL, NULL, NULL, 17, 1, 1, 'Indegeneous Item', 0, 0.00, 0.00, 0.00, 'Tools', 'Tools', 1),
(15231, 'TL00000362', 'TL00000362', 'TL00000362', 'SCNTC Countersink Tool - Dia. 20 X FL 20 X OAL 60 X SH Dia. 12 (h6), Make - VP', 'SCNTC Countersink Tool - Dia. 20 X FL 20 X OAL 60 X SH Dia. 12 (h6), Make - VP', NULL, NULL, 1, 0, 0, 0, 0, '2022-10-07', '2022-10-07', '2022-10-07', '2022-10-07', '0', '0', 'ADDED NEW PRODUCTS AS REQUESTED AV ON 07-OCT-22', 0, NULL, NULL, NULL, NULL, 1, '2022-12-31 00:00:00.000000', '0000-00-00 00:00:00.000000', NULL, 0, NULL, NULL, NULL, 1, NULL, 1, 1, 1, 0, NULL, NULL, NULL, 17, 1, 1, 'Indegeneous Item', 0, 0.00, 0.00, 0.00, 'Tools', 'Tools', 1),
(15232, 'TL00000363', 'TL00000363', 'TL00000363', 'Diamond Grinding Wheel, OD - M125 X TM9 x W/UMI10 X 4 X IDM16H7, Grit MN50-230/270, Make - Hifin Sawas & Tools', 'Diamond Grinding Wheel, OD - M125 X TM9 x W/UMI10 X 4 X IDM16H7, Grit MN50-230/270, Make - Hifin Sawas & Tools', NULL, NULL, 1, 0, 0, 0, 0, '2022-10-07', '2022-10-07', '2022-10-07', '2022-10-07', '0', '0', 'ADDED NEW PRODUCTS AS REQUESTED AV ON 07-OCT-22', 0, NULL, NULL, NULL, NULL, 1, '2022-12-31 00:00:00.000000', '0000-00-00 00:00:00.000000', NULL, 0, NULL, NULL, NULL, 1, NULL, 1, 1, 1, 0, NULL, NULL, NULL, 17, 1, 1, 'Indegeneous Item', 0, 0.00, 0.00, 0.00, 'Tools', 'Tools', 1),
(15233, 'PK00000023', 'PK00000023', 'PK00000023', 'Pouch, W 30 mm X L 225 mm, Lacquered Coated Paper above 60 GSM, Film Natural 52 Micron, pre-printed \"STERILE\" & \"PEEL HERE\" with arrow. ', 'Pouch, W 30 mm X L 225 mm, Lacquered Coated Paper above 60 GSM, Film Natural 52 Micron, pre-printed \"STERILE\" & \"PEEL HERE\" with arrow. ', NULL, NULL, 1, 0, 0, 0, 0, '2022-10-14', '2022-10-14', '2022-10-14', '2022-10-14', '0', '0', 'ADDED NEW PRODUCTS AS REQUESTED BY NVD 14 OCT 2022', 1, NULL, NULL, NULL, NULL, 1, '2022-12-31 00:00:00.000000', '0000-00-00 00:00:00.000000', NULL, 0, NULL, NULL, NULL, 1, NULL, 2, 1, 1, 0, NULL, NULL, NULL, 8, 1, 1, 'Indegeneous Item', 0, 0.00, 0.00, 0.00, 'packing material', 'packing material', 1),
(15234, 'SF00000025', 'SF00000025', 'SF00000025', 'Compression Spring, OD 3.00 X Wire Dia. 0.50mm X Pitch 1.25 X TL 7.50mm  X Compression Length 3.25mm, Material - SS304 / SS302 ', 'Compression Spring, OD 3.00 X Wire Dia. 0.50mm X Pitch 1.25 X TL 7.50mm  X Compression Length 3.25mm, Material - SS304 / SS302 ', NULL, NULL, 1, 0, 0, 0, 0, '2022-10-14', '2022-10-14', '2022-10-14', '2022-10-14', '0', '0', 'ADDED NEW PRODUCTS AS REQUESTED BY PST ON 14-OCT-2022', 1, NULL, NULL, NULL, NULL, 1, '2022-12-31 00:00:00.000000', '0000-00-00 00:00:00.000000', NULL, 0, NULL, NULL, NULL, 1, NULL, 2, 1, 1, 0, NULL, NULL, NULL, 12, 1, 1, 'Indegeneous Item', 0, 0.00, 0.00, 0.00, 'Semi-Finished Goods', 'Semi-Finished Goods', 0),
(15235, 'SF00000026', 'SF00000026', 'SF00000026', 'Compression Spring, OD 1.80 X Wire Dia. 0.25mm X Pitch 0.80 X TL 11.00mm  X Compression Length 4.25mm, Material - SS304 / SS302 ', 'Compression Spring, OD 1.80 X Wire Dia. 0.25mm X Pitch 0.80 X TL 11.00mm  X Compression Length 4.25mm, Material - SS304 / SS302 ', NULL, NULL, 1, 0, 0, 0, 0, '2022-10-14', '2022-10-14', '2022-10-14', '2022-10-14', '0', '0', 'ADDED NEW PRODUCTS AS REQUESTED BY PST ON 14-OCT-2022', 1, NULL, NULL, NULL, NULL, 1, '2022-12-31 00:00:00.000000', '0000-00-00 00:00:00.000000', NULL, 0, NULL, NULL, NULL, 1, NULL, 2, 1, 1, 0, NULL, NULL, NULL, 12, 1, 1, 'Indegeneous Item', 0, 0.00, 0.00, 0.00, 'Semi-Finished Goods', 'Semi-Finished Goods', 0),
(15236, 'SR00002517', 'SR00002517', 'SR00002517', 'Service for grinding of punching tool for Rasp of hip stem, Dia. 9.50mm X L 50mm', 'Service for grinding of punching tool for Rasp of hip stem, Dia. 9.50mm X L 50mm', NULL, NULL, 1, 0, 0, 0, 0, '2022-10-14', '2022-10-14', '2022-10-14', '2022-10-14', '0', '0', 'ADDED NEW PRODUCTS AS REQUESTED BY PST ON 14-OCT-2022', 1, NULL, NULL, NULL, NULL, 1, '2022-12-31 00:00:00.000000', '0000-00-00 00:00:00.000000', NULL, 0, NULL, NULL, NULL, 1, NULL, 1, 1, 1, 0, NULL, NULL, NULL, 13, 1, 1, 'Indegeneous Item', 0, 0.00, 0.00, 0.00, 'Services', 'Services', 1),
(15237, 'SR00002518', 'SR00002518', 'SR00002518', 'Service for Punching ULNAR RASP, RESTOR LEFT & RIGHT', 'Service for Punching ULNAR RASP, RESTOR LEFT & RIGHT', NULL, NULL, 1, 0, 0, 0, 0, '2022-10-14', '2022-10-14', '2022-10-14', '2022-10-14', '0', '0', 'ADDED NEW PRODUCTS AS REQUESTED BY PST ON 14-OCT-2022', 1, NULL, NULL, NULL, NULL, 1, '2022-12-31 00:00:00.000000', '0000-00-00 00:00:00.000000', NULL, 0, NULL, NULL, NULL, 1, NULL, 2, 1, 1, 0, NULL, NULL, NULL, 13, 1, 1, 'Indegeneous Item', 0, 0.00, 0.00, 0.00, 'Services', 'Services', 1),
(15238, 'SF00000027', 'SF00000027', 'SF00000027', 'Semi-Finished - Stilly Type Chisel Bent 18mm as per DWG No. BC-18', 'Semi-Finished - Stilly Type Chisel Bent 18mm as per DWG No. BC-18', NULL, NULL, 1, 0, 0, 0, 0, '2022-10-16', '2022-10-16', '2022-10-16', '2022-10-16', '0', '0', 'ADDED NEW PRODUCTS AS REQUESTED BY NVD ON 16-OCT-2022', 1, NULL, NULL, NULL, NULL, 1, '2022-12-31 00:00:00.000000', '0000-00-00 00:00:00.000000', NULL, 0, NULL, NULL, NULL, 1, NULL, 2, 1, 1, 0, NULL, NULL, NULL, 12, 1, 1, 'Indegeneous Item', 0, 0.00, 0.00, 0.00, 'Semi-Finished Goods', 'Semi-Finished Goods', 0),
(15239, 'RP00000734', 'RP00000734', 'RP00000734', 'Automatic Voltage Regulator Circuit for Kirloskar Green Genset - AVR (MODEL :TAVR-10/TAVR-20/TAVR-14 ) Part No. 2H.811.32.0.00', 'Automatic Voltage Regulator Circuit for Kirloskar Green Genset - AVR (MODEL :TAVR-10/TAVR-20/TAVR-14 ) Part No. 2H.811.32.0.00', NULL, NULL, 1, 0, 0, 0, 0, '2022-10-16', '2022-10-16', '2022-10-16', '2022-10-16', '0', '0', 'ADDED NEW PRODUCTS AS REQUESTED VSB ON 16-OCT-22', 0, NULL, NULL, NULL, NULL, 1, '2022-12-31 00:00:00.000000', '0000-00-00 00:00:00.000000', NULL, 0, NULL, NULL, NULL, 1, NULL, 1, 1, 1, 0, NULL, NULL, NULL, 14, 1, 1, 'Indegeneous Item', 0, 0.00, 0.00, 0.00, 'Spares', 'Spares', 1),
(15240, 'SF00000028', 'SF00000028', 'SF00000028', 'SEMI-FINISHED - DISC PUNCH, UPWARD 40 DEG., 3MM BITE AS PER DRAWING NO. J0173.00', 'SEMI-FINISHED - DISC PUNCH, UPWARD 40 DEG., 3MM BITE AS PER DRAWING NO. J0173.00', NULL, NULL, 1, 0, 0, 0, 0, '2022-10-28', '2022-10-28', '2022-10-28', '2022-10-28', 'SF00000028', '0', 'ADDED NEW PRODUCTS AS REQUESTED BY NVD ON 28-OCT-2022', 0, NULL, NULL, NULL, NULL, 1, '2022-12-31 00:00:00.000000', '2023-01-05 19:56:46.000000', 1, NULL, NULL, 1, NULL, 1, NULL, 2, 1, 1, 0, NULL, NULL, NULL, 12, 1, 1, '2', 0, 0.00, 0.00, 0.00, 'Semi-Finished Goods', 'Semi-Finished Goods', 0),
(15241, 'SF00000029', 'SF00000029', 'SF00000029', 'SEMI-FINISHED - KERRISON PUNCH, UPWARD 90 DEG., 3MM BITE NON DETACHABLE AS PER DRAWING NO. J0172.00', 'SEMI-FINISHED - KERRISON PUNCH, UPWARD 90 DEG., 3MM BITE NON DETACHABLE AS PER DRAWING NO. J0172.00', NULL, NULL, 1, 0, 0, 0, 0, '2022-10-28', '2022-10-28', '2022-10-28', '2022-10-28', 'SF00000029', '0', 'ADDED NEW PRODUCTS AS REQUESTED BY NVD ON 28-OCT-2022', 0, NULL, NULL, NULL, NULL, 1, '2022-12-31 00:00:00.000000', '2023-01-05 19:58:06.000000', 1, NULL, NULL, 1, NULL, 1, NULL, 2, 1, 1, 0, NULL, NULL, NULL, 12, 1, 1, '2', 0, 0.00, 0.00, 0.00, 'Semi-Finished Goods', 'Semi-Finished Goods', 0),
(15242, 'SF00000030', 'SF00000030', 'SF00000030', 'SEMI-FINISHED - KERRISON PUNCH, UPWARD 130 DEG.,3MM BITE NON DETACHABLE AS PER DRAWING NO. KPU-J0171.00', 'SEMI-FINISHED - KERRISON PUNCH, UPWARD 130 DEG.,3MM BITE NON DETACHABLE AS PER DRAWING NO. KPU-J0171.00', NULL, NULL, 1, 0, 0, 0, 0, '2022-10-28', '2022-10-28', '2022-10-28', '2022-10-28', 'SF00000030', '0', 'ADDED NEW PRODUCTS AS REQUESTED BY NVD ON 28-OCT-2022', 0, NULL, NULL, NULL, NULL, 1, '2022-12-31 00:00:00.000000', '2023-01-05 19:59:07.000000', 1, NULL, NULL, 1, NULL, 1, NULL, 2, 1, 1, 0, NULL, NULL, NULL, 12, 1, 1, '2', 0, 0.00, 0.00, 0.00, 'Semi-Finished Goods', 'Semi-Finished Goods', 0),
(15243, 'SF00000031', 'SF00000031', 'SF00000031', 'SEMI-FINISHED - SCOOP 3 X 2.5 AS PER DRAWING NO. J0169.00', 'SEMI-FINISHED - SCOOP 3 X 2.5 AS PER DRAWING NO. J0169.00', NULL, NULL, 1, 0, 0, 0, 0, '2022-10-28', '2022-10-28', '2022-10-28', '2022-10-28', 'SF00000031', '0', 'ADDED NEW PRODUCTS AS REQUESTED BY NVD ON 28-OCT-2022', 0, NULL, NULL, NULL, NULL, 1, '2022-12-31 00:00:00.000000', '2023-01-05 19:59:48.000000', 1, NULL, NULL, 1, NULL, 1, NULL, 2, 1, 1, 0, NULL, NULL, NULL, 12, 1, 1, '2', 0, 0.00, 0.00, 0.00, 'Semi-Finished Goods', 'Semi-Finished Goods', 0),
(15244, 'SF00000032', 'SF00000032', 'SF00000032', 'Forging of Adler Titanium Hip Stem, Size 09 as per drawing no. H0212.1359F', 'Forging of Adler Titanium Hip Stem, Size 09 as per drawing no. H0212.1359F', NULL, NULL, 1, 0, 0, 0, 0, '2022-10-28', '2022-10-28', '2022-10-28', '2022-10-28', '0', '0', 'ADDED NEW PRODUCTS AS REQUESTED BY NVD ON 28-OCT-2022', 1, NULL, NULL, NULL, NULL, 1, '2022-12-31 00:00:00.000000', '0000-00-00 00:00:00.000000', NULL, 0, NULL, NULL, NULL, 1, NULL, 2, 1, 1, 0, NULL, NULL, NULL, 12, 1, 1, 'Indegeneous Item', 0, 0.00, 0.00, 0.00, 'Semi-Finished Goods', 'Semi-Finished Goods', 0),
(15245, 'SF00000033', 'SF00000033', 'SF00000033', 'Forging of Adler Titanium Hip Stem, Size 10 as per drawing no. H0212.1360F', 'Forging of Adler Titanium Hip Stem, Size 10 as per drawing no. H0212.1360F', NULL, NULL, 1, 0, 0, 0, 0, '2022-10-28', '2022-10-28', '2022-10-28', '2022-10-28', '0', '0', 'ADDED NEW PRODUCTS AS REQUESTED BY NVD ON 28-OCT-2022', 1, NULL, NULL, NULL, NULL, 1, '2022-12-31 00:00:00.000000', '0000-00-00 00:00:00.000000', NULL, 0, NULL, NULL, NULL, 1, NULL, 2, 1, 1, 0, NULL, NULL, NULL, 12, 1, 1, 'Indegeneous Item', 0, 0.00, 0.00, 0.00, 'Semi-Finished Goods', 'Semi-Finished Goods', 0),
(15246, 'SF00000034', 'SF00000034', 'SF00000034', 'Forging of Adler Titanium Hip Stem, Size 11 as per drawing no. H0212.1361F', 'Forging of Adler Titanium Hip Stem, Size 11 as per drawing no. H0212.1361F', NULL, NULL, 1, 0, 0, 0, 0, '2022-10-28', '2022-10-28', '2022-10-28', '2022-10-28', '0', '0', 'ADDED NEW PRODUCTS AS REQUESTED BY NVD ON 28-OCT-2022', 1, NULL, NULL, NULL, NULL, 1, '2022-12-31 00:00:00.000000', '0000-00-00 00:00:00.000000', NULL, 0, NULL, NULL, NULL, 1, NULL, 2, 1, 1, 0, NULL, NULL, NULL, 12, 1, 1, 'Indegeneous Item', 0, 0.00, 0.00, 0.00, 'Semi-Finished Goods', 'Semi-Finished Goods', 0),
(15247, 'SF00000035', 'SF00000035', 'SF00000035', 'Forging of Adler Titanium Hip Stem, Size 12 as per drawing no. H0212.1362F', 'Forging of Adler Titanium Hip Stem, Size 12 as per drawing no. H0212.1362F', NULL, NULL, 1, 0, 0, 0, 0, '2022-10-28', '2022-10-28', '2022-10-28', '2022-10-28', '0', '0', 'ADDED NEW PRODUCTS AS REQUESTED BY NVD ON 28-OCT-2022', 1, NULL, NULL, NULL, NULL, 1, '2022-12-31 00:00:00.000000', '0000-00-00 00:00:00.000000', NULL, 0, NULL, NULL, NULL, 1, NULL, 2, 1, 1, 0, NULL, NULL, NULL, 12, 1, 1, 'Indegeneous Item', 0, 0.00, 0.00, 0.00, 'Semi-Finished Goods', 'Semi-Finished Goods', 0),
(15248, 'PK00000024', 'PK00000024', 'PK00000024', 'Insert for K Wire Box (PK00000015), 3 Ply E Flute, Size 43 X 28 X 215mm, Paer 230 duplex + 150/20 Kraft X 2 Fluting - E', 'Insert for K Wire Box (PK00000015), 3 Ply E Flute, Size 43 X 28 X 215mm, Paer 230 duplex + 150/20 Kraft X 2 Fluting - E', NULL, NULL, 1, 0, 0, 0, 0, '2022-10-28', '2022-10-28', '2022-10-28', '2022-10-28', '0', '0', 'ADDED NEW PRODUCTS AS REQUESTED BY NVD ON 28-OCT-2022', 1, NULL, NULL, NULL, NULL, 1, '2022-12-31 00:00:00.000000', '0000-00-00 00:00:00.000000', NULL, 0, NULL, NULL, NULL, 1, NULL, 2, 1, 1, 0, NULL, NULL, NULL, 8, 1, 1, 'Indegeneous Item', 0, 0.00, 0.00, 0.00, 'packing material', 'packing material', 1),
(15249, 'FA00000161', 'FA00000161', 'FA00000161', 'Machine Combine Die for Investment Casting of F. B. Knuckle Joint, Left as per DWG No. A1601.1011/C & F. B. Knuckle Joint, Right as per DWG No. A1601.1012/C ,Die Mtrl-Compression Grade Aluminium 6082 HE30', 'Machine Combine Die for Investment Casting of F. B. Knuckle Joint, Left as per DWG No. A1601.1011/C & F. B. Knuckle Joint, Right as per DWG No. A1601.1012/C ,Die Mtrl-Compression Grade Aluminium 6082 HE30', NULL, NULL, 1, 0, 0, 0, 0, '2022-09-17', '2022-09-17', '2022-09-17', '2022-09-17', '0', '0', 'ADDED NEW PRODUCTS AS REQUESTED BY MKP 17-09-2022', 0, NULL, NULL, NULL, NULL, 1, '2022-12-31 00:00:00.000000', '0000-00-00 00:00:00.000000', NULL, 0, NULL, NULL, NULL, 1, NULL, 1, 1, 1, 0, NULL, NULL, NULL, 5, 1, 1, 'Indegeneous Item', 0, 0.00, 0.00, 0.00, 'Fixed Assets', 'Fixed Assets', 1),
(15250, 'CM00000050', 'CM00000050', 'CM00000050', 'Grease for Robocut Machine, Fanuc, Item Code No. A98L-0004-0602#CTG-J', 'Grease for Robocut Machine, Fanuc, Item Code No. A98L-0004-0602#CTG-J', NULL, NULL, 1, 0, 0, 0, 0, '2022-11-08', '2022-11-08', '2022-11-08', '2022-11-08', '0', '0', 'ADDED NEW PRODUCTS AS REQUESTED BY KN ON 08NOV2022', 0, NULL, NULL, NULL, NULL, 1, '2022-12-31 00:00:00.000000', '0000-00-00 00:00:00.000000', NULL, 0, NULL, NULL, NULL, 2, NULL, 1, 2, 2, 0, NULL, NULL, NULL, 3, 1, 1, 'Indegeneous Item', 0, 0.00, 0.00, 0.00, 'CONSUMABLES', 'CONSUMABLES', 1),
(15251, 'CM00000051', 'CM00000051', 'CM00000051', 'Grease for Robocut Machine, Fanuc, Item Code No. A98L-0001-0465#2  ', 'Grease for Robocut Machine, Fanuc, Item Code No. A98L-0001-0465#2  ', NULL, NULL, 1, 0, 0, 0, 0, '2022-11-08', '2022-11-08', '2022-11-08', '2022-11-08', '0', '0', 'ADDED NEW PRODUCTS AS REQUESTED BY KN ON 08NOV2022', 0, NULL, NULL, NULL, NULL, 1, '2022-12-31 00:00:00.000000', '0000-00-00 00:00:00.000000', NULL, 0, NULL, NULL, NULL, 2, NULL, 1, 2, 2, 0, NULL, NULL, NULL, 3, 1, 1, 'Indegeneous Item', 0, 0.00, 0.00, 0.00, 'CONSUMABLES', 'CONSUMABLES', 1),
(15252, 'CM00000052', 'CM00000052', 'CM00000052', 'Rubber Hand Gloves, Size Small - NULIFE Triple Safety powder Free Nitrile Medical Examination, Non Sterile - NU34, Latex Free Non-Chlorinated, MRK Healthcare Pvt. Ltd. India', 'Rubber Hand Gloves, Size Small - NULIFE Triple Safety powder Free Nitrile Medical Examination, Non Sterile - NU34, Latex Free Non-Chlorinated, MRK Healthcare Pvt. Ltd. India', NULL, NULL, 1, 0, 0, 0, 0, '2022-11-08', '2022-11-08', '2022-11-08', '2022-11-08', '0', '0', 'ADDED NEW PRODUCTS AS REQUESTED BY KAPIL ON 08NOV2022', 0, NULL, NULL, NULL, NULL, 1, '2022-12-31 00:00:00.000000', '0000-00-00 00:00:00.000000', NULL, 0, NULL, NULL, NULL, 1, NULL, 1, 1, 1, 0, NULL, NULL, NULL, 3, 1, 1, 'Indegeneous Item', 0, 0.00, 0.00, 0.00, 'CONSUMABLES', 'CONSUMABLES', 1),
(15253, 'CM00000053', 'CM00000053', 'CM00000053', 'Rubber Hand Gloves, Size Medium - NULIFE Triple Safety powder Free Nitrile Medical Examination, Non Sterile - NU34, Latex Free Non-Chlorinated, MRK Healthcare Pvt. Ltd. India', 'Rubber Hand Gloves, Size Medium - NULIFE Triple Safety powder Free Nitrile Medical Examination, Non Sterile - NU34, Latex Free Non-Chlorinated, MRK Healthcare Pvt. Ltd. India', NULL, NULL, 1, 0, 0, 0, 0, '2022-11-08', '2022-11-08', '2022-11-08', '2022-11-08', '0', '0', 'ADDED NEW PRODUCTS AS REQUESTED BY KAPIL ON 08NOV2022', 0, NULL, NULL, NULL, NULL, 1, '2022-12-31 00:00:00.000000', '0000-00-00 00:00:00.000000', NULL, 0, NULL, NULL, NULL, 1, NULL, 1, 1, 1, 0, NULL, NULL, NULL, 3, 1, 1, 'Indegeneous Item', 0, 0.00, 0.00, 0.00, 'CONSUMABLES', 'CONSUMABLES', 1),
(15254, 'RP00000735', 'RP00000735', 'RP00000735', 'Ball Bearing - No. 6009DU Make - NSK Japan', 'Ball Bearing - No. 6009DU Make - NSK Japan', NULL, NULL, 1, 0, 0, 0, 0, '2022-11-13', '2022-11-13', '2022-11-13', '2022-11-13', '0', '0', 'ADDED NEW PRODUCTS AS REQUESTED VSB ON 13-NOV-22', 0, NULL, NULL, NULL, NULL, 1, '2022-12-31 00:00:00.000000', '0000-00-00 00:00:00.000000', NULL, 0, NULL, NULL, NULL, 1, NULL, 1, 1, 1, 0, NULL, NULL, NULL, 14, 1, 1, 'Indegeneous Item', 0, 0.00, 0.00, 0.00, 'Spares', 'Spares', 1),
(15255, 'SR00002519', 'SR00002519', 'SR00002519', 'Service for Sea import Freight charge per Kg, SAC NO-996531', 'Service for Sea import Freight charge per Kg, SAC NO-996531', NULL, NULL, 1, 0, 0, 0, 0, '2022-11-13', '2022-11-13', '2022-11-13', '2022-11-13', '0', '0', 'ADDED NEW PRODUCTS AS REQUESTED NVD ON 13-11-22', 0, NULL, NULL, NULL, NULL, 1, '2022-12-31 00:00:00.000000', '0000-00-00 00:00:00.000000', NULL, 0, NULL, NULL, NULL, 1, NULL, 1, 1, 1, 0, NULL, NULL, NULL, 13, 1, 1, 'Indegeneous Item', 0, 0.00, 0.00, 0.00, 'Services', 'Services', 1),
(15256, 'FA00000162', 'FA00000162', 'FA00000162', 'Supply of Microboilogy Facility as per attached Annexure', 'Supply of Microboilogy Facility as per attached Annexure', NULL, NULL, 1, 0, 0, 0, 0, '2022-11-18', '2022-11-18', '2022-11-18', '2022-11-18', '0', '0', 'ADDED NEW PRODUCTS AS REQUESTED VSB ON 18-11-22', 1, NULL, NULL, NULL, NULL, 1, '2022-12-31 00:00:00.000000', '0000-00-00 00:00:00.000000', NULL, 0, NULL, NULL, NULL, 1, NULL, 1, 1, 1, 0, NULL, NULL, NULL, 5, 1, 1, 'Indegeneous Item', 0, 0.00, 0.00, 0.00, 'Fixed Assets', 'Fixed Assets', 1),
(15257, 'SR00002520', 'SR00002520', 'SR00002520', 'Installation of Microboilogy Facility as per attached Annexure', 'Installation of Microboilogy Facility as per attached Annexure', NULL, NULL, 1, 0, 0, 0, 0, '2022-11-18', '2022-11-18', '2022-11-18', '2022-11-18', '0', '0', 'ADDED NEW PRODUCTS AS REQUESTED VSB ON 18-11-22', 1, NULL, NULL, NULL, NULL, 1, '2022-12-31 00:00:00.000000', '0000-00-00 00:00:00.000000', NULL, 0, NULL, NULL, NULL, 1, NULL, 1, 1, 1, 0, NULL, NULL, NULL, 13, 1, 1, 'Indegeneous Item', 0, 0.00, 0.00, 0.00, 'Services', 'Services', 1),
(15258, 'CM00000054', 'CM00000054', 'CM00000054', 'General use material as per attached Annexure', 'General use material as per attached Annexure', NULL, NULL, 1, 0, 0, 0, 0, '2022-11-18', '2022-11-18', '2022-11-18', '2022-11-18', '0', '0', 'ADDED NEW PRODUCTS AS REQUESTED MUM ON 18-11-22', 1, NULL, NULL, NULL, NULL, 1, '2022-12-31 00:00:00.000000', '0000-00-00 00:00:00.000000', NULL, 0, NULL, NULL, NULL, 1, NULL, 1, 1, 1, 0, NULL, NULL, NULL, 3, 1, 1, 'Indegeneous Item', 0, 0.00, 0.00, 0.00, 'CONSUMABLES', 'CONSUMABLES', 1),
(15259, 'CM00000055', 'CM00000055', 'CM00000055', 'Bootie for cleanroom dangaree', 'Bootie for cleanroom dangaree', NULL, NULL, 1, 0, 0, 0, 0, '2022-11-18', '2022-11-18', '2022-11-18', '2022-11-18', '0', '0', 'ADDED NEW PRODUCTS AS REQUESTED KAPIL ON 18-11-22', 1, NULL, NULL, NULL, NULL, 1, '2022-12-31 00:00:00.000000', '0000-00-00 00:00:00.000000', NULL, 0, NULL, NULL, NULL, 5, NULL, 1, 5, 5, 0, NULL, NULL, NULL, 3, 1, 1, 'Indegeneous Item', 0, 0.00, 0.00, 0.00, 'CONSUMABLES', 'CONSUMABLES', 1),
(15260, 'FA00000163', 'FA00000163', 'FA00000163', 'Software - Tally - Prime for Single user', 'Software - Tally - Prime for Single user', NULL, NULL, 1, 0, 0, 0, 0, '2022-11-27', '2022-11-27', '2022-11-27', '2022-11-27', '0', '0', 'ADDED NEW PRODUCTS AS REQUESTED BY PRAJYOT ON 03OCT2020', 0, NULL, NULL, NULL, NULL, 1, '2022-12-31 00:00:00.000000', '0000-00-00 00:00:00.000000', NULL, 0, NULL, NULL, NULL, 1, NULL, 1, 1, 1, 0, NULL, NULL, NULL, 5, 1, 1, 'Indegeneous Item', 0, 0.00, 0.00, 0.00, 'Fixed Assests ', 'Fixed Assests ', 0),
(15261, 'RP00000736', 'RP00000736', 'RP00000736', 'Bearing 6209-2Z, Make - SKF', 'Bearing 6209-2Z, Make - SKF', NULL, NULL, 1, 0, 0, 0, 0, '2022-11-27', '2022-11-27', '2022-11-27', '2022-11-27', '0', '0', 'ADDED NEW PRODUCTS AS REQUESTED KN ON 13-NOV-22', 0, NULL, NULL, NULL, NULL, 1, '2022-12-31 00:00:00.000000', '0000-00-00 00:00:00.000000', NULL, 0, NULL, NULL, NULL, 1, NULL, 1, 1, 1, 0, NULL, NULL, NULL, 14, 1, 1, 'Indegeneous Item', 0, 0.00, 0.00, 0.00, 'Spares', 'Spares', 1),
(15262, 'RP00000737', 'RP00000737', 'RP00000737', 'Cone Locator for Gundrill Machine, Code No. G-A44-3035-Cone Locator, Make - Precihole', 'Cone Locator for Gundrill Machine, Code No. G-A44-3035-Cone Locator, Make - Precihole', NULL, NULL, 1, 0, 0, 0, 0, '2022-12-06', '2022-12-06', '2022-12-06', '2022-12-06', '0', '0', 'ADDED NEW PRODUCTS AS REQUESTED AV ON 06-12-2022', 0, NULL, NULL, NULL, NULL, 1, '2022-12-31 00:00:00.000000', '0000-00-00 00:00:00.000000', NULL, 0, NULL, NULL, NULL, 1, NULL, 1, 1, 1, 0, NULL, NULL, NULL, 14, 1, 1, 'Indegeneous Item', 0, 0.00, 0.00, 0.00, 'Spares', 'Spares', 1),
(15263, 'RP00000738', 'RP00000738', 'RP00000738', 'SMF Battery for UPS, Model No. 12AL042, Nominal Voltage 12V, Rating 42AH, Series - Quanta, Make - Amaron', 'SMF Battery for UPS, Model No. 12AL042, Nominal Voltage 12V, Rating 42AH, Series - Quanta, Make - Amaron', NULL, NULL, 1, 0, 0, 0, 0, '2022-12-06', '2022-12-06', '2022-12-06', '2022-12-06', '0', '0', 'ADDED NEW PRODUCTS AS REQUESTED MITHUN ON 06-12-2022', 0, NULL, NULL, NULL, NULL, 1, '2022-12-31 00:00:00.000000', '0000-00-00 00:00:00.000000', NULL, 0, NULL, NULL, NULL, 1, NULL, 1, 1, 1, 0, NULL, NULL, NULL, 14, 1, 1, 'Indegeneous Item', 0, 0.00, 0.00, 0.00, 'Spares', 'Spares', 1),
(15264, 'FA00000164', 'FA00000164', 'FA00000164', 'Printer - Color Laser, Model No. 8124cid with ADF (Auto documents feeder), Make - Kyocera', 'Printer - Color Laser, Model No. 8124cid with ADF (Auto documents feeder), Make - Kyocera', NULL, NULL, 1, 0, 0, 0, 0, '2022-11-27', '2022-11-27', '2022-11-27', '2022-11-27', '0', '0', 'ADDED NEW PRODUCTS AS REQUESTED MITHUN ON 06-12-2022', 0, NULL, NULL, NULL, NULL, 1, '2022-12-31 00:00:00.000000', '0000-00-00 00:00:00.000000', NULL, 0, NULL, NULL, NULL, 1, NULL, 1, 1, 1, 0, NULL, NULL, NULL, 5, 1, 1, 'Indegeneous Item', 0, 0.00, 0.00, 0.00, 'Fixed Assests ', 'Fixed Assests ', 0);
INSERT INTO `inventory_rawmaterial` (`id`, `item_code`, `item_name`, `item_short_name`, `discription`, `short_description`, `receipt_to_stock_keeping_fact`, `stop_keeping_to_issue`, `quantity`, `reorder_level`, `min_stock`, `max_stock`, `over_stock`, `min_stock_set_date`, `max_stock_set_date`, `reorder_set_date`, `overstock_set_date`, `ad_sp1`, `ad_sp2`, `revision_record`, `expiry_control`, `method_of_expiry`, `checked_at`, `approved_at`, `remarks`, `is_active`, `created`, `updated`, `approver_id`, `brand_id`, `category_id`, `checker_id`, `created_by_id`, `issue_unit_id`, `item_classification_id`, `item_type_id`, `receipt_unit_id`, `stock_keeping_unit_id`, `is_direct_matieral`, `hsn_code`, `availble_quantity`, `opening_quantity`, `item_type_id_2`, `conv_fact_in_ru`, `conv_fact_in_iu`, `item_origin`, `stock_type`, `company_purchase_rate`, `purchase_rate`, `sales_rate`, `path`, `hierarchy_path`, `unit_weight_kgs`) VALUES
(15265, 'FA00000165', 'FA00000165', 'FA00000165', 'Cold Welding Machine, IGBT Inverter Based with Analog Controls & Integrated HF Arcing System, (The detail specification & accessories as per attached annexure), Make ARCRAFT PLASMA EQUIPMENTS (INDIA) PVT. LTD. ', 'Cold Welding Machine, IGBT Inverter Based with Analog Controls & Integrated HF Arcing System, (The detail specification & accessories as per attached annexure), Make ARCRAFT PLASMA EQUIPMENTS (INDIA) PVT. LTD. ', NULL, NULL, 1, 0, 0, 0, 0, '2022-12-17', '2022-12-17', '2022-12-17', '2022-12-17', '0', '0', 'ADDED NEW PRODUCTS AS REQUESTED BY PST ON 17 DEC 2022', 0, NULL, NULL, NULL, NULL, 1, '2022-12-31 00:00:00.000000', '0000-00-00 00:00:00.000000', NULL, 0, NULL, NULL, NULL, 1, NULL, 1, 1, 1, 0, NULL, NULL, NULL, 5, 1, 1, 'Indegeneous Item', 0, 0.00, 0.00, 0.00, 'Fixed Assests ', 'Fixed Assests ', 0),
(15266, 'RP00000739', 'RP00000739', 'RP00000739', 'Tip Screw Tighting Keys - Code No. 5680 049-04, Make - Sandvik', 'Tip Screw Tighting Keys - Code No. 5680 049-04, Make - Sandvik', NULL, NULL, 1, 0, 0, 0, 0, '2022-12-25', '2022-12-25', '2022-12-25', '2022-12-25', '0', '0', 'ADDED NEW PRODUCTS AS REQUESTED AV ON 25-12-2022', 0, NULL, NULL, NULL, NULL, 1, '2022-12-31 00:00:00.000000', '0000-00-00 00:00:00.000000', NULL, 0, NULL, NULL, NULL, 1, NULL, 1, 1, 1, 0, NULL, NULL, NULL, 14, 1, 1, 'Indegeneous Item', 0, 0.00, 0.00, 0.00, 'Spares', 'Spares', 1),
(15269, 'RP00000740', 'RP00000740', 'RP00000740', 'Ball Bearing, Code No. 3305B.TVH, Make - FAG Italy', 'Ball Bearing, Code No. 3305B.TVH, Make - FAG Italy', NULL, NULL, 1, 0, 0, 0, 0, '2022-12-25', '2022-12-25', '2022-12-25', '2022-12-25', 'RP00000740', '0', 'ADDED NEW PRODUCTS AS REQUESTED KN ON 25-12-2022', 0, NULL, NULL, NULL, NULL, 1, '2022-12-31 00:00:00.000000', '2023-01-06 03:14:19.000000', 1, NULL, NULL, 1, NULL, 1, NULL, 1, 1, 1, 0, NULL, NULL, NULL, 14, 1, 1, 'Indegeneous Item', 0, 0.00, 0.00, 0.00, 'Spares', 'Spares', 1),
(15270, 'RP00000741', 'RP00000741', 'RP00000741', 'Argon Regulator, Single Stage, Two Regulators along with Flow Meter, Make Jindal', 'Argon Regulator, Single Stage, Two Regulators along with Flow Meter, Make Jindal', NULL, NULL, 1, 0, 0, 0, 0, '2022-12-25', '2022-12-25', '2022-12-25', '2022-12-25', 'RP00000741', '0', 'ADDED NEW PRODUCTS AS REQUESTED PST ON 25-12-2022', 0, NULL, NULL, NULL, NULL, 1, '2022-12-31 00:00:00.000000', '2023-01-06 03:42:34.000000', 1, NULL, NULL, 1, NULL, 1, NULL, 1, 1, 1, 0, 'gdfgd', NULL, NULL, 14, 1, 1, 'Imported Item', 0, 0.00, 0.00, 0.00, 'Spares', 'Spares', 1),
(15271, 'RP00000742', 'RP00000742', 'RP00000742', 'PCB, Type A20B-1007-0910/02A, Make Fanuc (For Tornos Machine)', 'PCB, Type A20B-1007-0910/02A, Make Fanuc (For Tornos Machine)', NULL, NULL, 1, 0, 0, 0, 0, '2023-01-03', '2023-01-03', '2023-01-03', '2023-01-03', '0', '0', ' ADDED NEW PRODUCTS AS REQUESTED KN ON 03-01-2023 ', 1, NULL, NULL, NULL, NULL, 1, '2023-01-14 00:00:00.000000', '0000-00-00 00:00:00.000000', NULL, 0, NULL, NULL, NULL, 1, NULL, 1, 1, 1, 0, NULL, NULL, NULL, 14, 1, 1, 'Indigenous Item', 0, 0.00, 0.00, 0.00, 'Spares', 'Spares', 1),
(15272, 'SF00000036', 'SF00000036', 'SF00000036', 'Semi-Finished - Kerrison Punch, Upward 130 Deg., 2mm Bite Non Detachable as per Drawing No. J0170.00', 'Semi-Finished - Kerrison Punch, Upward 130 Deg., 2mm Bite Non Detachable as per Drawing No. J0170.00', NULL, NULL, 1, 0, 0, 0, 0, '2023-01-03', '2023-01-03', '2023-01-03', '2023-01-03', '0', '0', ' ADDED NEW PRODUCTS AS REQUESTED KN ON 03-01-2023 ', 1, NULL, NULL, NULL, NULL, 1, '2023-01-14 00:00:00.000000', '0000-00-00 00:00:00.000000', NULL, 0, NULL, NULL, NULL, 1, NULL, 2, 1, 1, 0, NULL, NULL, NULL, 12, 1, 1, 'Indigenous Item', 0, 0.00, 0.00, 0.00, 'Semi-Finished Goods', 'Semi-Finished Goods', 1),
(15273, 'SR00002521', 'SR00002521', 'SR00002521', 'Service for Comprehensive Analysis of hazardous waste as per attached annexure', 'Service for Comprehensive Analysis of hazardous waste as per attached annexure', NULL, NULL, 1, 0, 0, 0, 0, '2023-01-03', '2023-01-03', '2023-01-03', '2023-01-03', '0', '0', ' ADDED NEW PRODUCTS AS REQUESTED VSB ON 03-01-2023 ', 1, NULL, NULL, NULL, NULL, 1, '2023-01-14 00:00:00.000000', '0000-00-00 00:00:00.000000', NULL, 0, NULL, NULL, NULL, 1, NULL, 1, 1, 1, 0, NULL, NULL, NULL, 13, 1, 1, 'Indigenous Item', 0, 0.00, 0.00, 0.00, 'Semi-Finished Goods', 'Semi-Finished Goods', 1),
(15274, 'SR00002523', 'SR00002523', 'SR00002523', 'Service for Residue Testig after ETO Sterilization as per ISO 10993, Part 7', 'Service for Residue Testig after ETO Sterilization as per ISO 10993, Part 7', NULL, NULL, 1, 0, 0, 0, 0, '2023-01-13', '2023-01-13', '2023-01-13', '2023-01-13', '0', '0', 'ADDED NEW PRODUCTS AS REQUESTED SPJ ON 13-01-2023', 1, NULL, NULL, NULL, NULL, 1, '2023-01-14 00:00:00.000000', '0000-00-00 00:00:00.000000', NULL, 0, NULL, NULL, NULL, 1, NULL, 2, 1, 1, 0, NULL, NULL, NULL, 13, 1, 1, 'Indegeneous Item', 0, 0.00, 0.00, 0.00, 'Service', 'Service', 1),
(15275, 'SR00002524', 'SR00002524', 'SR00002524', 'Service for EO & ECH Testing on Device per Life Time as per ISO 10993, Part &', 'Service for EO & ECH Testing on Device per Life Time as per ISO 10993, Part &', NULL, NULL, 1, 0, 0, 0, 0, '2023-01-13', '2023-01-13', '2023-01-13', '2023-01-13', '0', '0', 'ADDED NEW PRODUCTS AS REQUESTED SPJ ON 13-01-2023', 1, NULL, NULL, NULL, NULL, 1, '2023-01-14 00:00:00.000000', '0000-00-00 00:00:00.000000', NULL, 0, NULL, NULL, NULL, 1, NULL, 2, 1, 1, 0, NULL, NULL, NULL, 13, 1, 1, 'Indegeneous Item', 0, 0.00, 0.00, 0.00, 'Service', 'Service', 1),
(15276, 'TL00000364', 'TL00000364', 'TL00000364', 'T Slot Cutter, Dia. 6.0 X W 0.45 X Under Cut Dia. 3.0 X TL 65.0mm, Solid Carbide, Make VP', 'T Slot Cutter, Dia. 6.0 X W 0.45 X Under Cut Dia. 3.0 X TL 65.0mm, Solid Carbide, Make VP', NULL, NULL, 1, 0, 0, 0, 0, '2023-01-13', '2023-01-13', '2023-01-13', '2023-01-13', '0', '0', 'ADDED NEW PRODUCTS AS REQUESTED PST ON 13-01-2023', 1, NULL, NULL, NULL, NULL, 1, '2023-01-14 00:00:00.000000', '0000-00-00 00:00:00.000000', NULL, 0, NULL, NULL, NULL, 1, NULL, 1, 1, 1, 0, NULL, NULL, NULL, 17, 1, 1, 'Indegeneous Item', 0, 0.00, 0.00, 0.00, 'Tools', 'Tools', 1),
(15280, 'RM00000056', 'RM00000056', 'RM00000056', 'SS 304 Tube, OD 3.0 mm (+/-0.1 ) X ID 1.8 mm (+/-0.1), Conforming to ASTM A312 TP304', 'SS 304 Tube, OD 3.0 mm (+/-0.1 ) X ID 1.8 mm (+/-0.1), Conforming to ASTM A312 TP304', NULL, NULL, 1, 0, 0, 0, 0, '2023-02-08', '2023-02-08', '2023-02-08', '2023-02-08', '0', '0', 'ADDED NEW PRODUCTS AS REQUESTED PST ON 08-02-2023', 0, NULL, NULL, NULL, NULL, 1, '2023-02-09 00:00:00.000000', '0000-00-00 00:00:00.000000', NULL, 0, NULL, NULL, NULL, 6, NULL, 2, 6, 6, 0, NULL, NULL, NULL, 11, 1, 1, 'INDEGENEOUS ITEM', 0, 0.00, 0.00, 0.00, 'Raw Materials', 'Raw Materials', 1),
(15281, 'RM00000057', 'RM00000057', 'RM00000057', 'SS 304 Tube, OD 4.0 mm (+/-0.1 ) X ID 3.0 mm (+/-0.1), Conforming to ASTM A312 TP304', 'SS 304 Tube, OD 4.0 mm (+/-0.1 ) X ID 3.0 mm (+/-0.1), Conforming to ASTM A312 TP304', NULL, NULL, 1, 0, 0, 0, 0, '2023-02-08', '2023-02-08', '2023-02-08', '2023-02-08', '0', '0', 'ADDED NEW PRODUCTS AS REQUESTED PST ON 08-02-2023', 0, NULL, NULL, NULL, NULL, 1, '2023-02-09 00:00:00.000000', '0000-00-00 00:00:00.000000', NULL, 0, NULL, NULL, NULL, 6, NULL, 2, 6, 6, 0, NULL, NULL, NULL, 11, 1, 1, 'INDEGENEOUS ITEM', 0, 0.00, 0.00, 0.00, 'Raw Materials', 'Raw Materials', 1),
(15282, 'RP00000754', 'RP00000754', 'RP00000754', 'Induction Motor, 3 Phase, 0.55KW, Make - Rotomotive OR Equivalent', 'Induction Motor, 3 Phase, 0.55KW, Make - Rotomotive OR Equivalent', NULL, NULL, 1, 0, 0, 0, 0, '2023-02-08', '2023-02-08', '2023-02-08', '2023-02-08', '0', '0', 'ADDED NEW PRODUCTS AS REQUESTED kn ON 08-02-2023', 0, NULL, NULL, NULL, NULL, 1, '2023-02-09 00:00:00.000000', '0000-00-00 00:00:00.000000', NULL, 0, NULL, NULL, NULL, 1, NULL, 1, 1, 1, 0, NULL, NULL, NULL, 14, 1, 1, 'Indegeneous Item', 0, 0.00, 0.00, 0.00, 'Spares', 'Spares', 1),
(15283, 'TL00000203 ', 'TL00000203 ', 'TL00000203 ', 'Insert DNMG150608-RSMP-9015, Make Mitsubishi', 'Insert DNMG150608-RSMP-9015, Make Mitsubishi', NULL, NULL, 1, 0, 0, 0, 0, '2018-09-28', '2018-09-28', '2018-09-28', '2018-09-28', '0', '0', 'ADDED NEW PRODUCTS AS REQUESTED BY AV ON 28-09-2018', 1, NULL, NULL, NULL, NULL, 1, '2023-03-18 00:00:00.000000', '0000-00-00 00:00:00.000000', NULL, 0, NULL, NULL, NULL, 1, NULL, 1, 1, 1, 0, NULL, NULL, NULL, 17, 1, 1, 'Indegeneous Item', 0, 0.00, 0.00, 0.00, 'Tools', 'Tools', 0);

-- --------------------------------------------------------

--
-- Table structure for table `inventory_rawmaterial_issue_unit`
--

CREATE TABLE `inventory_rawmaterial_issue_unit` (
  `id` int(11) NOT NULL,
  `unit_name` varchar(100) NOT NULL,
  `is_active` tinyint(1) NOT NULL,
  `created` datetime(6) NOT NULL,
  `updated` datetime(6) NOT NULL,
  `created_by_id` int(11) DEFAULT NULL
) ENGINE=MyISAM DEFAULT CHARSET=latin1;

--
-- Dumping data for table `inventory_rawmaterial_issue_unit`
--

INSERT INTO `inventory_rawmaterial_issue_unit` (`id`, `unit_name`, `is_active`, `created`, `updated`, `created_by_id`) VALUES
(1, 'Nos', 1, '0000-00-00 00:00:00.000000', '0000-00-00 00:00:00.000000', NULL),
(2, 'Kgs', 1, '0000-00-00 00:00:00.000000', '0000-00-00 00:00:00.000000', NULL),
(3, 'Ltrs', 1, '0000-00-00 00:00:00.000000', '0000-00-00 00:00:00.000000', NULL),
(4, 'Mtrs', 1, '0000-00-00 00:00:00.000000', '0000-00-00 00:00:00.000000', NULL),
(5, 'Pair', 1, '0000-00-00 00:00:00.000000', '0000-00-00 00:00:00.000000', NULL),
(6, 'Feet', 1, '0000-00-00 00:00:00.000000', '0000-00-00 00:00:00.000000', NULL),
(7, 'Set', 1, '0000-00-00 00:00:00.000000', '0000-00-00 00:00:00.000000', NULL),
(8, 'Pcs', 1, '0000-00-00 00:00:00.000000', '0000-00-00 00:00:00.000000', NULL),
(9, 'Sqmt', 1, '0000-00-00 00:00:00.000000', '0000-00-00 00:00:00.000000', NULL),
(10, 'Shot', 1, '0000-00-00 00:00:00.000000', '0000-00-00 00:00:00.000000', NULL),
(11, 'Sqft', 1, '0000-00-00 00:00:00.000000', '0000-00-00 00:00:00.000000', NULL),
(12, 'Rmt.', 1, '0000-00-00 00:00:00.000000', '0000-00-00 00:00:00.000000', NULL);

-- --------------------------------------------------------

--
-- Table structure for table `inventory_rawmaterial_stock_keeping_unit`
--

CREATE TABLE `inventory_rawmaterial_stock_keeping_unit` (
  `id` int(11) NOT NULL,
  `unit_name` varchar(100) NOT NULL,
  `is_active` tinyint(1) NOT NULL,
  `created` datetime(6) NOT NULL,
  `updated` datetime(6) NOT NULL,
  `created_by_id` int(11) DEFAULT NULL
) ENGINE=MyISAM DEFAULT CHARSET=latin1;

--
-- Dumping data for table `inventory_rawmaterial_stock_keeping_unit`
--

INSERT INTO `inventory_rawmaterial_stock_keeping_unit` (`id`, `unit_name`, `is_active`, `created`, `updated`, `created_by_id`) VALUES
(1, 'Nos', 1, '0000-00-00 00:00:00.000000', '0000-00-00 00:00:00.000000', NULL),
(2, 'Kgs', 1, '0000-00-00 00:00:00.000000', '0000-00-00 00:00:00.000000', NULL),
(3, 'Ltrs', 1, '0000-00-00 00:00:00.000000', '0000-00-00 00:00:00.000000', NULL),
(4, 'Mtrs', 1, '0000-00-00 00:00:00.000000', '0000-00-00 00:00:00.000000', NULL),
(5, 'Pair', 1, '0000-00-00 00:00:00.000000', '0000-00-00 00:00:00.000000', NULL),
(6, 'Feet', 1, '0000-00-00 00:00:00.000000', '0000-00-00 00:00:00.000000', NULL),
(7, 'Set', 1, '0000-00-00 00:00:00.000000', '0000-00-00 00:00:00.000000', NULL),
(8, 'Pcs', 1, '0000-00-00 00:00:00.000000', '0000-00-00 00:00:00.000000', NULL),
(9, 'Sqmt', 1, '0000-00-00 00:00:00.000000', '0000-00-00 00:00:00.000000', NULL),
(10, 'Shot', 1, '0000-00-00 00:00:00.000000', '0000-00-00 00:00:00.000000', NULL),
(11, 'Sqft', 1, '0000-00-00 00:00:00.000000', '0000-00-00 00:00:00.000000', NULL),
(12, 'Rmt.', 1, '0000-00-00 00:00:00.000000', '0000-00-00 00:00:00.000000', NULL);

-- --------------------------------------------------------

--
-- Table structure for table `inv_batchcard_qty_updation_request`
--

CREATE TABLE `inv_batchcard_qty_updation_request` (
  `id` int(11) NOT NULL,
  `batchcard_id` int(11) DEFAULT NULL COMMENT 'pk->batchcard_batchcard',
  `batchcard_material_id` int(11) DEFAULT NULL COMMENT 'pk->batchcard_materials',
  `item_id` int(11) DEFAULT NULL COMMENT 'pk->inventory_rawmaterials',
  `sku_qty_to_be_update` int(11) DEFAULT NULL,
  `material_qty_to_be_update` int(11) DEFAULT NULL,
  `status` int(11) DEFAULT NULL COMMENT '0-reject,1-approved,2-pending',
  `created_at` datetime DEFAULT NULL,
  `updated_at` datetime DEFAULT NULL
) ENGINE=InnoDB DEFAULT CHARSET=utf8mb4;

--
-- Dumping data for table `inv_batchcard_qty_updation_request`
--

INSERT INTO `inv_batchcard_qty_updation_request` (`id`, `batchcard_id`, `batchcard_material_id`, `item_id`, `sku_qty_to_be_update`, `material_qty_to_be_update`, `status`, `created_at`, `updated_at`) VALUES
(8, 5768, 28, 4470, 6, 20, 1, '2023-02-16 21:12:08', '2023-02-16 21:12:08'),
(9, 5772, 1, 4470, 5, 10, 1, '2023-03-01 21:20:36', '2023-03-01 21:20:36');

-- --------------------------------------------------------

--
-- Table structure for table `inv_final_purchase_order_item`
--

CREATE TABLE `inv_final_purchase_order_item` (
  `id` int(11) NOT NULL,
  `delivery_schedule` date DEFAULT NULL,
  `order_qty` float DEFAULT NULL,
  `rate` float(20,2) DEFAULT NULL,
  `discount` float DEFAULT NULL,
  `gst` int(11) DEFAULT NULL,
  `Specification` text DEFAULT NULL,
  `status` int(11) DEFAULT 1 COMMENT '0-deactive,1-active,2-delete,3-due,4-pending,5-hold,6-expired',
  `item_id` int(11) DEFAULT NULL COMMENT 'pk->purchase_requisition_item(For merged invoice item of different pr , save one of the pr_item_id)',
  `cancelled_qty` float NOT NULL DEFAULT 0,
  `qty_to_invoice` float DEFAULT NULL,
  `current_invoice_qty` float DEFAULT 0
) ENGINE=InnoDB DEFAULT CHARSET=utf8;

--
-- Dumping data for table `inv_final_purchase_order_item`
--

INSERT INTO `inv_final_purchase_order_item` (`id`, `delivery_schedule`, `order_qty`, `rate`, `discount`, `gst`, `Specification`, `status`, `item_id`, `cancelled_qty`, `qty_to_invoice`, `current_invoice_qty`) VALUES
(99, NULL, 50, 710.00, 14, 4, NULL, 1, 95, 0, 50, 0),
(100, NULL, 60, 500.00, 12, 9, NULL, 1, 83, 0, 60, 0),
(101, NULL, 45, 400.00, 10, 4, NULL, 1, 89, 0, 45, 0),
(102, NULL, 50, 1000.00, 10, 8, NULL, 1, 85, 0, 50, 0),
(103, NULL, 45, 1111.00, 10, 7, 'rewr', 1, 86, 0, 45, 0),
(108, NULL, 5, 400.00, 10, 4, NULL, 1, 89, 0, 5, 0),
(109, NULL, 10, 400.00, 10, 4, NULL, 1, 89, 0, 10, 0),
(110, NULL, 3, 400.00, 10, 4, NULL, 1, 89, 0, 3, 0),
(111, NULL, 70, 750.00, NULL, 4, NULL, 1, 99, 0, 70, 0),
(112, NULL, 100, 700.00, 10, 7, 'wdwef', 1, 96, 0, 100, 0),
(113, NULL, 100, 200.00, 17, 7, 'ijk', 1, 97, 0, 80, 0),
(114, NULL, 10, 400.00, 13, 7, 'uu', 1, 94, 0, 10, 0),
(115, NULL, 70, 44.12, 0, 10, NULL, 1, 102, 0, 30, 40),
(116, NULL, 30, 45.79, 0, 10, NULL, 1, 104, 0, 30, 0),
(117, NULL, 20, 45.84, 0, 10, NULL, 1, 103, 0, 20, 0),
(118, NULL, 40, 45.79, 0, 10, NULL, 1, 106, 0, 40, 0),
(119, NULL, 50, 600.00, 10, 7, NULL, 1, 111, 0, 5, 0),
(120, NULL, 80, 400.00, 10, 8, NULL, 1, 112, 0, 80, 0),
(121, NULL, 10, 2902.14, 0, 8, NULL, 1, 101, 0, 10, 0),
(122, NULL, 64, 11413.00, 0, 5, NULL, 1, 100, 2, 64, 0),
(123, NULL, 67, 750.00, NULL, 4, NULL, 1, 92, 3, 67, 0),
(124, NULL, 48, 45.79, 0, 10, NULL, 1, 114, 2, 48, 0),
(125, NULL, 50, 100.00, 10, 7, 'ds', 1, 156, 0, 0, 0),
(126, NULL, 60, 150.00, 8, 7, 'dsf', 1, 155, 0, 0, 0),
(127, NULL, 40, 1000.00, 12, 7, 'jj', 1, 158, 10, 0, 0),
(128, NULL, 50, 200.00, 10, 8, 'jj', 1, 157, 20, 0, 0),
(129, NULL, 60, 200.00, 12, 7, 'h', 1, 109, 0, 60, 0),
(130, NULL, 20, 1100.00, 12, 7, 'werwe', 1, 69, 0, 0, 0),
(131, NULL, 100, 160.00, 10, 8, 'rege', 1, 58, 0, 0, 0),
(132, NULL, 80, 3000.00, 10, 7, NULL, 1, 110, 0, 80, 0),
(133, NULL, 15, 1000.00, 12, 7, 'jj', 1, 158, 0, 0, 0),
(134, NULL, 10, 200.00, 12, 7, 'h', 1, 109, 0, 10, 0),
(135, NULL, 40, 100.00, 15, 7, 'kjjkkj', 1, 181, 0, 0, 0),
(136, NULL, 10, 100.00, 15, 7, NULL, 1, 180, 0, 0, 0),
(137, NULL, 10, 160.00, 10, 8, 'rege', 1, 58, 0, 0, 0),
(138, NULL, 20, 1000.00, 10, 7, 'test', 1, 105, 0, 20, 0),
(139, NULL, 60, 250.00, 0, 7, NULL, 1, 160, 0, 60, 0),
(140, NULL, 2, 160.00, 10, 8, 'rege', 1, 58, 0, 2, 0),
(141, NULL, 30, 1000.00, 10, 8, NULL, 1, 79, 0, 30, 0),
(142, NULL, 50, 500.00, 12, 9, NULL, 1, 80, 0, 50, 0),
(143, NULL, 20, 500.00, 12, 9, NULL, 1, 78, 0, 20, 0),
(144, NULL, 90, 1000.00, 10, 8, NULL, 1, 76, 0, 90, 0),
(145, NULL, 80, 1000.00, 10, 8, NULL, 1, 71, 0, 80, 0),
(146, NULL, 60, 500.00, 12, 9, NULL, 1, 72, 0, 60, 0),
(147, NULL, 300, 1000.00, 12, 1, 'nnnnnnnnnnnnn', 1, 59, 0, 300, 0);

-- --------------------------------------------------------

--
-- Table structure for table `inv_final_purchase_order_master`
--

CREATE TABLE `inv_final_purchase_order_master` (
  `id` int(11) NOT NULL,
  `po_number` varchar(20) DEFAULT NULL,
  `po_date` date DEFAULT NULL,
  `created_at` datetime DEFAULT NULL,
  `updated_at` datetime DEFAULT NULL,
  `created_by` int(11) DEFAULT NULL,
  `status` int(11) DEFAULT 1 COMMENT '0-deactive,1-active,2-delete,3-due,4-pending,5-hold,6-expire',
  `rq_master_id` int(11) DEFAULT NULL,
  `supplier_id` int(11) DEFAULT NULL,
  `processed_by` int(11) DEFAULT NULL,
  `processed_date` date DEFAULT NULL,
  `remarks` text DEFAULT NULL,
  `type` enum('PO','WO') NOT NULL DEFAULT 'PO',
  `excess_order_of` int(11) DEFAULT NULL
) ENGINE=InnoDB DEFAULT CHARSET=utf8;

--
-- Dumping data for table `inv_final_purchase_order_master`
--

INSERT INTO `inv_final_purchase_order_master` (`id`, `po_number`, `po_date`, `created_at`, `updated_at`, `created_by`, `status`, `rq_master_id`, `supplier_id`, `processed_by`, `processed_date`, `remarks`, `type`, `excess_order_of`) VALUES
(97, 'POC2-2223-001', '2022-11-04', '2022-11-04 11:51:51', '2022-11-04 13:21:04', 5, 0, 82, 10, 15, '2022-11-04', NULL, 'PO', 0),
(98, 'POI3-2223ID-001', '2022-11-04', '2022-11-04 11:51:51', '2022-11-11 16:03:13', 5, 1, 80, 51, 5, '2022-11-11', NULL, 'PO', 0),
(99, 'POI3-2223ID-002', '2022-11-04', '2022-11-04 11:51:51', '2022-11-04 13:22:10', 5, 1, 79, 1, 15, '2022-11-04', NULL, 'PO', 0),
(100, 'POI2-2223-004', '2022-11-05', '2022-11-05 20:49:49', '2022-11-11 16:06:25', 5, 1, 81, 51, 5, '2022-11-11', NULL, 'PO', 0),
(105, 'POI3-2223ID-003', '2022-11-04', '2022-11-10 12:06:25', '2022-12-14 13:22:46', 1, 1, 79, 1, 5, '2022-12-14', NULL, 'PO', 99),
(106, 'POI3-2223ID-004', '2022-11-04', '2022-11-10 19:50:24', '2022-11-11 16:03:13', 5, 1, 79, 1, 5, '2022-11-11', NULL, 'PO', 99),
(107, 'POI3-2223ID-005', '2022-11-04', '2022-11-10 19:55:58', '2022-11-11 16:03:13', 5, 1, 79, 1, 5, '2022-11-11', NULL, 'PO', 99),
(108, 'POC3-2223ID-006', '2022-11-25', '2022-11-25 17:59:46', '2022-12-06 15:30:21', 5, 0, 92, 1, 12, '2022-12-06', 'hhh', 'PO', NULL),
(109, 'POI2-2223-009', '2022-11-28', '2022-11-28 10:23:47', '2022-11-28 10:23:55', 5, 1, 95, 147, 5, '2022-11-28', NULL, 'PO', NULL),
(110, 'POI3-2223ID-007', '2022-11-30', '2022-11-30 09:22:45', '2022-11-30 09:23:02', 5, 1, 96, 1, 5, '2022-11-30', NULL, 'PO', NULL),
(111, 'POI3-2223ID-008', '2022-11-30', '2022-11-30 09:44:31', '2022-11-30 09:44:54', 5, 1, 97, 5, 5, '2022-11-30', NULL, 'PO', NULL),
(112, 'POI2-2223-012', '2022-11-30', '2022-11-30 10:06:37', '2022-11-30 10:06:51', 5, 1, 98, 108, 5, '2022-11-30', NULL, 'PO', NULL),
(113, 'WOI2-2223-001', '2022-12-05', '2022-12-05 14:08:07', '2022-12-05 14:08:27', 5, 1, 103, 108, 5, '2022-12-05', NULL, 'WO', NULL),
(114, 'WOC2-2223-002', '2022-12-07', '2022-12-07 12:07:54', '2022-12-07 12:09:38', 5, 0, 104, 108, 14, '2022-12-07', NULL, 'WO', NULL),
(115, 'POI2-2223-013', '2022-12-14', '2022-12-14 13:25:25', '2022-12-14 13:25:37', 5, 1, 109, 1, 5, '2022-12-14', NULL, 'PO', NULL),
(116, 'POI2-2223-014', '2022-12-15', '2022-12-15 13:12:22', '2022-12-15 13:12:32', 5, 1, 110, 162, 5, '2022-12-15', NULL, 'PO', NULL),
(117, 'POI3-2223ID-009', '2022-12-17', '2022-12-17 16:59:16', '2023-01-25 18:11:11', 5, 1, 94, 83, 1, '2023-01-25', NULL, 'PO', NULL),
(118, 'POI3-2223ID-010', '2022-12-17', '2022-12-17 16:59:16', '2023-01-25 17:45:32', 5, 1, 93, 11, 1, '2023-01-25', NULL, 'PO', NULL),
(119, 'POI3-2223ID-011', '2022-12-17', '2022-12-17 16:59:16', '2022-12-17 16:59:16', 5, 4, 83, 1, NULL, NULL, NULL, 'PO', NULL),
(120, 'POI2-2223-018', '2023-01-04', '2023-01-04 16:33:44', '2023-01-04 16:33:44', 1, 4, 111, 108, NULL, NULL, NULL, 'PO', NULL),
(121, 'POI2-2223-019', '2023-01-14', '2023-01-14 10:41:32', '2023-01-14 10:41:46', 1, 1, 156, 17, 1, '2023-01-14', NULL, 'PO', NULL),
(122, 'POI2-2223-020', '2023-01-17', '2023-01-17 16:38:41', '2023-01-17 16:39:01', 1, 1, 157, 17, 1, '2023-01-17', NULL, 'PO', NULL),
(123, 'WOI2-2223-003', '2023-02-02', '2023-02-02 10:07:59', '2023-02-02 10:08:08', 1, 1, 114, 17, 1, '2023-02-02', NULL, 'WO', NULL),
(124, 'POI3-2223ID-012', '2023-02-16', '2023-02-16 09:24:34', '2023-03-09 19:34:03', 1, 1, 74, 13, 1, '2023-03-09', NULL, 'PO', NULL),
(125, 'WOI2-2223-004', '2023-02-16', '2023-02-16 09:58:22', '2023-02-16 09:58:22', 1, 4, 113, 1, NULL, NULL, NULL, 'WO', NULL),
(126, 'POI2-2223-022', '2023-01-17', '2023-03-08 13:31:53', '2023-03-08 13:32:53', 1, 1, 157, 17, 1, '2023-03-08', NULL, 'PO', 122),
(127, 'WOI2-2223-005', '2023-02-02', '2023-03-08 13:41:54', '2023-03-08 13:42:05', 1, 1, 114, 17, 1, '2023-03-08', NULL, 'WO', 123),
(128, 'POI2-2223-023', '2023-03-09', '2023-03-09 15:10:50', '2023-03-09 15:11:07', 1, 1, 160, 108, 1, '2023-03-09', NULL, 'PO', NULL),
(129, 'POI3-2223ID-013', '2023-02-16', '2023-03-09 19:35:31', '2023-03-09 19:36:19', 1, 1, 74, 13, 1, '2023-03-09', NULL, 'PO', 124),
(130, 'WOI2-2223-006', '2023-03-11', '2023-03-11 10:24:03', '2023-03-11 10:24:03', 1, 4, 161, 1, NULL, NULL, NULL, 'WO', NULL),
(131, 'WOI3-2223-007', '2023-03-11', '2023-03-11 10:26:48', '2023-03-11 10:26:48', 1, 4, 162, 99, NULL, NULL, NULL, 'WO', NULL),
(132, 'POI3-2223ID-014', '2023-02-16', '2023-03-21 12:44:23', '2023-03-21 12:44:23', 1, 4, 74, 13, NULL, NULL, NULL, 'PO', 129),
(133, 'POI3-2223ID-015', '2023-03-30', '2023-03-30 15:42:56', '2023-03-30 15:42:56', 1, 4, 73, 1, NULL, NULL, NULL, 'PO', NULL),
(134, 'POI3-2223ID-016', '2023-03-30', '2023-03-30 15:42:56', '2023-03-30 15:42:56', 1, 4, 73, 51, NULL, NULL, NULL, 'PO', NULL),
(135, 'POI3-2223ID-017', '2023-03-30', '2023-03-30 16:09:07', '2023-03-30 16:09:07', 1, 4, 72, 51, NULL, NULL, NULL, 'PO', NULL),
(136, 'POC3-2223ID-018', '2023-03-30', '2023-03-30 16:11:37', '2023-03-30 16:11:54', 1, 0, 69, 1, 10, '2023-03-30', NULL, 'PO', NULL),
(137, 'POI3-2223ID-019', '2023-03-30', '2023-03-30 16:12:44', '2023-03-30 16:12:44', 1, 4, 70, 1, NULL, NULL, NULL, 'PO', NULL),
(138, 'POI3-2223ID-020', '2023-03-30', '2023-03-30 16:12:44', '2023-03-30 16:12:44', 1, 4, 70, 51, NULL, NULL, NULL, 'PO', NULL),
(139, 'POI3-2223ID-021', '2023-03-30', '2023-03-30 16:16:24', '2023-03-30 16:16:24', 1, 4, 52, 2, NULL, NULL, NULL, 'PO', NULL);

-- --------------------------------------------------------

--
-- Table structure for table `inv_final_purchase_order_rel`
--

CREATE TABLE `inv_final_purchase_order_rel` (
  `id` int(11) NOT NULL,
  `master` int(11) DEFAULT NULL,
  `item` int(11) DEFAULT NULL
) ENGINE=InnoDB DEFAULT CHARSET=utf8;

--
-- Dumping data for table `inv_final_purchase_order_rel`
--

INSERT INTO `inv_final_purchase_order_rel` (`id`, `master`, `item`) VALUES
(95, 97, 99),
(96, 98, 100),
(97, 99, 101),
(98, 99, 102),
(99, 100, 103),
(103, 105, 108),
(104, 106, 109),
(105, 107, 110),
(106, 108, 111),
(107, 109, 112),
(108, 110, 113),
(109, 111, 114),
(110, 112, 115),
(111, 113, 116),
(112, 113, 117),
(113, 114, 118),
(114, 115, 119),
(115, 116, 120),
(116, 117, 121),
(117, 118, 122),
(118, 119, 123),
(119, 120, 124),
(120, 121, 125),
(121, 121, 126),
(122, 122, 127),
(123, 122, 128),
(124, 123, 129),
(125, 124, 130),
(126, 124, 131),
(127, 125, 132),
(128, 126, 133),
(129, 127, 134),
(130, 128, 135),
(131, 128, 136),
(132, 129, 137),
(133, 130, 138),
(134, 131, 139),
(135, 132, 140),
(136, 133, 141),
(137, 134, 142),
(138, 135, 143),
(139, 136, 144),
(140, 137, 145),
(141, 138, 146),
(142, 139, 147);

-- --------------------------------------------------------

--
-- Table structure for table `inv_item_type`
--

CREATE TABLE `inv_item_type` (
  `id` int(11) NOT NULL,
  `type_name` varchar(100) NOT NULL,
  `is_active` tinyint(1) NOT NULL,
  `created` datetime(6) NOT NULL,
  `updated` datetime(6) NOT NULL,
  `created_by_id` int(11) DEFAULT NULL
) ENGINE=MyISAM DEFAULT CHARSET=latin1;

--
-- Dumping data for table `inv_item_type`
--

INSERT INTO `inv_item_type` (`id`, `type_name`, `is_active`, `created`, `updated`, `created_by_id`) VALUES
(1, 'Indirect Items', 1, '2022-04-25 13:26:39.786107', '2022-04-25 13:26:51.284995', 1),
(2, 'Direct Items', 1, '2022-05-03 06:25:16.591144', '2022-05-03 06:25:16.602612', 1),
(3, 'Services', 1, '2022-05-11 06:10:39.196505', '2022-05-11 06:10:39.218248', 1);

-- --------------------------------------------------------

--
-- Table structure for table `inv_item_type_2`
--

CREATE TABLE `inv_item_type_2` (
  `id` int(11) NOT NULL,
  `type_name` varchar(100) NOT NULL,
  `is_active` tinyint(1) NOT NULL,
  `created` datetime(6) NOT NULL,
  `updated` datetime(6) NOT NULL,
  `created_by_id` int(11) DEFAULT NULL
) ENGINE=MyISAM DEFAULT CHARSET=latin1;

--
-- Dumping data for table `inv_item_type_2`
--

INSERT INTO `inv_item_type_2` (`id`, `type_name`, `is_active`, `created`, `updated`, `created_by_id`) VALUES
(1, 'Certification Items', 1, '0000-00-00 00:00:00.000000', '0000-00-00 00:00:00.000000', NULL),
(2, 'Consumable stores', 1, '0000-00-00 00:00:00.000000', '0000-00-00 00:00:00.000000', NULL),
(3, 'Consumables', 1, '0000-00-00 00:00:00.000000', '0000-00-00 00:00:00.000000', NULL),
(4, 'Die-Fixture', 1, '0000-00-00 00:00:00.000000', '0000-00-00 00:00:00.000000', NULL),
(5, 'Fixed Assets', 1, '0000-00-00 00:00:00.000000', '0000-00-00 00:00:00.000000', NULL),
(6, 'Gauges', 1, '0000-00-00 00:00:00.000000', '0000-00-00 00:00:00.000000', NULL),
(7, 'Maintenance Item', 1, '0000-00-00 00:00:00.000000', '0000-00-00 00:00:00.000000', NULL),
(8, 'Packing Materials', 1, '0000-00-00 00:00:00.000000', '0000-00-00 00:00:00.000000', NULL),
(9, 'Pantry Items', 1, '0000-00-00 00:00:00.000000', '0000-00-00 00:00:00.000000', NULL),
(10, 'Printing Stationary', 1, '0000-00-00 00:00:00.000000', '0000-00-00 00:00:00.000000', NULL),
(11, 'Raw Material', 1, '0000-00-00 00:00:00.000000', '0000-00-00 00:00:00.000000', NULL),
(12, 'Semifinished Goods', 1, '0000-00-00 00:00:00.000000', '0000-00-00 00:00:00.000000', NULL),
(13, 'Services', 1, '0000-00-00 00:00:00.000000', '0000-00-00 00:00:00.000000', NULL),
(14, 'Spares', 1, '0000-00-00 00:00:00.000000', '0000-00-00 00:00:00.000000', NULL),
(15, 'Staff Welfare', 1, '0000-00-00 00:00:00.000000', '0000-00-00 00:00:00.000000', NULL),
(16, 'Stationery', 1, '0000-00-00 00:00:00.000000', '0000-00-00 00:00:00.000000', NULL),
(17, 'Tools', 1, '0000-00-00 00:00:00.000000', '0000-00-00 00:00:00.000000', NULL);

-- --------------------------------------------------------

--
-- Table structure for table `inv_lot_allocation`
--

CREATE TABLE `inv_lot_allocation` (
  `id` int(11) NOT NULL,
  `doc_number` varchar(20) DEFAULT NULL,
  `rev_number` varchar(20) DEFAULT NULL,
  `rev_date` date DEFAULT NULL,
  `lot_number` varchar(20) DEFAULT NULL,
  `qty_received` float DEFAULT NULL,
  `qty_accepted` float DEFAULT NULL,
  `qty_rejected` float DEFAULT NULL,
  `vehicle_number` varchar(20) DEFAULT NULL,
  `transporter_name` varchar(50) DEFAULT NULL,
  `mrr_number` varchar(20) DEFAULT NULL,
  `mrr_date` date DEFAULT NULL,
  `test_report_number` varchar(30) DEFAULT NULL,
  `test_report_date` date DEFAULT NULL,
  `prepared_by` int(11) DEFAULT NULL,
  `approved_by` int(11) DEFAULT NULL,
  `si_invoice_item_id` int(11) NOT NULL,
  `supplier_id` int(11) NOT NULL,
  `po_id` int(11) DEFAULT NULL,
  `pr_item_id` int(11) NOT NULL,
  `material_id` int(11) DEFAULT NULL,
  `status` int(11) NOT NULL DEFAULT 1,
  `invoice_rate` float(70,2) NOT NULL
) ENGINE=InnoDB DEFAULT CHARSET=utf8;

--
-- Dumping data for table `inv_lot_allocation`
--

INSERT INTO `inv_lot_allocation` (`id`, `doc_number`, `rev_number`, `rev_date`, `lot_number`, `qty_received`, `qty_accepted`, `qty_rejected`, `vehicle_number`, `transporter_name`, `mrr_number`, `mrr_date`, `test_report_number`, `test_report_date`, `prepared_by`, `approved_by`, `si_invoice_item_id`, `supplier_id`, `po_id`, `pr_item_id`, `material_id`, `status`, `invoice_rate`) VALUES
(1, NULL, NULL, NULL, '0010223', 60, 60, NULL, NULL, NULL, NULL, NULL, NULL, NULL, 0, 0, 13, 17, 123, 109, 0, 1, 176.00),
(2, NULL, NULL, NULL, '0010323', 60, 60, NULL, 'kl/58AF 7663', 'transporter1', NULL, NULL, NULL, NULL, 0, 0, 8, 17, 121, 155, 0, 1, 138.00),
(3, NULL, NULL, NULL, '0020323', 50, 50, NULL, 'kl/58AF 7663', 'transporter1', NULL, NULL, NULL, NULL, 0, 0, 7, 17, 121, 156, 0, 1, 90.00),
(4, NULL, NULL, NULL, '0030323', 40, 40, NULL, 'kl/58AF 7664', 'transporter2', NULL, NULL, NULL, NULL, 0, 0, 6, 17, 122, 158, 0, 1, 880.00),
(5, NULL, NULL, NULL, '0260722', 3.83, 3.83, NULL, NULL, NULL, NULL, NULL, NULL, NULL, 0, 0, 0, 0, 0, 0, 4470, 1, 0.00),
(6, NULL, NULL, NULL, '0060122', 6.98, 6.98, NULL, NULL, NULL, NULL, NULL, NULL, NULL, 0, 0, 0, 0, 0, 0, 2584, 1, 0.00),
(7, NULL, NULL, NULL, '0040323', 50, 50, NULL, NULL, NULL, NULL, NULL, NULL, NULL, 0, 0, 12, 17, 121, 156, NULL, 1, 90.00),
(8, NULL, NULL, NULL, '0050323', 40, 40, NULL, 'kl/58AF 7663', 'wdwdwq', NULL, NULL, NULL, NULL, 0, 0, 11, 17, 122, 158, NULL, 1, 880.00),
(9, NULL, NULL, NULL, '0060323', 50, 50, NULL, '5888900', 'transporter4', NULL, NULL, NULL, NULL, 0, 0, 10, 17, 121, 156, NULL, 1, 90.00),
(10, NULL, NULL, NULL, '0070323', 55, 55, NULL, 'kl/58AF 7663', 'transporter2', NULL, NULL, NULL, NULL, 1, 1, 19, 17, NULL, 158, NULL, 1, 880.00),
(11, NULL, NULL, NULL, '0080323', 70, 70, NULL, 'kl/58AF 7663', 'transporter2', NULL, NULL, NULL, NULL, 1, 1, 22, 17, NULL, 109, NULL, 1, 176.00),
(12, NULL, NULL, NULL, '0090323', 50, 50, NULL, 'kl/58AF 7663', 'transporter1', NULL, NULL, NULL, NULL, 1, 1, 35, 17, 121, 156, NULL, 1, 90.00),
(13, NULL, NULL, NULL, '0100324', 40, 40, NULL, '588898', 'transporter2', NULL, NULL, NULL, NULL, 1, 1, 34, 17, 122, 158, NULL, 1, 880.00),
(14, NULL, NULL, NULL, NULL, 50, 50, NULL, NULL, NULL, NULL, NULL, NULL, NULL, 1, 1, 29, 108, NULL, 181, NULL, 1, 85.00),
(15, NULL, NULL, NULL, NULL, 15, 15, NULL, NULL, NULL, NULL, NULL, NULL, NULL, 1, 1, 36, 17, 126, 158, NULL, 1, 880.00),
(16, NULL, NULL, NULL, '1123341', NULL, NULL, NULL, NULL, NULL, NULL, NULL, NULL, NULL, 1, 1, 16, 17, 121, 156, NULL, 1, 90.00),
(17, NULL, NULL, NULL, '4445564', NULL, NULL, NULL, NULL, NULL, NULL, NULL, NULL, NULL, 1, 1, 15, 17, 122, 158, NULL, 1, 880.00),
(18, NULL, NULL, NULL, NULL, NULL, NULL, NULL, NULL, NULL, NULL, NULL, NULL, NULL, 1, 1, 33, 13, NULL, 58, NULL, 1, 144.00),
(19, NULL, NULL, NULL, NULL, NULL, NULL, NULL, NULL, NULL, NULL, NULL, NULL, NULL, 1, 1, 9, 17, 122, 158, NULL, 1, 880.00),
(20, NULL, NULL, NULL, '456456', NULL, NULL, NULL, NULL, NULL, NULL, NULL, NULL, NULL, 1, 1, 37, 17, 121, 155, NULL, 1, 138.00);

-- --------------------------------------------------------

--
-- Table structure for table `inv_mac`
--

CREATE TABLE `inv_mac` (
  `id` int(11) NOT NULL,
  `mac_number` text DEFAULT NULL,
  `mac_date` date DEFAULT NULL,
  `miq_id` int(11) DEFAULT NULL,
  `invoice_id` int(11) DEFAULT NULL,
  `created_by` int(11) DEFAULT NULL,
  `status` int(11) DEFAULT NULL,
  `created_at` datetime DEFAULT NULL,
  `updated_at` datetime DEFAULT NULL
) ENGINE=InnoDB DEFAULT CHARSET=utf8mb4;

--
-- Dumping data for table `inv_mac`
--

INSERT INTO `inv_mac` (`id`, `mac_number`, `mac_date`, `miq_id`, `invoice_id`, `created_by`, `status`, `created_at`, `updated_at`) VALUES
(9, 'MAC2-2223-001', '2023-03-02', NULL, 4, 1, 1, '2023-03-02 14:52:36', '2023-03-02 14:52:36'),
(10, 'MAC3-2223-001', '2023-03-02', NULL, 8, 1, 0, '2023-03-02 14:53:11', '2023-03-02 14:53:11'),
(11, 'WOA2-2223-001', '2023-03-03', NULL, 7, 1, 1, '2023-03-03 15:28:06', '2023-03-03 15:28:06'),
(12, 'MAC2-2223-002', '2023-03-08', NULL, 13, 1, 1, '2023-03-08 13:37:18', '2023-03-08 13:37:18'),
(13, 'WOA2-2223-002', '2023-03-08', NULL, 14, 1, 1, '2023-03-08 13:43:34', '2023-03-08 13:43:34'),
(14, 'MAC2-2223-003', '2023-03-11', NULL, 20, 1, 1, '2023-03-11 10:07:22', '2023-03-11 10:07:22'),
(15, 'MAC3-2223-002', '2023-03-13', NULL, 8, 1, 1, '2023-03-13 16:54:22', '2023-03-13 16:54:22'),
(16, 'MAC2-2223-004', '2023-03-30', NULL, 12, 1, 1, '2023-03-30 18:15:17', '2023-03-30 18:15:17'),
(17, 'MAC2-2324-001', '2023-04-08', NULL, 22, 1, 1, '2023-04-08 13:05:17', '2023-04-08 13:05:17');

-- --------------------------------------------------------

--
-- Table structure for table `inv_mac_item`
--

CREATE TABLE `inv_mac_item` (
  `id` int(11) NOT NULL,
  `invoice_item_id` int(11) DEFAULT NULL COMMENT 'pk->inv_supplier_invoice_item',
  `pr_item_id` int(11) DEFAULT NULL COMMENT 'pk->inv_purchase_req_item',
  `accepted_quantity` float NOT NULL,
  `available_qty` float DEFAULT NULL,
  `status` int(11) NOT NULL DEFAULT 1,
  `created_at` datetime DEFAULT NULL,
  `updated_at` date DEFAULT NULL
) ENGINE=InnoDB DEFAULT CHARSET=utf8mb4;

--
-- Dumping data for table `inv_mac_item`
--

INSERT INTO `inv_mac_item` (`id`, `invoice_item_id`, `pr_item_id`, `accepted_quantity`, `available_qty`, `status`, `created_at`, `updated_at`) VALUES
(17, 6, 158, 0, NULL, 1, '2023-03-02 14:52:36', '2023-03-02'),
(18, 7, 156, 0, NULL, 1, '2023-03-02 14:52:36', '2023-03-02'),
(19, 8, 155, 60, 60, 1, '2023-03-02 14:52:36', '2023-03-02'),
(20, 14, 89, 45, 45, 1, '2023-03-02 14:53:11', '2023-03-02'),
(21, 13, 109, 60, 60, 1, '2023-03-03 15:28:06', '2023-03-03'),
(22, 19, 158, 55, 55, 1, '2023-03-08 13:37:18', '2023-03-08'),
(23, 22, 109, 70, 70, 1, '2023-03-08 13:43:34', '2023-03-08'),
(24, 34, 158, 40, 40, 1, '2023-03-11 10:07:22', '2023-03-11'),
(25, 35, 156, 50, 50, 1, '2023-03-11 10:07:22', '2023-03-11'),
(26, 14, 89, 45, 45, 1, '2023-03-13 16:54:22', '2023-03-13'),
(27, 15, 158, 0, NULL, 1, '2023-03-30 18:15:17', '2023-03-30'),
(28, 16, 156, 0, NULL, 1, '2023-03-30 18:15:17', '2023-03-30'),
(29, 37, 155, 0, 0, 1, '2023-04-08 13:05:17', '2023-04-08');

-- --------------------------------------------------------

--
-- Table structure for table `inv_mac_item_rel`
--

CREATE TABLE `inv_mac_item_rel` (
  `id` int(11) NOT NULL,
  `master` int(11) DEFAULT NULL,
  `item` int(11) DEFAULT NULL
) ENGINE=InnoDB DEFAULT CHARSET=utf8mb4;

--
-- Dumping data for table `inv_mac_item_rel`
--

INSERT INTO `inv_mac_item_rel` (`id`, `master`, `item`) VALUES
(17, 9, 17),
(18, 9, 18),
(19, 9, 19),
(20, 10, 20),
(21, 11, 21),
(22, 12, 22),
(23, 13, 23),
(24, 14, 24),
(25, 14, 25),
(26, 15, 26),
(27, 16, 27),
(28, 16, 28),
(29, 17, 29);

-- --------------------------------------------------------

--
-- Table structure for table `inv_miq`
--

CREATE TABLE `inv_miq` (
  `id` int(11) NOT NULL,
  `miq_number` varchar(30) DEFAULT NULL,
  `miq_date` date DEFAULT NULL,
  `invoice_master_id` int(11) DEFAULT NULL,
  `created_by` int(11) DEFAULT NULL,
  `status` int(11) DEFAULT NULL,
  `created_at` timestamp NULL DEFAULT NULL,
  `updated_at` timestamp NULL DEFAULT NULL
) ENGINE=InnoDB DEFAULT CHARSET=latin1;

--
-- Dumping data for table `inv_miq`
--

INSERT INTO `inv_miq` (`id`, `miq_number`, `miq_date`, `invoice_master_id`, `created_by`, `status`, `created_at`, `updated_at`) VALUES
(1, 'MIQ3-2223-001', '2023-03-03', 4, 1, 1, '2023-03-03 12:19:52', '2023-03-03 12:19:52'),
(2, 'MIQ3-2223-002', '2023-03-03', 8, 1, 1, '2023-03-03 12:24:20', '2023-03-03 12:24:20'),
(3, 'MIQ3-2223-003', '2023-03-11', 20, 1, 1, '2023-03-11 07:06:33', '2023-03-11 07:06:33'),
(4, 'MIQ3-2223-004', '2023-03-29', 1, 1, 1, '2023-03-29 11:02:40', '2023-03-29 11:02:40'),
(5, 'MIQ3-2223-005', '2023-03-30', 12, 1, 1, '2023-03-30 14:27:06', '2023-03-30 14:27:06'),
(6, 'MIQ3-2223-006', '2023-03-30', 13, 1, 1, '2023-03-30 14:28:12', '2023-03-30 14:28:12'),
(7, 'MIQ3-2324-001', '2023-04-08', 22, 1, 1, '2023-04-08 10:04:31', '2023-04-08 10:04:31');

-- --------------------------------------------------------

--
-- Table structure for table `inv_miq_item`
--

CREATE TABLE `inv_miq_item` (
  `id` int(11) NOT NULL,
  `invoice_item_id` int(11) DEFAULT NULL,
  `item_id` int(11) DEFAULT NULL COMMENT 'pk->purchase_requisition_item\r\n',
  `lot_number` varchar(30) DEFAULT NULL,
  `expiry_control` int(11) DEFAULT NULL,
  `expiry_date` date DEFAULT NULL,
  `status` int(11) DEFAULT 1,
  `currency` int(11) DEFAULT NULL,
  `conversion_rate` float DEFAULT NULL,
  `value_inr` float DEFAULT NULL,
  `created_at` timestamp NULL DEFAULT NULL,
  `updated_at` timestamp NULL DEFAULT NULL
) ENGINE=InnoDB DEFAULT CHARSET=latin1;

--
-- Dumping data for table `inv_miq_item`
--

INSERT INTO `inv_miq_item` (`id`, `invoice_item_id`, `item_id`, `lot_number`, `expiry_control`, `expiry_date`, `status`, `currency`, `conversion_rate`, `value_inr`, `created_at`, `updated_at`) VALUES
(1, 6, 158, '0030323', 1, '2023-03-25', 1, 1, 850, 34000, '2023-03-03 12:19:52', '2023-03-03 12:19:52'),
(2, 7, 156, '0020323', 1, '2023-03-24', 1, 1, 80, 4000, '2023-03-03 12:19:52', '2023-03-03 12:19:52'),
(3, 8, 155, '0010323', 1, '2023-03-17', 1, 1, 120, 7200, '2023-03-03 12:19:52', '2023-03-03 12:19:52'),
(4, 14, 89, NULL, 1, '2023-03-23', 1, 2, 1200, 54000, '2023-03-03 12:24:20', '2023-03-03 12:24:20'),
(5, 34, 158, '0100323', 1, '2023-03-11', 1, 1, 800, 32000, '2023-03-11 07:06:33', '2023-03-11 07:06:33'),
(6, 35, 156, '0090323', 1, '2023-03-11', 1, 1, 100, 5000, '2023-03-11 07:06:33', '2023-03-11 07:06:33'),
(7, 1, 97, NULL, NULL, NULL, 1, NULL, NULL, NULL, '2023-03-29 11:02:40', '2023-03-29 11:02:40'),
(8, 4, 85, NULL, NULL, NULL, 1, NULL, NULL, NULL, '2023-03-29 11:02:40', '2023-03-29 11:02:40'),
(9, 5, 89, NULL, NULL, NULL, 1, NULL, NULL, NULL, '2023-03-29 11:02:40', '2023-03-29 11:02:40'),
(10, 15, 158, NULL, NULL, NULL, 1, NULL, NULL, NULL, '2023-03-30 14:27:06', '2023-03-30 14:27:06'),
(11, 16, 156, NULL, NULL, NULL, 1, NULL, NULL, NULL, '2023-03-30 14:27:06', '2023-03-30 14:27:06'),
(12, 19, 158, NULL, NULL, NULL, 1, NULL, NULL, NULL, '2023-03-30 14:28:12', '2023-03-30 14:28:12'),
(13, 37, 155, '456456', 1, '2023-04-08', 1, 1, 20, 1200, '2023-04-08 10:04:31', '2023-04-08 10:04:31');

-- --------------------------------------------------------

--
-- Table structure for table `inv_miq_item_rel`
--

CREATE TABLE `inv_miq_item_rel` (
  `id` int(11) NOT NULL,
  `master` int(11) DEFAULT NULL,
  `item` int(11) DEFAULT NULL
) ENGINE=InnoDB DEFAULT CHARSET=latin1;

--
-- Dumping data for table `inv_miq_item_rel`
--

INSERT INTO `inv_miq_item_rel` (`id`, `master`, `item`) VALUES
(1, 1, 1),
(2, 1, 2),
(3, 1, 3),
(4, 2, 4),
(5, 3, 5),
(6, 3, 6),
(7, 4, 7),
(8, 4, 8),
(9, 4, 9),
(10, 5, 10),
(11, 5, 11),
(12, 6, 12),
(13, 7, 13);

-- --------------------------------------------------------

--
-- Table structure for table `inv_mrd`
--

CREATE TABLE `inv_mrd` (
  `id` int(11) NOT NULL,
  `mrd_number` text DEFAULT NULL,
  `mrd_date` date DEFAULT NULL,
  `invoice_id` int(11) DEFAULT NULL COMMENT 'pk->inv_supplier_invoice_master',
  `created_by` int(11) DEFAULT NULL,
  `status` int(11) NOT NULL DEFAULT 1,
  `created_at` int(11) DEFAULT NULL,
  `updated_at` int(11) DEFAULT NULL
) ENGINE=InnoDB DEFAULT CHARSET=utf8mb4;

--
-- Dumping data for table `inv_mrd`
--

INSERT INTO `inv_mrd` (`id`, `mrd_number`, `mrd_date`, `invoice_id`, `created_by`, `status`, `created_at`, `updated_at`) VALUES
(1, 'MRD2-2223-001', '2023-03-30', 4, 1, 1, 2023, 2023),
(2, 'MRD2-2324-001', '2023-04-08', 22, 1, 1, 2023, 2023);

-- --------------------------------------------------------

--
-- Table structure for table `inv_mrd_item`
--

CREATE TABLE `inv_mrd_item` (
  `id` int(11) NOT NULL,
  `invoice_item_id` int(11) DEFAULT NULL COMMENT 'pk->inv_supplier_invoice_item',
  `pr_item_id` int(11) DEFAULT NULL COMMENT 'pk->purchase_requisition_item',
  `rejected_quantity` float DEFAULT NULL,
  `currency` int(11) DEFAULT NULL,
  `conversion_rate` int(11) DEFAULT NULL,
  `value_inr` int(11) DEFAULT NULL,
  `status` int(11) DEFAULT NULL,
  `remarks` text DEFAULT NULL,
  `created_at` datetime DEFAULT NULL,
  `updated_at` datetime DEFAULT NULL
) ENGINE=InnoDB DEFAULT CHARSET=utf8mb4;

--
-- Dumping data for table `inv_mrd_item`
--

INSERT INTO `inv_mrd_item` (`id`, `invoice_item_id`, `pr_item_id`, `rejected_quantity`, `currency`, `conversion_rate`, `value_inr`, `status`, `remarks`, `created_at`, `updated_at`) VALUES
(1, 6, 158, 1, 1, 850, 850, 1, 'iii', '2023-03-30 18:15:49', '2023-03-30 18:15:49'),
(2, 7, 156, 1, 1, 80, 80, 1, 'jj', '2023-03-30 18:15:49', '2023-03-30 18:15:49'),
(3, 8, 155, 1, 1, 120, 120, 1, 'uy', '2023-03-30 18:15:49', '2023-03-30 18:15:49'),
(4, 37, 155, 60, 1, 20, 1200, 1, 'ffff', '2023-04-08 13:05:56', '2023-04-08 13:05:56');

-- --------------------------------------------------------

--
-- Table structure for table `inv_mrd_item_rel`
--

CREATE TABLE `inv_mrd_item_rel` (
  `id` int(11) NOT NULL,
  `master` int(11) DEFAULT NULL,
  `item` int(11) DEFAULT NULL
) ENGINE=InnoDB DEFAULT CHARSET=utf8mb4;

--
-- Dumping data for table `inv_mrd_item_rel`
--

INSERT INTO `inv_mrd_item_rel` (`id`, `master`, `item`) VALUES
(1, 1, 1),
(2, 1, 2),
(3, 1, 3),
(4, 2, 4);

-- --------------------------------------------------------

--
-- Table structure for table `inv_mrr`
--

CREATE TABLE `inv_mrr` (
  `id` int(11) NOT NULL,
  `mrr_number` text DEFAULT NULL,
  `mac_id` int(11) DEFAULT NULL,
  `mrr_date` date DEFAULT NULL,
  `created_by` int(11) DEFAULT NULL,
  `status` int(11) NOT NULL DEFAULT 1,
  `created_at` datetime DEFAULT NULL,
  `updated_at` datetime DEFAULT NULL
) ENGINE=InnoDB DEFAULT CHARSET=utf8mb4;

--
-- Dumping data for table `inv_mrr`
--

INSERT INTO `inv_mrr` (`id`, `mrr_number`, `mac_id`, `mrr_date`, `created_by`, `status`, `created_at`, `updated_at`) VALUES
(1, 'MRR2-2223-001', 2, '2023-03-01', 1, 1, '2023-03-01 19:02:17', '2023-03-01 19:02:17'),
(2, 'MRR3-2223-001', 10, '2023-03-03', 1, 1, '2023-03-03 15:27:25', '2023-03-03 15:27:25'),
(3, 'MRR2-2223-002', 9, '2023-03-03', 1, 1, '2023-03-03 15:27:43', '2023-03-03 15:27:43'),
(4, 'SRR2-2223-001', 11, '2023-03-03', 1, 1, '2023-03-03 15:28:55', '2023-03-03 15:28:55'),
(5, 'MRR2-2223-003', 12, '2023-03-30', 1, 1, '2023-03-30 18:19:20', '2023-03-30 18:19:20'),
(6, 'MRR2-2324-001', 17, '2023-04-08', 1, 1, '2023-04-08 13:07:28', '2023-04-08 13:07:28');

-- --------------------------------------------------------

--
-- Table structure for table `inv_mrr_item`
--

CREATE TABLE `inv_mrr_item` (
  `id` int(11) NOT NULL,
  `mac_item_id` int(11) DEFAULT NULL COMMENT 'mac_item->pk',
  `pr_item_id` int(11) DEFAULT NULL COMMENT 'purchase_requisition_item->pk',
  `created_at` datetime DEFAULT NULL,
  `updated_at` date DEFAULT NULL
) ENGINE=InnoDB DEFAULT CHARSET=utf8mb4;

--
-- Dumping data for table `inv_mrr_item`
--

INSERT INTO `inv_mrr_item` (`id`, `mac_item_id`, `pr_item_id`, `created_at`, `updated_at`) VALUES
(1, 6, 155, '2023-03-01 19:02:17', '2023-03-01'),
(2, 5, 156, '2023-03-01 19:02:17', '2023-03-01'),
(3, 4, 158, '2023-03-01 19:02:17', '2023-03-01'),
(4, 20, 89, '2023-03-03 15:27:25', '2023-03-03'),
(5, 19, 155, '2023-03-03 15:27:43', '2023-03-03'),
(6, 18, 156, '2023-03-03 15:27:43', '2023-03-03'),
(7, 17, 158, '2023-03-03 15:27:43', '2023-03-03'),
(8, 21, 109, '2023-03-03 15:28:55', '2023-03-03'),
(9, 22, 158, '2023-03-30 18:19:20', '2023-03-30'),
(10, 29, 155, '2023-04-08 13:07:28', '2023-04-08');

-- --------------------------------------------------------

--
-- Table structure for table `inv_mrr_item_rel`
--

CREATE TABLE `inv_mrr_item_rel` (
  `id` int(11) NOT NULL,
  `item` int(11) DEFAULT NULL,
  `master` int(11) DEFAULT NULL
) ENGINE=InnoDB DEFAULT CHARSET=utf8mb4;

--
-- Dumping data for table `inv_mrr_item_rel`
--

INSERT INTO `inv_mrr_item_rel` (`id`, `item`, `master`) VALUES
(1, 1, 1),
(2, 2, 1),
(3, 3, 1),
(4, 4, 2),
(5, 5, 3),
(6, 6, 3),
(7, 7, 3),
(8, 8, 4),
(9, 9, 5),
(10, 10, 6);

-- --------------------------------------------------------

--
-- Table structure for table `inv_purchase_req_item`
--

CREATE TABLE `inv_purchase_req_item` (
  `requisition_item_id` int(11) NOT NULL,
  `Item_code` int(11) DEFAULT NULL COMMENT 'inventory_rawmaterial ->pk  id',
  `supplier` int(11) DEFAULT NULL COMMENT ' Table: inventory_supplier -> pk  id',
  `actual_order_qty` float DEFAULT NULL,
  `basic_value` float DEFAULT NULL,
  `rate` float(20,2) DEFAULT NULL,
  `discount_percent` float DEFAULT NULL,
  `gst` int(11) DEFAULT NULL COMMENT ' Table: inventory_gst -> pk id',
  `currency` int(11) DEFAULT NULL COMMENT 'currency_exchange_rate -> pk id',
  `net_value` float(20,2) DEFAULT NULL,
  `remarks` text DEFAULT NULL,
  `created_at` datetime DEFAULT NULL,
  `updated_at` datetime DEFAULT NULL,
  `created_user` int(11) NOT NULL
) ENGINE=InnoDB DEFAULT CHARSET=utf8;

--
-- Dumping data for table `inv_purchase_req_item`
--

INSERT INTO `inv_purchase_req_item` (`requisition_item_id`, `Item_code`, `supplier`, `actual_order_qty`, `basic_value`, `rate`, `discount_percent`, `gst`, `currency`, `net_value`, `remarks`, `created_at`, `updated_at`, `created_user`) VALUES
(55, 2, NULL, 50, 50000, 1000.00, 10, 4, 1, 50400.00, NULL, '2022-10-14 00:03:54', '2022-10-14 00:03:54', 1),
(56, 4470, NULL, 100, 20000, 200.00, 12, 4, 1, 19712.00, NULL, '2022-10-14 00:04:53', '2022-10-14 00:04:53', 1),
(57, 4473, NULL, 20, 4000, 200.00, 10, 5, 1, 4248.00, NULL, '2022-10-15 02:18:18', '2022-10-15 02:18:18', 5),
(58, 2584, NULL, 100, 10000, 100.00, 10, 4, 1, 10080.00, NULL, '2022-10-15 02:19:15', '2022-10-15 02:19:15', 5),
(59, 1, NULL, 300, 30000, 100.00, 10, 7, 1, 27000.00, NULL, '2022-10-15 02:20:14', '2022-10-17 09:48:50', 5),
(60, 4471, NULL, 110, NULL, NULL, NULL, NULL, NULL, NULL, NULL, '2022-10-17 22:56:43', '2022-10-21 19:38:12', 5),
(63, 4471, NULL, 20, NULL, NULL, NULL, NULL, NULL, NULL, NULL, '2022-10-21 15:47:46', '2022-10-21 15:47:46', 5),
(64, 4472, NULL, 30, NULL, NULL, NULL, NULL, NULL, NULL, NULL, '2022-10-21 15:47:46', '2022-10-21 15:47:46', 5),
(65, 4473, NULL, 46, NULL, NULL, NULL, NULL, NULL, NULL, NULL, '2022-10-21 15:47:46', '2022-10-24 09:47:50', 5),
(66, 4470, NULL, 20, NULL, NULL, NULL, NULL, NULL, NULL, NULL, '2022-10-21 22:24:09', '2022-10-21 22:24:09', 5),
(67, 4471, NULL, 30, NULL, NULL, NULL, NULL, NULL, NULL, NULL, '2022-10-21 22:24:09', '2022-10-21 22:24:09', 5),
(68, 2585, NULL, 10, NULL, NULL, NULL, NULL, NULL, NULL, NULL, '2022-10-21 22:24:09', '2022-10-21 22:24:09', 5),
(69, 127, NULL, 20, NULL, NULL, NULL, NULL, NULL, NULL, NULL, '2022-10-25 13:11:21', '2022-10-25 13:11:21', 5),
(70, 32, NULL, 40, NULL, NULL, NULL, NULL, NULL, NULL, NULL, '2022-10-25 13:11:21', '2022-10-25 13:11:21', 5),
(71, 4, NULL, 80, NULL, NULL, NULL, NULL, NULL, NULL, NULL, '2022-10-27 12:04:15', '2022-10-27 12:04:15', 5),
(72, 7, NULL, 60, NULL, NULL, NULL, NULL, NULL, NULL, NULL, '2022-10-27 12:04:15', '2022-10-27 12:04:15', 5),
(73, 2584, NULL, 50, NULL, NULL, NULL, NULL, NULL, NULL, NULL, '2022-10-27 12:04:15', '2022-10-27 12:04:15', 5),
(74, 4470, NULL, 70, NULL, NULL, NULL, NULL, NULL, NULL, NULL, '2022-10-27 12:04:15', '2022-10-27 12:04:15', 5),
(75, 4474, NULL, 120, NULL, NULL, NULL, NULL, NULL, NULL, NULL, '2022-10-27 12:04:15', '2022-10-27 12:04:15', 5),
(76, 4, NULL, 90, NULL, NULL, NULL, NULL, NULL, NULL, NULL, '2022-10-28 12:29:49', '2022-10-28 12:29:49', 5),
(77, 7, NULL, 100, NULL, NULL, NULL, NULL, NULL, NULL, NULL, '2022-11-01 12:57:24', '2022-11-01 12:57:24', 5),
(78, 7, NULL, 20, NULL, NULL, NULL, NULL, NULL, NULL, NULL, '2022-11-01 13:40:16', '2022-11-01 13:40:16', 5),
(79, 4, NULL, 30, NULL, NULL, NULL, NULL, NULL, NULL, NULL, '2022-11-01 14:33:44', '2022-11-01 14:33:44', 5),
(80, 7, NULL, 50, NULL, NULL, NULL, NULL, NULL, NULL, NULL, '2022-11-01 14:33:44', '2022-11-01 14:33:44', 5),
(81, 11, NULL, 60, NULL, NULL, NULL, NULL, NULL, NULL, NULL, '2022-11-01 14:33:44', '2022-11-01 14:33:44', 5),
(82, 12, NULL, 80, NULL, NULL, NULL, NULL, NULL, NULL, NULL, '2022-11-01 14:33:44', '2022-11-01 14:33:44', 5),
(83, 7, NULL, 60, NULL, NULL, NULL, NULL, NULL, NULL, NULL, '2022-11-03 12:06:10', '2022-11-03 12:06:10', 5),
(84, 1, NULL, 30, NULL, NULL, NULL, NULL, NULL, NULL, NULL, '2022-11-03 12:06:10', '2022-11-03 12:06:10', 5),
(85, 4, NULL, 50, NULL, NULL, NULL, NULL, NULL, NULL, NULL, '2022-11-03 12:06:10', '2022-11-03 12:06:10', 5),
(86, 2584, NULL, 45, NULL, NULL, NULL, NULL, NULL, NULL, NULL, '2022-11-03 12:08:50', '2022-11-03 12:08:50', 5),
(87, 9, NULL, 65, NULL, NULL, NULL, NULL, NULL, NULL, NULL, '2022-11-03 15:39:12', '2022-11-03 15:39:12', 5),
(88, 9, NULL, 55, NULL, NULL, NULL, NULL, NULL, NULL, NULL, '2022-11-03 15:40:34', '2022-11-03 15:40:34', 5),
(89, 10, NULL, 45, NULL, NULL, NULL, NULL, NULL, NULL, NULL, '2022-11-03 15:41:11', '2022-11-03 15:41:11', 5),
(90, 10, NULL, 20, NULL, NULL, NULL, NULL, NULL, NULL, NULL, '2022-11-03 20:58:01', '2022-11-03 20:58:01', 5),
(91, 4, NULL, 60, NULL, NULL, NULL, NULL, NULL, NULL, NULL, '2022-11-03 20:58:01', '2022-11-03 20:58:01', 5),
(92, 65, NULL, 70, NULL, NULL, NULL, NULL, NULL, NULL, NULL, '2022-11-03 20:58:01', '2022-11-03 20:58:01', 5),
(93, 59, NULL, 30, NULL, NULL, NULL, NULL, NULL, NULL, NULL, '2022-11-03 20:58:01', '2022-11-03 20:58:01', 5),
(94, 11899, NULL, 10, NULL, NULL, NULL, NULL, NULL, NULL, NULL, '2022-11-03 20:58:01', '2022-11-03 20:58:01', 5),
(95, 2584, NULL, 50, NULL, NULL, NULL, NULL, NULL, NULL, NULL, '2022-11-03 20:58:01', '2022-11-03 20:58:01', 5),
(96, 2582, NULL, 100, NULL, NULL, NULL, NULL, NULL, NULL, NULL, '2022-11-03 20:58:01', '2022-11-03 20:58:01', 5),
(97, 2, NULL, 100, NULL, NULL, NULL, NULL, NULL, NULL, NULL, '2022-11-04 09:46:09', '2022-11-04 09:46:09', 5),
(98, 13622, NULL, 60, NULL, NULL, NULL, NULL, NULL, NULL, NULL, '2022-11-25 17:32:10', '2022-11-25 17:32:10', 5),
(99, 65, NULL, 70, NULL, NULL, NULL, NULL, NULL, NULL, NULL, '2022-11-25 17:45:51', '2022-11-25 17:45:51', 5),
(100, 13622, NULL, 66, NULL, NULL, NULL, NULL, NULL, NULL, NULL, '2022-11-25 18:02:15', '2022-11-25 18:02:15', 5),
(101, 13871, NULL, 10, NULL, NULL, NULL, NULL, NULL, NULL, NULL, '2022-11-25 20:25:01', '2022-11-25 20:25:01', 5),
(102, 4472, NULL, 70, NULL, NULL, NULL, NULL, NULL, NULL, NULL, '2022-11-30 10:04:39', '2022-11-30 10:04:39', 5),
(103, 4475, NULL, 20, NULL, NULL, NULL, NULL, NULL, NULL, NULL, '2022-12-05 13:58:33', '2022-12-05 13:58:33', 5),
(104, 4474, NULL, 30, NULL, NULL, NULL, NULL, NULL, NULL, NULL, '2022-12-05 13:58:33', '2022-12-05 13:58:33', 5),
(105, 2549, NULL, 20, NULL, NULL, NULL, NULL, NULL, NULL, NULL, '2022-12-07 11:02:50', '2022-12-07 11:02:50', 5),
(106, 4474, NULL, 40, NULL, NULL, NULL, NULL, NULL, NULL, NULL, '2022-12-07 11:02:50', '2022-12-07 11:02:50', 5),
(107, 9, NULL, 50, NULL, NULL, NULL, NULL, NULL, NULL, NULL, '2022-12-13 11:08:42', '2022-12-13 11:08:42', 5),
(108, 11, NULL, 70, NULL, NULL, NULL, NULL, NULL, NULL, NULL, '2022-12-13 11:08:57', '2022-12-13 11:08:57', 5),
(109, 2583, NULL, 60, NULL, NULL, NULL, NULL, NULL, NULL, NULL, '2022-12-13 11:10:55', '2022-12-13 11:10:55', 5),
(110, 2586, NULL, 80, NULL, NULL, NULL, NULL, NULL, NULL, NULL, '2022-12-13 11:10:55', '2022-12-13 11:10:55', 5),
(111, 4470, NULL, 50, NULL, NULL, NULL, NULL, NULL, NULL, NULL, '2022-12-14 13:20:21', '2022-12-14 13:20:21', 5),
(112, 4470, NULL, 80, NULL, NULL, NULL, NULL, NULL, NULL, NULL, '2022-12-15 13:10:31', '2022-12-15 13:10:31', 5),
(113, 2585, NULL, 60, NULL, NULL, NULL, NULL, NULL, NULL, NULL, '2022-12-30 00:47:22', '2022-12-30 00:47:22', 5),
(114, 4474, NULL, 50, NULL, NULL, NULL, NULL, NULL, NULL, NULL, '2023-01-04 16:30:45', '2023-01-04 16:30:45', 1),
(115, 4474, NULL, 100, NULL, NULL, NULL, NULL, NULL, NULL, NULL, '2023-01-06 05:29:20', '2023-01-06 05:29:20', 1),
(116, 2587, NULL, 70, NULL, NULL, NULL, NULL, NULL, NULL, NULL, '2023-01-06 05:57:57', '2023-01-06 05:57:57', 1),
(117, 2592, NULL, 78, NULL, NULL, NULL, NULL, NULL, NULL, NULL, '2023-01-06 05:59:57', '2023-01-06 05:59:57', 1),
(118, 4479, NULL, 60, NULL, NULL, NULL, NULL, NULL, NULL, NULL, '2023-01-06 06:03:35', '2023-01-06 06:03:35', 1),
(119, 10, NULL, 40, NULL, NULL, NULL, NULL, NULL, NULL, NULL, '2023-01-06 06:10:03', '2023-01-06 06:10:03', 1),
(120, 11, NULL, 66, NULL, NULL, NULL, NULL, NULL, NULL, NULL, '2023-01-06 06:27:45', '2023-01-06 06:27:45', 1),
(121, 2591, NULL, 30, NULL, NULL, NULL, NULL, NULL, NULL, NULL, '2023-01-06 06:31:19', '2023-01-06 06:31:19', 1),
(122, 2585, NULL, 66, NULL, NULL, NULL, NULL, NULL, NULL, NULL, '2023-01-06 06:43:11', '2023-01-06 06:43:11', 1),
(123, 2586, NULL, 88, NULL, NULL, NULL, NULL, NULL, NULL, NULL, '2023-01-06 06:44:20', '2023-01-06 06:44:20', 1),
(124, 4484, NULL, 77, NULL, NULL, NULL, NULL, NULL, NULL, NULL, '2023-01-06 06:47:37', '2023-01-06 06:47:37', 1),
(125, 4475, NULL, 80, NULL, NULL, NULL, NULL, NULL, NULL, NULL, '2023-01-06 18:47:23', '2023-01-06 18:47:23', 1),
(126, 4482, NULL, 77, NULL, NULL, NULL, NULL, NULL, NULL, NULL, '2023-01-06 18:54:46', '2023-01-06 18:54:46', 1),
(127, 2585, NULL, 88, NULL, NULL, NULL, NULL, NULL, NULL, NULL, '2023-01-06 18:57:27', '2023-01-06 18:57:27', 1),
(128, 2586, NULL, 78, NULL, NULL, NULL, NULL, NULL, NULL, NULL, '2023-01-06 18:58:54', '2023-01-06 18:58:54', 1),
(129, 4489, NULL, 88, NULL, NULL, NULL, NULL, NULL, NULL, NULL, '2023-01-06 19:00:30', '2023-01-06 19:00:30', 1),
(130, 2584, NULL, 100, NULL, NULL, NULL, NULL, NULL, NULL, NULL, '2023-01-06 19:02:41', '2023-01-06 19:02:41', 1),
(131, 4476, NULL, 77, NULL, NULL, NULL, NULL, NULL, NULL, NULL, '2023-01-06 19:04:19', '2023-01-06 19:04:19', 1),
(132, 4473, NULL, 77, NULL, NULL, NULL, NULL, NULL, NULL, NULL, '2023-01-06 19:10:42', '2023-01-06 19:10:42', 1),
(133, 4473, NULL, 99, NULL, NULL, NULL, NULL, NULL, NULL, NULL, '2023-01-06 19:12:05', '2023-01-06 19:12:05', 1),
(134, 4482, NULL, 77, NULL, NULL, NULL, NULL, NULL, NULL, NULL, '2023-01-06 19:13:27', '2023-01-06 19:13:27', 1),
(135, 2587, NULL, 8, NULL, NULL, NULL, NULL, NULL, NULL, NULL, '2023-01-06 19:14:48', '2023-01-06 19:14:48', 1),
(136, 2589, NULL, 80, NULL, NULL, NULL, NULL, NULL, NULL, NULL, '2023-01-06 19:18:14', '2023-01-06 19:18:14', 1),
(137, 4479, NULL, 77, NULL, NULL, NULL, NULL, NULL, NULL, NULL, '2023-01-06 19:20:22', '2023-01-06 19:20:22', 1),
(138, 9, NULL, 70, NULL, NULL, NULL, NULL, NULL, NULL, NULL, '2023-01-06 19:38:38', '2023-01-06 19:38:38', 1),
(139, 12, NULL, 80, NULL, NULL, NULL, NULL, NULL, NULL, NULL, '2023-01-06 19:38:38', '2023-01-06 19:38:38', 1),
(140, 12, NULL, 20, NULL, NULL, NULL, NULL, NULL, NULL, NULL, '2023-01-06 20:09:48', '2023-01-06 20:09:48', 1),
(141, 9, NULL, 70, NULL, NULL, NULL, NULL, NULL, NULL, NULL, '2023-01-06 20:09:48', '2023-01-06 20:09:48', 1),
(142, 8, NULL, 40, NULL, NULL, NULL, NULL, NULL, NULL, NULL, '2023-01-06 20:09:48', '2023-01-06 20:09:48', 1),
(143, 61, NULL, 50, NULL, NULL, NULL, NULL, NULL, NULL, NULL, '2023-01-06 20:18:58', '2023-01-06 20:18:58', 1),
(144, 10, NULL, 99, NULL, NULL, NULL, NULL, NULL, NULL, NULL, '2023-01-06 20:24:05', '2023-01-06 20:24:05', 1),
(145, 8, NULL, 88, NULL, NULL, NULL, NULL, NULL, NULL, NULL, '2023-01-06 20:24:05', '2023-01-06 20:24:05', 1),
(146, 14, NULL, 99, NULL, NULL, NULL, NULL, NULL, NULL, NULL, '2023-01-06 20:24:05', '2023-01-06 20:24:05', 1),
(147, 1, NULL, 77, NULL, NULL, NULL, NULL, NULL, NULL, NULL, '2023-01-06 20:30:22', '2023-01-06 20:30:22', 1),
(148, 2586, NULL, 77, NULL, NULL, NULL, NULL, NULL, NULL, NULL, '2023-01-06 20:30:22', '2023-01-06 20:30:22', 1),
(149, 2593, NULL, 66, NULL, NULL, NULL, NULL, NULL, NULL, NULL, '2023-01-06 20:45:11', '2023-01-06 20:45:11', 1),
(150, 2591, NULL, 77, NULL, NULL, NULL, NULL, NULL, NULL, NULL, '2023-01-06 20:49:05', '2023-01-06 20:49:05', 1),
(151, 2591, NULL, 77, NULL, NULL, NULL, NULL, NULL, NULL, NULL, '2023-01-06 20:56:58', '2023-01-06 20:56:58', 1),
(152, 10, NULL, 77, NULL, NULL, NULL, NULL, NULL, NULL, NULL, '2023-01-06 20:59:12', '2023-01-06 20:59:12', 1),
(153, 2586, NULL, 66, NULL, NULL, NULL, NULL, NULL, NULL, NULL, '2023-01-06 21:01:10', '2023-01-06 21:01:10', 1),
(154, 8, NULL, 55, NULL, NULL, NULL, NULL, NULL, NULL, NULL, '2023-01-06 21:03:59', '2023-01-06 21:03:59', 1),
(155, 4470, NULL, 60, NULL, NULL, NULL, NULL, NULL, NULL, NULL, '2023-01-14 10:38:40', '2023-01-14 10:38:40', 1),
(156, 4471, NULL, 50, NULL, NULL, NULL, NULL, NULL, NULL, NULL, '2023-01-14 10:38:40', '2023-01-14 10:38:40', 1),
(157, 4489, NULL, 70, NULL, NULL, NULL, NULL, NULL, NULL, NULL, '2023-01-17 16:33:24', '2023-01-17 16:33:24', 1),
(158, 4487, NULL, 50, NULL, NULL, NULL, NULL, NULL, NULL, NULL, '2023-01-17 16:33:24', '2023-01-17 16:33:24', 1),
(159, 2586, NULL, 50, NULL, NULL, NULL, NULL, NULL, NULL, NULL, '2023-01-24 13:03:35', '2023-01-24 13:03:35', 1),
(160, 10, NULL, 60, NULL, NULL, NULL, NULL, NULL, NULL, NULL, '2023-01-24 13:04:18', '2023-01-24 13:04:18', 1),
(161, 4470, NULL, 20, NULL, NULL, NULL, NULL, NULL, NULL, NULL, '2023-01-24 13:06:22', '2023-01-24 13:06:22', 1),
(162, 4471, NULL, 20, NULL, NULL, NULL, NULL, NULL, NULL, NULL, '2023-01-24 13:06:52', '2023-01-24 13:06:52', 1),
(163, 4472, NULL, 30, NULL, NULL, NULL, NULL, NULL, NULL, NULL, '2023-01-24 13:07:19', '2023-01-24 13:07:19', 1),
(164, 4473, NULL, 40, NULL, NULL, NULL, NULL, NULL, NULL, NULL, '2023-01-24 13:08:30', '2023-01-24 13:08:30', 1),
(165, 4474, NULL, 50, NULL, NULL, NULL, NULL, NULL, NULL, NULL, '2023-01-24 13:10:18', '2023-01-24 13:10:18', 1),
(166, 4475, NULL, 60, NULL, NULL, NULL, NULL, NULL, NULL, NULL, '2023-01-24 13:10:37', '2023-01-24 13:10:37', 1),
(167, 4476, NULL, 70, NULL, NULL, NULL, NULL, NULL, NULL, NULL, '2023-01-24 13:11:00', '2023-01-24 13:11:00', 1),
(168, 4477, NULL, 80, NULL, NULL, NULL, NULL, NULL, NULL, NULL, '2023-01-24 13:11:37', '2023-01-24 13:11:37', 1),
(169, 4478, NULL, 90, NULL, NULL, NULL, NULL, NULL, NULL, NULL, '2023-01-24 13:11:54', '2023-01-24 13:11:54', 1),
(170, 4479, NULL, 100, NULL, NULL, NULL, NULL, NULL, NULL, NULL, '2023-01-24 13:12:37', '2023-01-24 13:12:37', 1),
(171, 4480, NULL, 110, NULL, NULL, NULL, NULL, NULL, NULL, NULL, '2023-01-24 13:15:20', '2023-01-24 13:15:20', 1),
(172, 4481, NULL, 120, NULL, NULL, NULL, NULL, NULL, NULL, NULL, '2023-01-24 13:15:20', '2023-01-24 13:15:20', 1),
(173, 4482, NULL, 130, NULL, NULL, NULL, NULL, NULL, NULL, NULL, '2023-01-24 13:15:20', '2023-01-24 13:15:20', 1),
(174, 4483, NULL, 140, NULL, NULL, NULL, NULL, NULL, NULL, NULL, '2023-01-24 13:15:20', '2023-01-24 13:15:20', 1),
(175, 4484, NULL, 150, NULL, NULL, NULL, NULL, NULL, NULL, NULL, '2023-01-24 13:15:20', '2023-01-24 13:15:20', 1),
(176, 4485, NULL, 160, NULL, NULL, NULL, NULL, NULL, NULL, NULL, '2023-01-24 13:15:20', '2023-01-24 13:15:20', 1),
(177, 4486, NULL, 170, NULL, NULL, NULL, NULL, NULL, NULL, NULL, '2023-01-24 13:15:20', '2023-01-24 13:15:20', 1),
(178, 4488, NULL, 190, NULL, NULL, NULL, NULL, NULL, NULL, NULL, '2023-01-24 13:15:20', '2023-01-24 13:15:20', 1),
(179, 4470, NULL, 30, NULL, NULL, NULL, NULL, NULL, NULL, NULL, '2023-02-07 13:00:07', '2023-02-07 13:00:07', 1),
(180, 4471, NULL, 10, NULL, NULL, NULL, NULL, NULL, NULL, NULL, '2023-03-09 13:36:57', '2023-03-09 13:36:57', 1),
(181, 4471, NULL, 40, NULL, NULL, NULL, NULL, NULL, NULL, NULL, '2023-03-09 13:37:38', '2023-03-09 13:37:38', 1),
(182, 4470, NULL, 10, NULL, NULL, NULL, NULL, NULL, NULL, NULL, '2023-03-15 17:01:05', '2023-03-15 17:01:05', 1),
(183, 4471, NULL, 20, NULL, NULL, NULL, NULL, NULL, NULL, NULL, '2023-03-15 17:01:05', '2023-03-15 17:01:05', 1),
(184, 4472, NULL, 30, NULL, NULL, NULL, NULL, NULL, NULL, NULL, '2023-03-15 17:01:05', '2023-03-15 17:01:05', 1),
(185, 4473, NULL, 40, NULL, NULL, NULL, NULL, NULL, NULL, NULL, '2023-03-15 17:01:05', '2023-03-15 17:01:05', 1),
(186, 4474, NULL, 50, NULL, NULL, NULL, NULL, NULL, NULL, NULL, '2023-03-15 17:01:05', '2023-03-15 17:01:05', 1),
(187, 4475, NULL, 60, NULL, NULL, NULL, NULL, NULL, NULL, NULL, '2023-03-15 17:01:05', '2023-03-15 17:01:05', 1),
(188, 4476, NULL, 70, NULL, NULL, NULL, NULL, NULL, NULL, NULL, '2023-03-15 17:01:05', '2023-03-15 17:01:05', 1),
(189, 4477, NULL, 80, NULL, NULL, NULL, NULL, NULL, NULL, NULL, '2023-03-15 17:01:05', '2023-03-15 17:01:05', 1),
(190, 4478, NULL, 90, NULL, NULL, NULL, NULL, NULL, NULL, NULL, '2023-03-15 17:01:05', '2023-03-15 17:01:05', 1),
(191, 4479, NULL, 100, NULL, NULL, NULL, NULL, NULL, NULL, NULL, '2023-03-15 17:01:05', '2023-03-15 17:01:05', 1),
(192, 4480, NULL, 110, NULL, NULL, NULL, NULL, NULL, NULL, NULL, '2023-03-15 17:01:05', '2023-03-15 17:01:05', 1),
(193, 4481, NULL, 120, NULL, NULL, NULL, NULL, NULL, NULL, NULL, '2023-03-15 17:01:05', '2023-03-15 17:01:05', 1),
(194, 4482, NULL, 130, NULL, NULL, NULL, NULL, NULL, NULL, NULL, '2023-03-15 17:01:05', '2023-03-15 17:01:05', 1),
(195, 4483, NULL, 140, NULL, NULL, NULL, NULL, NULL, NULL, NULL, '2023-03-15 17:01:05', '2023-03-15 17:01:05', 1);

-- --------------------------------------------------------

--
-- Table structure for table `inv_purchase_req_item_approve`
--

CREATE TABLE `inv_purchase_req_item_approve` (
  `id` int(11) NOT NULL,
  `pr_item_id` int(11) DEFAULT NULL COMMENT 'inv_purchase_req_item -> pk id',
  `approved_qty` float DEFAULT NULL,
  `remarks` text DEFAULT NULL,
  `status` int(11) DEFAULT 4 COMMENT '0-deactive,1-active,2-delete,3-due,4-pending,5-hold,6-expired',
  `created_user` int(11) DEFAULT NULL,
  `updated_at` datetime DEFAULT NULL
) ENGINE=InnoDB DEFAULT CHARSET=utf8;

--
-- Dumping data for table `inv_purchase_req_item_approve`
--

INSERT INTO `inv_purchase_req_item_approve` (`id`, `pr_item_id`, `approved_qty`, `remarks`, `status`, `created_user`, `updated_at`) VALUES
(55, 55, 50, 'On Hold', 0, 5, '2022-10-17 22:18:18'),
(56, 56, 100, 'Approved', 1, 5, '2022-10-22 23:15:10'),
(57, 57, 20, 'Approved', 1, 5, '2022-10-17 22:18:18'),
(58, 58, 100, 'Approved', 1, 5, '2022-10-17 00:39:46'),
(59, 59, 300, 'Approved', 1, 5, '2022-10-17 00:35:21'),
(60, 60, 110, 'Approved', 1, 1, '2023-03-11 10:21:10'),
(61, 61, NULL, NULL, 4, NULL, NULL),
(62, 62, NULL, NULL, 4, NULL, NULL),
(63, 63, 20, 'Approved', 1, 5, '2022-10-25 12:21:49'),
(64, 64, 30, 'Approved', 1, 5, '2022-10-25 12:21:49'),
(65, 65, 46, 'Approved', 1, 5, '2022-10-25 10:02:30'),
(66, 66, 20, 'Approved', 1, 5, '2022-10-25 10:02:30'),
(67, 67, 30, 'Approved', 1, 5, '2022-10-22 23:15:10'),
(68, 68, 10, 'Approved', 1, 5, '2022-10-22 23:15:10'),
(69, 69, 20, 'Approved', 1, 5, '2022-10-25 13:11:35'),
(70, 70, 40, 'Approved', 1, 5, '2022-10-25 13:11:35'),
(71, 71, 80, 'Approved', 1, 5, '2022-10-27 12:04:46'),
(72, 72, 60, 'Approved', 1, 5, '2022-10-27 12:04:46'),
(73, 73, 50, 'Approved', 1, 5, '2022-10-27 12:04:46'),
(74, 74, 70, 'Approved', 1, 5, '2022-10-27 12:04:46'),
(75, 75, 120, 'Approved', 1, 5, '2022-10-27 12:04:46'),
(76, 76, 90, 'Approved', 1, 5, '2022-10-28 12:29:56'),
(77, 77, 100, 'Approved', 1, 5, '2022-11-01 12:57:32'),
(78, 78, 20, 'Approved', 1, 5, '2022-11-01 13:40:23'),
(79, 79, 30, 'Approved', 1, 5, '2022-11-01 14:34:20'),
(80, 80, 50, 'Approved', 1, 5, '2022-11-01 14:34:20'),
(81, 81, 60, 'Approved', 1, 5, '2022-11-01 14:34:20'),
(82, 82, 80, 'Approved', 1, 5, '2022-11-01 14:34:20'),
(83, 83, 60, 'Approved', 1, 5, '2022-11-03 12:06:25'),
(84, 84, 30, 'Approved', 1, 5, '2022-11-03 12:06:25'),
(85, 85, 50, 'Approved', 1, 5, '2022-11-03 12:06:25'),
(86, 86, 45, 'Approved', 1, 5, '2022-11-03 12:08:56'),
(87, 87, 65, 'Approved', 1, 5, '2022-11-30 09:19:30'),
(88, 88, 55, 'Approved', 1, 5, '2022-11-03 15:41:21'),
(89, 89, 45, 'Approved', 1, 5, '2022-11-03 15:41:21'),
(90, 90, 20, 'Approved', 1, 5, '2022-11-03 20:58:33'),
(91, 91, 60, 'Approved', 1, 5, '2022-11-03 20:58:33'),
(92, 92, 70, 'Approved', 1, 5, '2022-11-03 20:58:33'),
(93, 93, 30, 'Approved', 1, 5, '2022-11-03 20:58:33'),
(94, 94, 10, 'Approved', 1, 5, '2022-11-03 20:58:33'),
(95, 95, 50, 'Approved', 1, 5, '2022-11-03 20:58:33'),
(96, 96, 100, 'Approved', 1, 5, '2022-11-03 20:58:33'),
(97, 97, 100, 'Approved', 1, 5, '2022-11-04 09:46:19'),
(98, 98, 60, 'Approved', 1, 5, '2022-11-25 17:32:20'),
(99, 99, 70, 'Approved', 1, 5, '2022-11-25 17:45:59'),
(100, 100, 66, 'Approved', 1, 5, '2022-11-25 18:02:22'),
(101, 101, 10, 'Approved', 1, 5, '2022-11-25 20:25:10'),
(102, 102, 70, 'Approved', 1, 5, '2022-11-30 10:04:49'),
(103, 103, 20, 'Approved', 1, 5, '2022-12-05 13:58:46'),
(104, 104, 30, 'Approved', 1, 5, '2022-12-05 13:58:46'),
(105, 105, 20, 'Approved', 1, 1, '2023-03-11 10:21:10'),
(106, 106, 40, 'Approved', 1, 5, '2022-12-07 12:05:30'),
(107, 107, 50, 'Approved', 1, 5, '2022-12-13 11:09:27'),
(108, 108, 70, 'Approved', 1, 5, '2022-12-13 11:09:27'),
(109, 109, 60, 'Approved', 1, 5, '2022-12-13 14:16:04'),
(110, 110, 80, 'Approved', 1, 5, '2022-12-13 14:16:04'),
(111, 111, 50, 'Approved', 1, 5, '2022-12-14 13:20:32'),
(112, 112, 80, 'Approved', 1, 5, '2022-12-15 13:10:38'),
(113, 113, 60, 'Approved', 1, 1, '2023-01-06 05:34:23'),
(114, 114, 50, 'Approved', 1, 1, '2023-01-04 16:31:03'),
(115, 115, 100, 'Approved', 1, 1, '2023-01-06 05:29:27'),
(116, 116, 70, 'Approved', 1, 1, '2023-01-06 05:58:03'),
(117, 117, 78, 'Approved', 1, 1, '2023-01-06 06:00:04'),
(118, 118, 60, 'Approved', 1, 1, '2023-01-06 06:03:40'),
(119, 119, 40, 'Approved', 1, 1, '2023-01-06 06:10:09'),
(120, 120, 66, 'Approved', 1, 1, '2023-01-06 06:27:51'),
(121, 121, 30, 'Approved', 1, 1, '2023-01-06 06:31:23'),
(122, 122, 66, 'Approved', 1, 1, '2023-01-06 06:43:15'),
(123, 123, 88, 'Approved', 1, 1, '2023-01-06 06:44:27'),
(124, 124, 77, 'Approved', 1, 1, '2023-01-06 06:47:42'),
(125, 125, 80, 'Approved', 1, 1, '2023-01-06 18:47:34'),
(126, 126, 77, 'Approved', 1, 1, '2023-01-06 18:54:55'),
(127, 127, 88, 'Approved', 1, 1, '2023-01-06 18:57:36'),
(128, 128, 78, 'Approved', 1, 1, '2023-01-06 18:58:59'),
(129, 129, 88, 'Approved', 1, 1, '2023-01-06 19:00:36'),
(130, 130, 100, 'Approved', 1, 1, '2023-01-06 19:02:48'),
(131, 131, 77, 'Approved', 1, 1, '2023-01-06 19:04:28'),
(132, 132, 77, 'Approved', 1, 1, '2023-01-06 19:10:49'),
(133, 133, 99, 'Approved', 1, 1, '2023-01-06 19:12:10'),
(134, 134, 77, 'Approved', 1, 1, '2023-01-06 19:13:32'),
(135, 135, 8, 'Approved', 1, 1, '2023-01-06 19:15:20'),
(136, 136, 80, 'Approved', 1, 1, '2023-01-06 19:18:25'),
(137, 137, 77, 'Approved', 1, 1, '2023-01-06 19:20:29'),
(138, 138, 70, 'Approved', 1, 1, '2023-01-06 19:38:46'),
(139, 139, 80, 'Approved', 1, 1, '2023-01-06 19:38:46'),
(140, 140, 20, 'Approved', 1, 1, '2023-01-06 20:09:59'),
(141, 141, 70, 'Approved', 1, 1, '2023-01-06 20:09:58'),
(142, 142, 40, 'Approved', 1, 1, '2023-01-06 20:09:58'),
(143, 143, 50, 'Approved', 1, 1, '2023-01-06 20:19:03'),
(144, 144, 99, 'Approved', 1, 1, '2023-01-06 20:24:12'),
(145, 145, 88, 'Approved', 1, 1, '2023-01-06 20:24:12'),
(146, 146, 99, 'Approved', 1, 1, '2023-01-06 20:24:12'),
(147, 147, 77, 'Approved', 1, 1, '2023-01-06 20:30:29'),
(148, 148, 77, 'Approved', 1, 1, '2023-01-06 20:30:29'),
(149, 149, 66, 'Approved', 1, 1, '2023-01-06 20:45:17'),
(150, 150, 77, 'Approved', 1, 1, '2023-01-06 20:49:12'),
(151, 151, 77, 'Approved', 1, 1, '2023-01-06 20:57:03'),
(152, 152, 77, 'Approved', 1, 1, '2023-01-06 20:59:17'),
(153, 153, 66, 'Approved', 1, 1, '2023-01-06 21:01:14'),
(154, 154, 55, 'Approved', 1, 1, '2023-01-06 21:04:05'),
(155, 155, 60, 'Approved', 1, 1, '2023-01-14 10:38:50'),
(156, 156, 50, 'Approved', 1, 1, '2023-01-14 10:38:50'),
(157, 157, 70, 'Approved', 1, 1, '2023-01-17 16:33:31'),
(158, 158, 50, 'Approved', 1, 1, '2023-01-17 16:33:31'),
(159, 159, 50, 'Approved', 1, 1, '2023-01-24 13:16:07'),
(160, 160, 60, 'Approved', 1, 1, '2023-03-11 10:21:10'),
(161, 161, 20, 'Approved', 1, 1, '2023-01-24 13:16:07'),
(162, 162, 20, 'Approved', 1, 1, '2023-01-24 13:16:07'),
(163, 163, 30, 'Approved', 1, 1, '2023-01-24 13:16:07'),
(164, 164, 40, 'Approved', 1, 1, '2023-01-24 13:16:07'),
(165, 165, 50, 'Approved', 1, 1, '2023-01-24 13:16:07'),
(166, 166, 60, 'Approved', 1, 1, '2023-01-24 13:16:07'),
(167, 167, 70, 'Approved', 1, 1, '2023-01-24 13:16:07'),
(168, 168, 80, 'Approved', 1, 1, '2023-01-24 13:16:07'),
(169, 169, 90, 'Approved', 1, 1, '2023-01-24 13:16:28'),
(170, 170, 100, 'Approved', 1, 1, '2023-01-24 13:16:28'),
(171, 171, 110, 'Approved', 1, 1, '2023-01-24 13:16:28'),
(172, 172, 120, 'Approved', 1, 1, '2023-01-24 13:16:28'),
(173, 173, 130, 'Approved', 1, 1, '2023-01-24 13:16:28'),
(174, 174, 140, 'Approved', 1, 1, '2023-01-24 13:16:28'),
(175, 175, 150, 'Approved', 1, 1, '2023-01-24 13:16:28'),
(176, 176, 160, 'Approved', 1, 1, '2023-01-24 13:16:28'),
(177, 177, 170, 'Approved', 1, 1, '2023-01-24 13:16:28'),
(178, 178, 190, 'Approved', 1, 1, '2023-01-24 13:16:28'),
(179, 179, NULL, NULL, 2, NULL, NULL),
(180, 180, 10, 'Approved', 1, 1, '2023-03-09 13:38:18'),
(181, 181, 40, 'Approved', 1, 1, '2023-03-09 13:38:18'),
(182, 182, 10, 'Approved', 1, 1, '2023-03-15 17:01:26'),
(183, 183, 20, 'Approved', 1, 1, '2023-03-15 17:01:26'),
(184, 184, 30, 'Approved', 1, 1, '2023-03-15 17:01:26'),
(185, 185, 40, 'Approved', 1, 1, '2023-03-15 17:01:26'),
(186, 186, 50, 'Approved', 1, 1, '2023-03-15 17:01:21'),
(187, 187, 60, 'Approved', 1, 1, '2023-03-15 17:01:21'),
(188, 188, 70, 'Approved', 1, 1, '2023-03-15 17:01:21'),
(189, 189, 80, 'Approved', 1, 1, '2023-03-15 17:01:21'),
(190, 190, 90, 'Approved', 1, 1, '2023-03-15 17:01:21'),
(191, 191, 100, 'Approved', 1, 1, '2023-03-15 17:01:21'),
(192, 192, 110, 'Approved', 1, 1, '2023-03-15 17:01:21'),
(193, 193, 120, 'Approved', 1, 1, '2023-03-15 17:01:21'),
(194, 194, 130, 'Approved', 1, 1, '2023-03-15 17:01:21'),
(195, 195, 140, 'Approved', 1, 1, '2023-03-15 17:01:21');

-- --------------------------------------------------------

--
-- Table structure for table `inv_purchase_req_master`
--

CREATE TABLE `inv_purchase_req_master` (
  `master_id` int(11) NOT NULL,
  `pr_no` varchar(20) DEFAULT NULL,
  `requestor_id` int(11) DEFAULT NULL,
  `department` int(11) DEFAULT NULL,
  `date` date DEFAULT NULL,
  `PR_SR` enum('PR','SR') DEFAULT NULL,
  `created_at` datetime DEFAULT NULL,
  `updated_at` datetime DEFAULT NULL,
  `status` int(11) DEFAULT 1 COMMENT '0-deactive,1-active,2-delete,3-due,4-pending,5-hold,6-expired'
) ENGINE=InnoDB DEFAULT CHARSET=utf8;

--
-- Dumping data for table `inv_purchase_req_master`
--

INSERT INTO `inv_purchase_req_master` (`master_id`, `pr_no`, `requestor_id`, `department`, `date`, `PR_SR`, `created_at`, `updated_at`, `status`) VALUES
(59, 'PR-22100001', 3, 2, '2022-10-14', 'PR', '2022-10-14 12:02:26', '2022-10-15 12:08:29', 1),
(60, 'PR-22100002', 5, 3, '2022-10-15', 'PR', '2022-10-15 12:08:48', '2022-10-15 12:08:48', 1),
(61, 'SR-22100003', 5, 3, '2022-10-17', 'SR', '2022-10-17 10:53:48', '2022-10-17 10:53:48', 1),
(62, 'PR-22100004', 2, 3, '2022-10-27', 'PR', '2022-10-27 11:58:27', '2022-10-27 11:58:27', 1),
(63, 'PR-22110005', 2, 3, '2022-11-01', 'PR', '2022-11-01 01:37:40', '2022-11-01 01:37:40', 1),
(64, 'PR-22110006', 4, 3, '2022-11-03', 'PR', '2022-11-03 08:50:48', '2022-11-03 08:50:48', 1),
(65, 'PR-22120007', 3, 3, '2022-12-05', 'PR', '2022-12-05 01:57:45', '2022-12-05 01:57:45', 1),
(66, 'SR-22120008', 5, 6, '2022-12-07', 'SR', '2022-12-07 11:01:38', '2022-12-07 11:01:38', 1),
(67, 'PR-23010009', 1, 5, '2023-01-04', 'PR', '2023-01-04 12:17:01', '2023-01-04 12:17:01', 2),
(68, 'PR-23010010', 1, 6, '2023-01-04', 'PR', '2023-01-04 12:26:57', '2023-01-04 12:26:57', 2),
(69, 'PR-23010011', 1, 1, '2023-01-04', 'PR', '2023-01-04 12:27:41', '2023-01-04 12:27:41', 2),
(70, 'PR-23010012', 3, 1, '2023-01-04', 'PR', '2023-01-04 12:29:00', '2023-01-04 12:29:00', 2),
(71, 'PR-22010013', 5, 1, '2023-01-04', 'PR', '2023-01-04 12:30:26', '2023-01-04 12:30:26', 2),
(72, 'PR-22010014', 4, 2, '2023-01-04', 'PR', '2023-01-04 04:30:33', '2023-01-04 04:30:33', 1),
(73, 'PR-22010015', 1, 1, '2023-01-14', 'PR', '2023-01-14 10:38:16', '2023-01-14 10:38:16', 1),
(74, 'PR-22010016', 1, 1, '2023-01-17', 'PR', '2023-01-17 04:32:58', '2023-01-17 04:32:58', 1),
(75, 'SR-22010017', 1, 1, '2023-01-24', 'SR', '2023-01-24 01:03:53', '2023-01-24 01:03:53', 1),
(76, 'PR-22020018', 1, 3, '2023-02-07', 'PR', '2023-02-07 12:59:56', '2023-02-07 12:59:56', 1),
(77, 'PR-22030019', 3, 1, '2023-03-11', 'PR', '2023-03-11 10:34:51', '2023-03-11 10:34:51', 1),
(79, 'PR-22030021', 1, 1, '2023-03-15', 'PR', '2023-03-15 04:57:40', '2023-03-15 04:57:40', 1),
(80, 'PR-22030022', 1, 1, '2023-03-30', 'PR', '2023-03-30 02:52:48', '2023-03-30 02:52:48', 1),
(81, 'PR-22030004', 1, 1, '2023-03-30', 'PR', '2023-03-30 03:07:20', '2023-03-30 03:07:20', 1),
(83, 'SR-22030001', 1, 1, '2023-03-30', 'SR', '2023-03-30 03:10:31', '2023-03-30 03:10:31', 1),
(87, 'PR-22030001', 1, 1, '2023-03-30', 'PR', '2023-03-30 03:13:20', '2023-03-30 03:13:20', 1),
(89, 'PR-23030001', 1, 1, '2023-03-30', 'PR', '2023-03-30 03:14:55', '2023-03-30 03:14:55', 1);

-- --------------------------------------------------------

--
-- Table structure for table `inv_purchase_req_master_item_rel`
--

CREATE TABLE `inv_purchase_req_master_item_rel` (
  `id` int(11) NOT NULL,
  `master` int(11) DEFAULT NULL COMMENT 'purchase_req_maste -> pk id',
  `item` int(11) DEFAULT NULL COMMENT 'purchase_req_item ->pk id'
) ENGINE=InnoDB DEFAULT CHARSET=utf8;

--
-- Dumping data for table `inv_purchase_req_master_item_rel`
--

INSERT INTO `inv_purchase_req_master_item_rel` (`id`, `master`, `item`) VALUES
(55, 59, 55),
(56, 59, 56),
(57, 60, 57),
(58, 60, 58),
(59, 60, 59),
(60, 61, 60),
(61, 60, 61),
(62, 60, 62),
(63, 60, 63),
(64, 60, 64),
(65, 60, 65),
(66, 59, 66),
(67, 59, 67),
(68, 59, 68),
(69, 60, 69),
(70, 60, 70),
(71, 62, 71),
(72, 62, 72),
(73, 62, 73),
(74, 62, 74),
(75, 62, 75),
(76, 62, 76),
(77, 60, 77),
(78, 63, 78),
(79, 63, 79),
(80, 63, 80),
(81, 63, 81),
(82, 63, 82),
(83, 63, 83),
(84, 63, 84),
(85, 63, 85),
(86, 63, 86),
(87, 63, 87),
(88, 63, 88),
(89, 63, 89),
(90, 64, 90),
(91, 64, 91),
(92, 64, 92),
(93, 64, 93),
(94, 64, 94),
(95, 64, 95),
(96, 64, 96),
(97, 64, 97),
(98, 64, 98),
(99, 64, 99),
(100, 64, 100),
(101, 64, 101),
(102, 64, 102),
(103, 61, 103),
(104, 61, 104),
(105, 66, 105),
(106, 66, 106),
(107, 66, 107),
(108, 66, 108),
(109, 66, 109),
(110, 66, 110),
(111, 65, 111),
(112, 64, 112),
(113, 65, 113),
(114, 72, 114),
(115, 72, 115),
(116, 72, 116),
(117, 72, 117),
(118, 72, 118),
(119, 72, 119),
(120, 72, 120),
(121, 72, 121),
(122, 72, 122),
(123, 72, 123),
(124, 72, 124),
(125, 72, 125),
(126, 72, 126),
(127, 72, 127),
(128, 72, 128),
(129, 72, 129),
(130, 72, 130),
(131, 72, 131),
(132, 65, 132),
(133, 65, 133),
(134, 65, 134),
(135, 65, 135),
(136, 65, 136),
(137, 65, 137),
(138, 65, 138),
(139, 65, 139),
(140, 65, 140),
(141, 65, 141),
(142, 65, 142),
(143, 64, 143),
(144, 72, 144),
(145, 72, 145),
(146, 72, 146),
(147, 72, 147),
(148, 72, 148),
(149, 72, 149),
(150, 72, 150),
(151, 72, 151),
(152, 72, 152),
(153, 72, 153),
(154, 72, 154),
(155, 73, 155),
(156, 73, 156),
(157, 74, 157),
(158, 74, 158),
(159, 73, 159),
(160, 75, 160),
(161, 74, 161),
(162, 74, 162),
(163, 74, 163),
(164, 74, 164),
(165, 74, 165),
(166, 74, 166),
(167, 74, 167),
(168, 74, 168),
(169, 74, 169),
(170, 74, 170),
(171, 74, 171),
(172, 74, 172),
(173, 74, 173),
(174, 74, 174),
(175, 74, 175),
(176, 74, 176),
(177, 74, 177),
(178, 74, 178),
(179, 76, 179),
(180, 76, 180),
(181, 73, 181),
(182, 79, 182),
(183, 79, 183),
(184, 79, 184),
(185, 79, 185),
(186, 79, 186),
(187, 79, 187),
(188, 79, 188),
(189, 79, 189),
(190, 79, 190),
(191, 79, 191),
(192, 79, 192),
(193, 79, 193),
(194, 79, 194),
(195, 79, 195);

-- --------------------------------------------------------

--
-- Table structure for table `inv_purchase_req_quotation`
--

CREATE TABLE `inv_purchase_req_quotation` (
  `quotation_id` int(11) NOT NULL,
  `rq_no` varchar(50) DEFAULT NULL,
  `date` date DEFAULT NULL,
  `delivery_schedule` date DEFAULT NULL,
  `created_at` datetime DEFAULT NULL,
  `created_user` int(11) DEFAULT NULL,
  `status` int(10) UNSIGNED DEFAULT 1 COMMENT '0-deactive,1-active,2-delete,3-due,4-pending,5-hold,6-expired',
  `type` enum('PR','SR') NOT NULL DEFAULT 'PR'
) ENGINE=InnoDB DEFAULT CHARSET=utf8;

--
-- Dumping data for table `inv_purchase_req_quotation`
--

INSERT INTO `inv_purchase_req_quotation` (`quotation_id`, `rq_no`, `date`, `delivery_schedule`, `created_at`, `created_user`, `status`, `type`) VALUES
(51, 'RQ-22100001', '2022-10-14', '2022-10-14', '2022-10-14 02:54:58', 1, 1, 'PR'),
(52, 'RQ-22100002', '2022-10-17', '2022-10-17', '2022-10-17 05:38:53', 5, 1, 'PR'),
(53, 'RQ-22100003', '2022-10-22', '2022-10-27', '2022-10-22 23:15:53', 5, 1, 'PR'),
(54, 'RQ-22100004', '2022-10-25', '2022-10-25', '2022-10-25 10:03:12', 5, 1, 'PR'),
(55, 'RQ-22100005', '2022-10-25', '2022-10-25', '2022-10-25 12:22:22', 5, 1, 'PR'),
(56, 'RQ-22100006', '2022-10-25', '2022-10-25', '2022-10-25 13:12:20', 5, 1, 'PR'),
(68, 'RQ-22100007', '2022-10-27', '2022-11-03', '2022-10-27 17:15:42', 5, 1, 'PR'),
(69, 'RQ-22100008', '2022-10-28', '2022-10-28', '2022-10-28 12:30:10', 5, 1, 'PR'),
(70, 'RQ-22110009', '2022-11-01', '2022-11-01', '2022-11-01 10:44:39', 5, 1, 'PR'),
(71, 'RQ-22110010', '2022-11-01', '2022-11-30', '2022-11-01 12:58:08', 5, 1, 'PR'),
(72, 'RQ-22110011', '2022-11-01', '2022-11-01', '2022-11-01 13:40:56', 5, 1, 'PR'),
(73, 'RQ-22110012', '2022-11-01', '2022-11-01', '2022-11-01 14:35:33', 5, 1, 'PR'),
(74, 'RQ-22110013', '2022-11-03', '2022-11-23', '2022-11-03 10:56:01', 5, 1, 'PR'),
(75, 'RQ-22110014', '2022-11-03', '2022-11-30', '2022-11-03 15:32:15', 5, 1, 'PR'),
(76, 'RQ-22110015', '2022-11-03', '2022-11-03', '2022-11-03 16:39:30', 5, 1, 'PR'),
(77, 'RQ-22110016', '2022-11-03', '2022-11-23', '2022-11-03 16:45:41', 5, 1, 'PR'),
(78, 'RQ-22110017', '2022-11-03', '2022-11-03', '2022-11-03 16:46:45', 5, 1, 'PR'),
(79, 'RQ-22110018', '2022-11-03', '2022-11-24', '2022-11-03 16:49:32', 5, 1, 'PR'),
(80, 'RQ-22110019', '2022-11-03', '2022-11-03', '2022-11-03 16:57:08', 5, 1, 'PR'),
(81, 'RQ-22110020', '2022-11-03', '2022-11-30', '2022-11-03 20:49:09', 5, 1, 'PR'),
(82, 'RQ-22110021', '2022-11-03', '2022-11-23', '2022-11-03 22:01:32', 5, 1, 'PR'),
(83, 'RQ-22110022', '2022-11-30', '2022-11-05', '2022-11-05 20:52:20', 5, 1, 'PR'),
(91, 'RQ-22110023', '2022-11-25', '2022-11-25', '2022-11-25 17:34:04', 5, 1, 'PR'),
(92, 'RQ-22110024', '2022-11-25', '2022-12-01', '2022-11-25 17:46:28', 5, 1, 'PR'),
(93, 'RQ-22110025', '2022-11-25', '2022-11-22', '2022-11-25 18:02:48', 5, 1, 'PR'),
(94, 'RQ-22110026', '2022-11-25', '2022-11-23', '2022-11-25 20:25:44', 5, 1, 'PR'),
(95, 'RQ-22110027', '2022-11-28', '2022-12-10', '2022-11-28 10:21:10', 5, 1, 'PR'),
(96, 'RQ-22110028', '2022-11-30', '2022-12-10', '2022-11-30 09:20:02', 5, 1, 'PR'),
(97, 'RQ-22110029', '2022-11-30', '2022-12-10', '2022-11-30 09:35:32', 5, 1, 'PR'),
(98, 'RQ-22110030', '2022-11-30', '2022-12-10', '2022-11-30 10:05:52', 5, 1, 'PR'),
(99, 'RQ-22110031', '2022-11-30', '2022-12-09', '2022-11-30 12:10:42', 5, 1, 'PR'),
(100, 'RQ-22110032', '2022-11-30', '2022-11-30', '2022-11-30 12:17:38', 5, 1, 'PR'),
(101, 'RQ-22110033', '2022-11-30', '2022-11-30', '2022-11-30 12:18:55', 5, 1, 'PR'),
(103, 'RQ-22120034', '2022-12-05', '2022-12-28', '2022-12-05 14:06:48', 5, 1, 'SR'),
(104, 'RQ-22120035', '2022-12-07', '2022-12-28', '2022-12-07 12:06:52', 5, 1, 'SR'),
(105, 'RQ-22120036', '2022-12-13', '2022-12-13', '2022-12-13 10:01:56', 5, 1, 'PR'),
(106, 'RQ-22120037', '2022-12-13', '2022-12-13', '2022-12-13 10:06:43', 5, 1, 'PR'),
(107, 'RQ-22120038', '2022-12-13', '2022-12-29', '2022-12-13 11:35:50', 5, 1, 'PR'),
(108, 'RQ-22120039', '2022-12-13', '2022-12-21', '2022-12-13 14:17:39', 5, 1, 'SR'),
(109, 'RQ-22120040', '2022-12-14', '2022-12-28', '2022-12-14 13:21:03', 5, 1, 'PR'),
(110, 'RQ-22120041', '2022-12-15', '2022-12-30', '2022-12-15 13:11:03', 5, 1, 'PR'),
(111, 'RQ-22010042', '2023-01-04', '2023-01-25', '2023-01-04 16:31:58', 1, 1, 'PR'),
(112, 'RQ-22010043', '2023-01-05', '2023-01-12', '2023-01-05 21:13:00', 1, 1, 'PR'),
(113, 'RQ-22010044', '2023-01-06', '2023-01-06', '2023-01-06 03:57:31', 1, 1, 'SR'),
(114, 'RQ-22010045', '2023-01-06', '2023-01-06', '2023-01-06 03:58:25', 1, 1, 'SR'),
(115, 'RQ-22010046', '2023-01-06', '2023-01-25', '2023-01-06 05:30:01', 1, 1, 'PR'),
(116, 'RQ-22010047', '2023-01-06', '2023-01-06', '2023-01-06 05:34:40', 1, 1, 'PR'),
(117, 'RQ-22010048', '2023-01-06', '2023-01-26', '2023-01-06 05:58:31', 1, 1, 'PR'),
(118, 'RQ-22010049', '2023-01-06', '2023-01-18', '2023-01-06 06:00:27', 1, 1, 'PR'),
(119, 'RQ-22010050', '2023-01-06', '2023-01-25', '2023-01-06 06:03:58', 1, 1, 'PR'),
(120, 'RQ-22010051', '2023-01-06', '2023-01-06', '2023-01-06 06:10:22', 1, 1, 'PR'),
(121, 'RQ-22010052', '2023-01-06', '2023-01-26', '2023-01-06 06:28:13', 1, 1, 'PR'),
(122, 'RQ-22010053', '2023-01-06', '2023-01-24', '2023-01-06 06:31:44', 1, 1, 'PR'),
(123, 'RQ-22010054', '2023-01-06', '2023-01-06', '2023-01-06 06:43:33', 1, 1, 'PR'),
(124, 'RQ-22010055', '2023-01-06', '2023-01-06', '2023-01-06 06:44:45', 1, 1, 'PR'),
(125, 'RQ-22010056', '2023-01-06', '2023-01-19', '2023-01-06 06:47:58', 1, 1, 'PR'),
(126, 'RQ-22010057', '2023-01-06', '2023-01-26', '2023-01-06 18:48:17', 1, 1, 'PR'),
(127, 'RQ-22010058', '2023-01-06', '2023-01-26', '2023-01-06 18:55:17', 1, 1, 'PR'),
(128, 'RQ-22010059', '2023-01-06', '2023-01-26', '2023-01-06 18:57:55', 1, 1, 'PR'),
(129, 'RQ-22010060', '2023-01-06', '2023-01-18', '2023-01-06 18:59:20', 1, 1, 'PR'),
(130, 'RQ-22010061', '2023-01-06', '2023-01-26', '2023-01-06 19:00:57', 1, 1, 'PR'),
(131, 'RQ-22010062', '2023-01-06', '2023-01-25', '2023-01-06 19:03:09', 1, 1, 'PR'),
(132, 'RQ-22010063', '2023-01-06', '2023-01-19', '2023-01-06 19:04:50', 1, 1, 'PR'),
(133, 'RQ-22010064', '2023-01-06', '2023-01-24', '2023-01-06 19:11:12', 1, 1, 'PR'),
(134, 'RQ-22010065', '2023-01-06', '2023-02-01', '2023-01-06 19:12:41', 1, 1, 'PR'),
(135, 'RQ-22010066', '2023-01-06', '2023-01-26', '2023-01-06 19:14:00', 1, 1, 'PR'),
(136, 'RQ-22010067', '2023-01-06', '2023-01-06', '2023-01-06 19:15:42', 1, 1, 'PR'),
(137, 'RQ-22010068', '2023-01-06', '2023-01-06', '2023-01-06 19:18:45', 1, 1, 'PR'),
(138, 'RQ-22010069', '2023-01-06', '2023-01-17', '2023-01-06 19:20:52', 1, 1, 'PR'),
(139, 'RQ-22010070', '2023-01-06', '2023-01-26', '2023-01-06 19:39:07', 1, 1, 'PR'),
(140, 'RQ-22010071', '2023-01-06', '2023-01-18', '2023-01-06 19:47:24', 1, 1, 'PR'),
(141, 'RQ-22010072', '2023-01-06', '2023-01-06', '2023-01-06 20:10:16', 1, 1, 'PR'),
(142, 'RQ-22010073', '2023-01-06', '2023-01-06', '2023-01-06 20:11:11', 1, 1, 'PR'),
(143, 'RQ-22010074', '2023-01-06', '2023-01-06', '2023-01-06 20:12:25', 1, 1, 'PR'),
(144, 'RQ-22010075', '2023-01-06', '2023-01-06', '2023-01-06 20:19:18', 1, 1, 'PR'),
(145, 'RQ-22010076', '2023-01-06', '2023-01-31', '2023-01-06 20:24:40', 1, 1, 'PR'),
(146, 'RQ-22010077', '2023-01-06', '2023-01-06', '2023-01-06 20:26:24', 1, 1, 'PR'),
(147, 'RQ-22010078', '2023-01-06', '2023-01-06', '2023-01-06 20:27:28', 1, 1, 'PR'),
(148, 'RQ-22010079', '2023-01-06', '2023-01-26', '2023-01-06 20:30:52', 1, 1, 'PR'),
(149, 'RQ-22010080', '2023-01-06', '2023-01-25', '2023-01-06 20:33:44', 1, 1, 'PR'),
(150, 'RQ-22010081', '2023-01-06', '2023-01-06', '2023-01-06 20:45:32', 1, 1, 'PR'),
(151, 'RQ-22010082', '2023-01-06', '2023-01-25', '2023-01-06 20:49:30', 1, 1, 'PR'),
(152, 'RQ-22010083', '2023-01-06', '2023-01-06', '2023-01-06 20:57:14', 1, 1, 'PR'),
(153, 'RQ-22010084', '2023-01-06', '2023-01-25', '2023-01-06 20:59:32', 1, 1, 'PR'),
(154, 'RQ-22010085', '2023-01-06', '2023-01-06', '2023-01-06 21:01:33', 1, 1, 'PR'),
(155, 'RQ-22010086', '2023-01-06', '2023-01-06', '2023-01-06 21:04:23', 1, 1, 'PR'),
(156, 'RQ-22010087', '2023-01-14', '2023-01-28', '2023-01-14 10:39:34', 1, 1, 'PR'),
(157, 'RQ-22010088', '2023-01-17', '2023-01-27', '2023-01-17 16:34:08', 1, 1, 'PR'),
(158, 'RQ-22010089', '2023-01-24', '2023-01-31', '2023-01-24 20:58:47', 1, 1, 'PR'),
(159, 'RQ-22010090', '2023-01-24', '2023-01-24', '2023-01-24 21:00:26', 1, 1, 'PR'),
(160, 'RQ-22030091', '2023-03-09', '2023-03-09', '2023-03-09 13:39:22', 1, 1, 'PR'),
(161, 'RQ-22030092', '2023-03-11', '2023-03-24', '2023-03-11 10:21:51', 1, 1, 'SR'),
(162, 'RQ-22030093', '2023-03-11', '2023-03-24', '2023-03-11 10:24:53', 1, 1, 'SR'),
(163, 'RQ-22030094', '2023-03-14', '2023-03-14', '2023-03-14 17:12:05', 1, 1, 'PR'),
(165, 'RQ-22030095', '2023-03-15', '2023-03-23', '2023-03-15 17:22:21', 1, 1, 'PR'),
(166, 'PR-22030006', '2023-03-30', '2023-04-08', '2023-03-30 15:22:41', 1, 1, 'PR');

-- --------------------------------------------------------

--
-- Table structure for table `inv_purchase_req_quotation_item_supp_rel`
--

CREATE TABLE `inv_purchase_req_quotation_item_supp_rel` (
  `id` int(11) NOT NULL,
  `quotation_id` int(11) DEFAULT NULL COMMENT 'inv_purchase_req_quotation ->pk id',
  `item_id` int(11) DEFAULT NULL COMMENT 'inv_purchase_req_item ->pk id',
  `supplier_id` int(11) DEFAULT NULL,
  `quantity` float DEFAULT NULL,
  `rate` float(20,2) DEFAULT NULL,
  `discount` float DEFAULT NULL,
  `gst` int(11) DEFAULT NULL,
  `currency` int(11) DEFAULT NULL,
  `specification` text DEFAULT NULL,
  `status` int(11) DEFAULT 1 COMMENT '0-deactive,1-active,2-delete,3-due,4-pending,5-hold,6-expired',
  `remarks` text DEFAULT NULL,
  `committed_delivery_date` date DEFAULT NULL,
  `selected_item` int(11) NOT NULL DEFAULT 0
) ENGINE=InnoDB DEFAULT CHARSET=utf8;

--
-- Dumping data for table `inv_purchase_req_quotation_item_supp_rel`
--

INSERT INTO `inv_purchase_req_quotation_item_supp_rel` (`id`, `quotation_id`, `item_id`, `supplier_id`, `quantity`, `rate`, `discount`, `gst`, `currency`, `specification`, `status`, `remarks`, `committed_delivery_date`, `selected_item`) VALUES
(119, 51, 56, 1, 100, 190.00, 5, 7, 2, '666', 1, 'hhh', NULL, 0),
(120, 51, 56, 71, 100, 200.00, 7, 5, 1, 'hhh', 1, NULL, NULL, 1),
(121, 52, 59, 1, 300, 200.00, 13, 4, 1, 'hjjjjjjjjjjjjjjjjjjjjjjjjjjjjjjjj', 1, 'hjjjjjjjjjjjjjjjjjjjjjjjjjjjjjjjjjjjjjjjjjjjjjjjjjjjjjjjjjk', NULL, 0),
(122, 52, 59, 2, 300, 1000.00, 12, 1, 1, 'nnnnnnnnnnnnn', 1, 'yiiiiiiiiiiiiiiiiiiii', NULL, 1),
(123, 53, 68, 1, 10, 200.00, 10, 7, 2, 'dweewed', 1, NULL, NULL, 0),
(124, 53, 67, 1, 30, 100.00, 12, 4, 2, 'wqsqws', 1, NULL, NULL, 1),
(125, 53, 68, 2, 10, 200.00, 12, 8, 3, 'wdw', 1, NULL, NULL, 1),
(126, 53, 67, 2, 30, 100.00, 9, 8, 3, 'wqwq', 1, NULL, NULL, 0),
(127, 54, 66, 5, 20, 201.00, 10, 4, 2, 'tttt', 1, NULL, NULL, 1),
(128, 54, 65, 5, NULL, NULL, NULL, NULL, NULL, NULL, 1, NULL, NULL, 0),
(129, 54, 66, 4, 20, 200.00, 10, 4, 2, 'werert', 1, NULL, NULL, 0),
(130, 54, 65, 4, 46, 100.00, 10, 4, 2, 'wrwe', 1, NULL, NULL, 1),
(131, 55, 64, 2, 30, 200.00, 10, 4, 2, 'gh', 1, NULL, NULL, 0),
(132, 55, 63, 2, 20, 200.00, 8, 4, 2, 'yyy', 1, NULL, NULL, 0),
(133, 55, 64, 19, 30, 200.00, 9, 7, 2, 'ggg', 1, NULL, NULL, 1),
(134, 55, 63, 19, 20, 210.00, 12, 8, 2, 'yyy', 1, NULL, NULL, 1),
(135, 56, 70, 8, 40, 2000.00, 10, 7, 1, 'hhh', 1, NULL, NULL, 0),
(136, 56, 70, 12, 40, 200.00, 10, 7, 1, 'dd', 1, NULL, NULL, 0),
(179, 68, 75, 10, 120, 2000.00, 8, 7, 2, 'hhh', 1, NULL, '2022-11-04', 1),
(180, 68, 74, 10, 70, 1220.00, 10, 4, 1, 'hhh', 1, NULL, '2022-11-09', 0),
(181, 68, 73, 10, 50, 710.00, 14, 4, 1, NULL, 1, NULL, '2022-11-26', 1),
(182, 68, 75, 124, 120, 2000.00, 10, 7, 2, 'tukb', 1, NULL, '2022-11-30', 0),
(183, 68, 74, 124, 70, 1200.00, 10, 4, 2, 'hhh', 1, NULL, '2022-11-05', 1),
(184, 68, 73, 124, NULL, NULL, NULL, NULL, NULL, NULL, 1, NULL, NULL, 0),
(185, 69, 76, 1, 90, 1000.00, 10, 8, 1, NULL, 1, NULL, '2022-12-07', 1),
(186, 70, 72, 51, 60, 500.00, 12, 9, 1, NULL, 1, NULL, '2022-12-01', 1),
(187, 70, 71, 51, NULL, NULL, NULL, NULL, NULL, NULL, 1, NULL, NULL, 0),
(188, 70, 72, 1, NULL, NULL, NULL, NULL, NULL, NULL, 1, NULL, NULL, 0),
(189, 70, 71, 1, 80, 1000.00, 10, 8, 1, NULL, 1, NULL, '2022-12-11', 1),
(190, 71, 77, 51, NULL, NULL, NULL, NULL, NULL, NULL, 1, NULL, NULL, 0),
(191, 71, 77, 110, NULL, NULL, NULL, NULL, NULL, NULL, 1, NULL, NULL, 0),
(192, 72, 78, 51, 20, 500.00, 12, 9, 1, NULL, 1, NULL, '2022-12-01', 1),
(193, 72, 78, 50, NULL, NULL, NULL, NULL, NULL, NULL, 1, NULL, NULL, 0),
(194, 73, 82, 1, NULL, NULL, NULL, NULL, NULL, NULL, 1, NULL, NULL, 0),
(195, 73, 81, 1, NULL, NULL, NULL, NULL, NULL, NULL, 1, NULL, NULL, 0),
(196, 73, 80, 1, NULL, NULL, NULL, NULL, NULL, NULL, 1, NULL, NULL, 0),
(197, 73, 79, 1, 30, 1000.00, 10, 8, 1, NULL, 1, NULL, '2022-12-11', 1),
(198, 73, 82, 51, NULL, NULL, NULL, NULL, NULL, NULL, 1, NULL, NULL, 0),
(199, 73, 81, 51, NULL, NULL, NULL, NULL, NULL, NULL, 1, NULL, NULL, 0),
(200, 73, 80, 51, 50, 500.00, 12, 9, 1, NULL, 1, NULL, '2022-12-01', 1),
(201, 73, 79, 51, NULL, NULL, NULL, NULL, NULL, NULL, 1, NULL, NULL, 0),
(202, 74, 69, 14, 20, 1000.00, 10, 7, 2, 'were', 1, 'wewer', '2022-11-29', 0),
(203, 74, 58, 14, 100, 150.00, 8, 8, 1, 'efe', 1, 'wew', '2022-11-23', 0),
(204, 74, 69, 13, 20, 1100.00, 12, 7, 1, 'werwe', 1, 'et4t34', '2022-11-23', 1),
(205, 74, 58, 13, 100, 160.00, 10, 8, 1, 'rege', 1, 'etet34', '2022-11-24', 1),
(206, 79, 89, 1, 45, 400.00, 10, 4, 2, NULL, 1, NULL, '1970-01-01', 1),
(207, 79, 85, 1, 50, 1000.00, 10, 8, 2, NULL, 1, NULL, '2022-12-13', 1),
(208, 80, 83, 51, 60, 500.00, 12, 9, 1, NULL, 1, NULL, '2022-12-03', 1),
(209, 81, 86, 51, 45, 1111.00, 10, 7, 1, 'rewr', 1, NULL, '2022-11-30', 1),
(210, 82, 95, 10, 50, 710.00, 14, 4, 1, NULL, 1, NULL, '2022-12-03', 1),
(211, 83, 92, 1, 70, 750.00, NULL, 4, NULL, NULL, 1, NULL, '2022-12-15', 1),
(221, 91, 98, 11, NULL, NULL, NULL, NULL, NULL, NULL, 1, NULL, NULL, 0),
(222, 92, 99, 1, 70, 750.00, NULL, 4, NULL, NULL, 1, NULL, '2023-01-04', 1),
(223, 93, 100, 11, 66, 11413.00, 0, 5, 1, NULL, 1, NULL, '2022-12-25', 1),
(224, 94, 101, 83, 10, 2902.14, 0, 8, 1, NULL, 1, NULL, '2022-12-25', 1),
(225, 95, 96, 147, 100, 700.00, 10, 7, 1, 'wdwef', 1, NULL, '2022-12-17', 1),
(226, 95, 96, 99, 100, 700.00, 8, 7, 1, 'wdw', 1, NULL, '2022-12-17', 0),
(227, 96, 97, 1, 100, 200.00, 190, 7, 1, 'ijk', 1, NULL, '2022-12-10', 1),
(228, 96, 97, 71, 100, 300.00, 12, 7, 1, 'uj', 1, NULL, '2022-12-10', 0),
(229, 97, 94, 5, 10, 400.00, 13, 7, 1, 'uu', 1, NULL, '2022-12-10', 1),
(230, 98, 102, 108, 70, 44.12, 0, 10, 4, NULL, 1, NULL, '2022-12-30', 1),
(231, 99, 93, 71, NULL, NULL, NULL, NULL, NULL, NULL, 1, NULL, NULL, 0),
(232, 99, 93, 1, NULL, NULL, NULL, NULL, NULL, NULL, 1, NULL, NULL, 0),
(233, 100, 91, 1, NULL, NULL, NULL, NULL, NULL, NULL, 1, NULL, NULL, 0),
(234, 101, 90, 1, NULL, NULL, NULL, NULL, NULL, NULL, 1, NULL, NULL, 0),
(236, 103, 104, 108, 30, 45.79, 0, 10, 4, NULL, 1, NULL, '2023-01-04', 1),
(237, 103, 103, 108, 20, 45.84, 0, 10, 4, NULL, 1, NULL, '2023-01-04', 1),
(238, 104, 106, 108, 40, 45.79, 0, 10, 4, NULL, 1, NULL, '2023-01-06', 1),
(239, 105, 88, 162, NULL, NULL, NULL, NULL, NULL, NULL, 1, NULL, NULL, 0),
(240, 106, 87, 1, 65, 500.00, 8, 7, 1, NULL, 1, NULL, '2022-12-31', 0),
(241, 107, 84, 44, 30, 460.00, 5, 7, 1, NULL, 1, NULL, '2022-12-31', 0),
(242, 108, 108, 169, 70, 600.00, 5, 4, 2, NULL, 1, NULL, '2023-01-07', 0),
(243, 108, 107, 169, 50, 700.00, 5, 4, 2, NULL, 1, NULL, '2022-12-31', 0),
(244, 108, 108, 26, 70, 600.00, 7, 7, 1, NULL, 1, NULL, '2023-01-07', 0),
(245, 108, 107, 26, 50, 780.00, 12, 7, 1, 'i', 1, NULL, '2023-01-07', 0),
(246, 109, 111, 1, 50, 600.00, 10, 7, 1, NULL, 1, NULL, '2022-12-31', 1),
(247, 110, 112, 162, 80, 400.00, 10, 8, 2, NULL, 1, NULL, '2023-01-06', 1),
(248, 111, 114, 108, 50, 45.79, 0, 10, 4, NULL, 1, NULL, '2023-02-03', 1),
(249, 112, 57, 5, NULL, NULL, NULL, NULL, NULL, NULL, 1, NULL, NULL, 0),
(250, 113, 110, 1, 80, 3000.00, 10, 7, 1, NULL, 1, NULL, '2023-02-23', 1),
(251, 114, 109, 17, 60, 200.00, 12, 7, 1, 'h', 1, NULL, '2023-02-22', 1),
(252, 115, 115, 71, NULL, NULL, NULL, NULL, NULL, NULL, 1, NULL, NULL, 0),
(253, 116, 113, 162, NULL, NULL, NULL, NULL, NULL, NULL, 1, NULL, NULL, 0),
(254, 117, 116, 111, NULL, NULL, NULL, NULL, NULL, NULL, 1, NULL, NULL, 0),
(255, 118, 117, 25, NULL, NULL, NULL, NULL, NULL, NULL, 1, NULL, NULL, 0),
(256, 119, 118, 128, NULL, NULL, NULL, NULL, NULL, NULL, 1, NULL, NULL, 0),
(257, 120, 119, 17, NULL, NULL, NULL, NULL, NULL, NULL, 1, NULL, NULL, 0),
(258, 121, 120, 54, NULL, NULL, NULL, NULL, NULL, NULL, 1, NULL, NULL, 0),
(259, 122, 121, 136, NULL, NULL, NULL, NULL, NULL, NULL, 1, NULL, NULL, 0),
(260, 123, 122, 142, NULL, NULL, NULL, NULL, NULL, NULL, 1, NULL, NULL, 0),
(261, 124, 123, 156, NULL, NULL, NULL, NULL, NULL, NULL, 1, NULL, NULL, 0),
(262, 125, 124, 164, NULL, NULL, NULL, NULL, NULL, NULL, 1, NULL, NULL, 0),
(263, 126, 125, 54, NULL, NULL, NULL, NULL, NULL, NULL, 1, NULL, NULL, 0),
(264, 127, 126, 17, NULL, NULL, NULL, NULL, NULL, NULL, 1, NULL, NULL, 0),
(265, 128, 127, 1, NULL, NULL, NULL, NULL, NULL, NULL, 1, NULL, NULL, 0),
(266, 129, 128, 1, NULL, NULL, NULL, NULL, NULL, NULL, 1, NULL, NULL, 0),
(267, 130, 129, 1, NULL, NULL, NULL, NULL, NULL, NULL, 1, NULL, NULL, 0),
(268, 131, 130, 1, NULL, NULL, NULL, NULL, NULL, NULL, 1, NULL, NULL, 0),
(269, 132, 131, 1, NULL, NULL, NULL, NULL, NULL, NULL, 1, NULL, NULL, 0),
(270, 133, 132, 54, NULL, NULL, NULL, NULL, NULL, NULL, 1, NULL, NULL, 0),
(271, 134, 133, 51, NULL, NULL, NULL, NULL, NULL, NULL, 1, NULL, NULL, 0),
(272, 135, 134, 158, NULL, NULL, NULL, NULL, NULL, NULL, 1, NULL, NULL, 0),
(273, 136, 135, 1, NULL, NULL, NULL, NULL, NULL, NULL, 1, NULL, NULL, 0),
(274, 137, 136, 1, NULL, NULL, NULL, NULL, NULL, NULL, 1, NULL, NULL, 0),
(275, 138, 137, 54, NULL, NULL, NULL, NULL, NULL, NULL, 1, NULL, NULL, 0),
(276, 139, 139, 1, NULL, NULL, NULL, NULL, NULL, NULL, 1, NULL, NULL, 0),
(277, 140, 138, 1, NULL, NULL, NULL, NULL, NULL, NULL, 1, NULL, NULL, 0),
(278, 141, 142, 1, NULL, NULL, NULL, NULL, NULL, NULL, 1, NULL, NULL, 0),
(279, 142, 141, 1, NULL, NULL, NULL, NULL, NULL, NULL, 1, NULL, NULL, 0),
(280, 143, 140, 1, NULL, NULL, NULL, NULL, NULL, NULL, 1, NULL, NULL, 0),
(281, 144, 143, 1, NULL, NULL, NULL, NULL, NULL, NULL, 1, NULL, NULL, 0),
(282, 145, 146, 1, NULL, NULL, NULL, NULL, NULL, NULL, 1, NULL, NULL, 0),
(283, 146, 145, 1, NULL, NULL, NULL, NULL, NULL, NULL, 1, NULL, NULL, 0),
(284, 147, 144, 1, NULL, NULL, NULL, NULL, NULL, NULL, 1, NULL, NULL, 0),
(285, 148, 147, 1, NULL, NULL, NULL, NULL, NULL, NULL, 1, NULL, NULL, 0),
(286, 149, 148, 1, NULL, NULL, NULL, NULL, NULL, NULL, 1, NULL, NULL, 0),
(287, 150, 149, 1, NULL, NULL, NULL, NULL, NULL, NULL, 1, NULL, NULL, 0),
(288, 151, 150, 1, NULL, NULL, NULL, NULL, NULL, NULL, 1, NULL, NULL, 0),
(289, 152, 151, 1, NULL, NULL, NULL, NULL, NULL, NULL, 1, NULL, NULL, 0),
(290, 153, 152, 1, NULL, NULL, NULL, NULL, NULL, NULL, 1, NULL, NULL, 0),
(291, 154, 153, 1, NULL, NULL, NULL, NULL, NULL, NULL, 1, NULL, NULL, 0),
(292, 155, 154, 1, NULL, NULL, NULL, NULL, NULL, NULL, 1, NULL, NULL, 0),
(293, 156, 156, 17, 50, 100.00, 10, 7, 1, 'ds', 1, NULL, '2023-01-27', 1),
(294, 156, 155, 17, 60, 150.00, 8, 7, 1, 'dsf', 1, NULL, '2023-01-27', 1),
(295, 157, 158, 17, 50, 1000.00, 12, 7, 1, 'jj', 1, NULL, '2023-01-27', 1),
(296, 157, 157, 17, 70, 200.00, 10, 8, 1, 'jj', 1, NULL, '2023-01-27', 1),
(297, 157, 158, 54, NULL, NULL, NULL, NULL, NULL, NULL, 1, NULL, NULL, 0),
(298, 157, 157, 54, NULL, NULL, NULL, NULL, NULL, NULL, 1, NULL, NULL, 0),
(299, 158, 161, 128, NULL, NULL, NULL, NULL, NULL, NULL, 1, NULL, NULL, 0),
(300, 158, 161, 111, NULL, NULL, NULL, NULL, NULL, NULL, 1, NULL, NULL, 0),
(301, 159, 159, 17, NULL, NULL, NULL, NULL, NULL, NULL, 1, NULL, NULL, 0),
(302, 160, 181, 108, 40, 100.00, 15, 7, 1, 'kjjkkj', 1, NULL, '2023-03-21', 1),
(303, 160, 180, 108, 10, 100.00, 9, 8, 1, NULL, 1, NULL, '2023-03-24', 1),
(304, 161, 105, 1, 20, 1000.00, 10, 7, 1, 'test', 1, NULL, '2023-03-22', 1),
(305, 161, 105, 51, 20, 1100.00, 9, 7, 1, NULL, 1, NULL, '2023-03-24', 0),
(306, 162, 160, 99, 60, 250.00, 0, 7, 1, NULL, 1, NULL, '2023-03-30', 1),
(307, 162, 160, 104, 60, 300.00, 5, 7, 1, NULL, 1, NULL, '2023-03-24', 0),
(308, 163, 178, 1, 190, 100.00, 10, 8, 1, NULL, 1, NULL, '2023-03-22', 0),
(309, 163, 177, 1, NULL, NULL, NULL, NULL, NULL, NULL, 1, NULL, NULL, 0),
(310, 163, 178, 71, NULL, NULL, NULL, NULL, NULL, NULL, 1, NULL, NULL, 0),
(311, 163, 177, 71, NULL, NULL, NULL, NULL, NULL, NULL, 1, NULL, NULL, 0),
(316, 165, 195, 72, NULL, NULL, NULL, NULL, NULL, NULL, 1, NULL, NULL, 0),
(317, 165, 194, 72, NULL, NULL, NULL, NULL, NULL, NULL, 1, NULL, NULL, 0),
(318, 165, 193, 72, NULL, NULL, NULL, NULL, NULL, NULL, 1, NULL, NULL, 0),
(319, 165, 192, 72, NULL, NULL, NULL, NULL, NULL, NULL, 1, NULL, NULL, 0),
(320, 165, 191, 72, NULL, NULL, NULL, NULL, NULL, NULL, 1, NULL, NULL, 0),
(321, 165, 190, 72, NULL, NULL, NULL, NULL, NULL, NULL, 1, NULL, NULL, 0),
(322, 165, 189, 72, NULL, NULL, NULL, NULL, NULL, NULL, 1, NULL, NULL, 0),
(323, 165, 188, 72, NULL, NULL, NULL, NULL, NULL, NULL, 1, NULL, NULL, 0),
(324, 165, 187, 72, NULL, NULL, NULL, NULL, NULL, NULL, 1, NULL, NULL, 0),
(325, 165, 186, 72, NULL, NULL, NULL, NULL, NULL, NULL, 1, NULL, NULL, 0),
(326, 165, 185, 72, NULL, NULL, NULL, NULL, NULL, NULL, 1, NULL, NULL, 0),
(327, 165, 184, 72, NULL, NULL, NULL, NULL, NULL, NULL, 1, NULL, NULL, 0),
(328, 165, 183, 72, NULL, NULL, NULL, NULL, NULL, NULL, 1, NULL, NULL, 0),
(329, 165, 182, 72, NULL, NULL, NULL, NULL, NULL, NULL, 1, NULL, NULL, 0),
(330, 166, 176, 40, NULL, NULL, NULL, NULL, NULL, NULL, 1, NULL, NULL, 1);

-- --------------------------------------------------------

--
-- Table structure for table `inv_purchase_req_quotation_supplier`
--

CREATE TABLE `inv_purchase_req_quotation_supplier` (
  `id` int(11) NOT NULL,
  `supplier_id` int(11) DEFAULT NULL COMMENT 'inventory_supplier -> pk id',
  `quotation_id` int(11) DEFAULT NULL COMMENT 'inv_purchas_req_quotation-> pk id',
  `supplier_quotation_num` varchar(30) DEFAULT NULL,
  `commited_delivery_date` date DEFAULT NULL,
  `quotation_date` date DEFAULT NULL,
  `contact_number` varchar(20) DEFAULT NULL,
  `selected_supplier` tinyint(1) DEFAULT 0,
  `freight_charge` int(11) DEFAULT NULL
) ENGINE=InnoDB DEFAULT CHARSET=utf8;

--
-- Dumping data for table `inv_purchase_req_quotation_supplier`
--

INSERT INTO `inv_purchase_req_quotation_supplier` (`id`, `supplier_id`, `quotation_id`, `supplier_quotation_num`, `commited_delivery_date`, `quotation_date`, `contact_number`, `selected_supplier`, `freight_charge`) VALUES
(77, 1, 51, '12345', '2022-10-18', '2022-10-11', NULL, 0, 250),
(78, 71, 51, '12345', '2022-10-26', '2022-10-11', NULL, 0, 200),
(79, 1, 52, '1111', '2022-10-31', '2022-10-11', NULL, 0, 200),
(80, 2, 52, '11111', '2022-10-25', '2022-10-11', NULL, 0, 220),
(81, 1, 53, '12345', '2022-10-26', '2022-10-17', NULL, 0, 250),
(82, 2, 53, '11111', '2022-10-25', '2022-10-17', NULL, 0, 150),
(83, 5, 54, NULL, NULL, NULL, NULL, 0, NULL),
(84, 4, 54, '12345', '2022-10-25', '2022-10-10', NULL, 0, 150),
(85, 2, 55, '11111', '2022-10-27', '2022-10-27', NULL, 0, 200),
(86, 19, 55, '11122', '2022-10-14', '2022-10-28', NULL, 0, 200),
(87, 8, 56, '1111', '2022-10-27', '2022-10-27', NULL, 0, 200),
(88, 12, 56, '1123', '2022-10-28', '2022-10-11', NULL, 0, 200),
(106, 10, 68, '3434', NULL, '2022-10-26', NULL, 0, 250),
(107, 124, 68, '2233', NULL, '2022-10-26', NULL, 0, 200),
(108, 1, 69, '333', NULL, '2022-10-26', NULL, 0, 400),
(109, 51, 70, NULL, NULL, NULL, NULL, 0, NULL),
(110, 1, 70, NULL, NULL, NULL, NULL, 0, NULL),
(111, 51, 71, NULL, NULL, NULL, NULL, 0, NULL),
(112, 110, 71, NULL, NULL, NULL, NULL, 0, NULL),
(113, 51, 72, NULL, NULL, NULL, NULL, 0, NULL),
(114, 50, 72, NULL, NULL, NULL, NULL, 0, NULL),
(115, 1, 73, NULL, NULL, NULL, NULL, 0, NULL),
(116, 51, 73, NULL, NULL, NULL, NULL, 0, NULL),
(117, 14, 74, '12312', NULL, '2022-11-01', NULL, 0, 200),
(118, 13, 74, '12121', NULL, '2022-11-23', NULL, 0, 150),
(119, 1, 78, NULL, NULL, NULL, NULL, 0, NULL),
(120, 1, 79, NULL, NULL, NULL, NULL, 0, NULL),
(121, 51, 80, NULL, NULL, NULL, NULL, 0, NULL),
(122, 51, 81, '123', NULL, '2022-11-04', NULL, 0, 200),
(123, 10, 82, NULL, NULL, NULL, NULL, 0, NULL),
(124, 1, 83, NULL, NULL, NULL, NULL, 0, NULL),
(132, 11, 91, NULL, NULL, NULL, NULL, 0, NULL),
(133, 1, 92, NULL, NULL, NULL, NULL, 0, NULL),
(134, 11, 93, NULL, NULL, NULL, NULL, 0, NULL),
(135, 83, 94, NULL, NULL, NULL, NULL, 0, NULL),
(136, 147, 95, '6623732', NULL, '2022-11-24', NULL, 0, 200),
(137, 99, 95, '43534534', NULL, '2022-11-28', NULL, 0, 210),
(138, 1, 96, '66677', NULL, '2022-11-27', NULL, 0, 400),
(139, 71, 96, '46666', NULL, '2022-11-27', NULL, 0, 350),
(140, 5, 97, '5555', NULL, '2022-11-28', NULL, 0, 400),
(141, 108, 98, '444444', NULL, '2022-11-23', NULL, 0, 360),
(142, 71, 99, NULL, NULL, NULL, NULL, 0, NULL),
(143, 1, 99, NULL, NULL, NULL, NULL, 0, NULL),
(144, 1, 100, NULL, NULL, NULL, NULL, 0, NULL),
(145, 1, 101, NULL, NULL, NULL, NULL, 0, NULL),
(147, 108, 103, NULL, NULL, NULL, NULL, 0, NULL),
(148, 108, 104, NULL, NULL, NULL, NULL, 0, NULL),
(149, 162, 105, NULL, NULL, NULL, NULL, 0, NULL),
(150, 1, 106, '454544', NULL, '2022-12-10', NULL, 0, 500),
(151, 44, 107, '555555', NULL, '2022-12-06', NULL, 0, 400),
(152, 169, 108, '565656', NULL, '2022-12-07', NULL, 0, 300),
(153, 26, 108, '445454', NULL, '2022-12-07', NULL, 0, 350),
(154, 1, 109, '12333333', NULL, '2022-12-30', NULL, 0, 200),
(155, 162, 110, '55556', NULL, '2022-12-15', NULL, 0, 400),
(156, 108, 111, '6666', NULL, '2023-01-18', NULL, 0, 600),
(157, 5, 112, NULL, NULL, NULL, NULL, 0, NULL),
(158, 1, 113, '7688797', NULL, '2023-02-15', NULL, 0, 700),
(159, 17, 114, '12312', NULL, '2023-02-15', NULL, 0, 300),
(160, 71, 115, NULL, NULL, NULL, NULL, 0, NULL),
(161, 162, 116, NULL, NULL, NULL, NULL, 0, NULL),
(162, 111, 117, NULL, NULL, NULL, NULL, 0, NULL),
(163, 25, 118, NULL, NULL, NULL, NULL, 0, NULL),
(164, 128, 119, NULL, NULL, NULL, NULL, 0, NULL),
(165, 17, 120, NULL, NULL, NULL, NULL, 0, NULL),
(166, 54, 121, NULL, NULL, NULL, NULL, 0, NULL),
(167, 136, 122, NULL, NULL, NULL, NULL, 0, NULL),
(168, 142, 123, NULL, NULL, NULL, NULL, 0, NULL),
(169, 156, 124, NULL, NULL, NULL, NULL, 0, NULL),
(170, 164, 125, NULL, NULL, NULL, NULL, 0, NULL),
(171, 54, 126, NULL, NULL, NULL, NULL, 0, NULL),
(172, 17, 127, NULL, NULL, NULL, NULL, 0, NULL),
(173, 1, 128, NULL, NULL, NULL, NULL, 0, NULL),
(174, 1, 129, NULL, NULL, NULL, NULL, 0, NULL),
(175, 1, 130, NULL, NULL, NULL, NULL, 0, NULL),
(176, 1, 131, NULL, NULL, NULL, NULL, 0, NULL),
(177, 1, 132, NULL, NULL, NULL, NULL, 0, NULL),
(178, 54, 133, NULL, NULL, NULL, NULL, 0, NULL),
(179, 51, 134, NULL, NULL, NULL, NULL, 0, NULL),
(180, 158, 135, NULL, NULL, NULL, NULL, 0, NULL),
(181, 1, 136, NULL, NULL, NULL, NULL, 0, NULL),
(182, 1, 137, NULL, NULL, NULL, NULL, 0, NULL),
(183, 54, 138, NULL, NULL, NULL, NULL, 0, NULL),
(184, 1, 139, NULL, NULL, NULL, NULL, 0, NULL),
(185, 1, 140, NULL, NULL, NULL, NULL, 0, NULL),
(186, 1, 141, NULL, NULL, NULL, NULL, 0, NULL),
(187, 1, 142, NULL, NULL, NULL, NULL, 0, NULL),
(188, 1, 143, NULL, NULL, NULL, NULL, 0, NULL),
(189, 1, 144, NULL, NULL, NULL, NULL, 0, NULL),
(190, 1, 145, NULL, NULL, NULL, NULL, 0, NULL),
(191, 1, 146, NULL, NULL, NULL, NULL, 0, NULL),
(192, 1, 147, NULL, NULL, NULL, NULL, 0, NULL),
(193, 1, 148, NULL, NULL, NULL, NULL, 0, NULL),
(194, 1, 149, NULL, NULL, NULL, NULL, 0, NULL),
(195, 1, 150, NULL, NULL, NULL, NULL, 0, NULL),
(196, 1, 151, NULL, NULL, NULL, NULL, 0, NULL),
(197, 1, 152, NULL, NULL, NULL, NULL, 0, NULL),
(198, 1, 153, NULL, NULL, NULL, NULL, 0, NULL),
(199, 1, 154, NULL, NULL, NULL, NULL, 0, NULL),
(200, 1, 155, NULL, NULL, NULL, NULL, 0, NULL),
(201, 17, 156, '111222', NULL, '2023-01-14', NULL, 0, 300),
(202, 17, 157, '211312', NULL, '2023-01-17', NULL, 0, 200),
(203, 54, 157, NULL, NULL, NULL, NULL, 0, NULL),
(204, 128, 158, NULL, NULL, NULL, NULL, 0, NULL),
(205, 111, 158, NULL, NULL, NULL, NULL, 0, NULL),
(206, 17, 159, NULL, NULL, NULL, NULL, 0, NULL),
(207, 108, 160, '45468', NULL, '2023-03-22', NULL, 0, 400),
(208, 1, 161, '12234', NULL, '2023-03-11', NULL, 0, 2000),
(209, 51, 161, '12345', NULL, '2023-03-23', NULL, 0, 1200),
(210, 99, 162, '11111', NULL, '2023-03-11', NULL, 0, 1000),
(211, 104, 162, '22222', NULL, '2023-03-11', NULL, 0, 1000),
(212, 1, 163, '45656', NULL, '2023-03-25', NULL, 0, 500),
(213, 71, 163, NULL, NULL, NULL, NULL, 0, NULL),
(215, 72, 165, NULL, NULL, NULL, NULL, 0, NULL),
(216, 40, 166, NULL, NULL, NULL, NULL, 0, NULL);

-- --------------------------------------------------------

--
-- Table structure for table `inv_rmrn`
--

CREATE TABLE `inv_rmrn` (
  `id` int(11) NOT NULL,
  `rmrn_number` text DEFAULT NULL,
  `rmrn_date` date DEFAULT NULL,
  `mrd_id` int(11) DEFAULT NULL,
  `status` int(11) NOT NULL DEFAULT 1,
  `created_by` int(11) DEFAULT NULL,
  `created_at` datetime DEFAULT NULL,
  `updated_at` datetime DEFAULT NULL
) ENGINE=InnoDB DEFAULT CHARSET=utf8mb4;

--
-- Dumping data for table `inv_rmrn`
--

INSERT INTO `inv_rmrn` (`id`, `rmrn_number`, `rmrn_date`, `mrd_id`, `status`, `created_by`, `created_at`, `updated_at`) VALUES
(2, 'RMRN3-2223-001', '2023-03-30', 1, 1, 1, '2023-03-30 18:18:58', '2023-03-30 18:18:58');

-- --------------------------------------------------------

--
-- Table structure for table `inv_rmrn_item`
--

CREATE TABLE `inv_rmrn_item` (
  `id` int(11) NOT NULL,
  `mrd_item_id` int(11) DEFAULT NULL,
  `pr_item_id` int(11) DEFAULT NULL COMMENT 'pk->purchase_reuestion_item',
  `courier_transport_name` varchar(11) DEFAULT NULL,
  `receipt_lr_number` text DEFAULT NULL,
  `dispatched_date` date DEFAULT NULL,
  `receipt_path` text DEFAULT NULL,
  `created_at` datetime DEFAULT NULL,
  `updated_at` datetime DEFAULT NULL
) ENGINE=InnoDB DEFAULT CHARSET=utf8mb4;

--
-- Dumping data for table `inv_rmrn_item`
--

INSERT INTO `inv_rmrn_item` (`id`, `mrd_item_id`, `pr_item_id`, `courier_transport_name`, `receipt_lr_number`, `dispatched_date`, `receipt_path`, `created_at`, `updated_at`) VALUES
(1, 1, 158, NULL, NULL, NULL, NULL, '2023-03-30 18:18:58', '2023-03-30 18:18:58'),
(2, 2, 156, NULL, NULL, NULL, NULL, '2023-03-30 18:18:58', '2023-03-30 18:18:58'),
(3, 3, 155, NULL, NULL, NULL, NULL, '2023-03-30 18:18:58', '2023-03-30 18:18:58');

-- --------------------------------------------------------

--
-- Table structure for table `inv_rmrn_item_rel`
--

CREATE TABLE `inv_rmrn_item_rel` (
  `id` int(11) NOT NULL,
  `master` int(11) DEFAULT NULL,
  `item` int(11) DEFAULT NULL
) ENGINE=InnoDB DEFAULT CHARSET=utf8mb4;

--
-- Dumping data for table `inv_rmrn_item_rel`
--

INSERT INTO `inv_rmrn_item_rel` (`id`, `master`, `item`) VALUES
(1, 2, 1),
(2, 2, 2),
(3, 2, 3);

-- --------------------------------------------------------

--
-- Table structure for table `inv_stock_from_production`
--

CREATE TABLE `inv_stock_from_production` (
  `id` int(11) NOT NULL,
  `sir_number` text DEFAULT NULL,
  `batch_id` int(11) DEFAULT NULL COMMENT 'pk->batchcard_batchcard',
  `lot_id` int(11) DEFAULT NULL COMMENT 'pk->inv_lot_allocation',
  `qty_to_return` float DEFAULT NULL,
  `item_id` int(11) DEFAULT NULL COMMENT 'pk->inventory_rawmaterial',
  `pr_item_id` int(11) DEFAULT NULL COMMENT 'pk->inv_purchase_req_item',
  `mac_item_id` int(11) DEFAULT NULL COMMENT 'pk->inv_mac_item',
  `sip_id` int(11) DEFAULT NULL,
  `stock_id` int(11) DEFAULT NULL COMMENT 'pk->inv_stock_management',
  `status` int(11) DEFAULT NULL,
  `created_at` datetime DEFAULT NULL,
  `updated_at` datetime DEFAULT NULL
) ENGINE=InnoDB DEFAULT CHARSET=utf8mb4;

--
-- Dumping data for table `inv_stock_from_production`
--

INSERT INTO `inv_stock_from_production` (`id`, `sir_number`, `batch_id`, `lot_id`, `qty_to_return`, `item_id`, `pr_item_id`, `mac_item_id`, `sip_id`, `stock_id`, `status`, `created_at`, `updated_at`) VALUES
(1, 'SIR2-2223-001', 5775, 13, 2, 4487, NULL, NULL, 7, 616, 1, '2023-03-13 16:51:12', '2023-03-13 16:51:12'),
(2, 'SIR2-2223-002', 5777, 12, 2, 4471, NULL, NULL, 9, 615, 1, '2023-03-25 19:48:54', '2023-03-25 19:48:54');

-- --------------------------------------------------------

--
-- Table structure for table `inv_stock_from_production_item`
--

CREATE TABLE `inv_stock_from_production_item` (
  `id` int(11) NOT NULL,
  `batchcard_id` int(11) DEFAULT NULL,
  `item_id` int(11) DEFAULT NULL,
  `qty` int(11) DEFAULT NULL
) ENGINE=InnoDB DEFAULT CHARSET=utf8mb4;

-- --------------------------------------------------------

--
-- Table structure for table `inv_stock_from_production_item_rel`
--

CREATE TABLE `inv_stock_from_production_item_rel` (
  `id` int(11) NOT NULL,
  `master` int(11) DEFAULT NULL,
  `item` int(11) DEFAULT NULL
) ENGINE=InnoDB DEFAULT CHARSET=utf8mb4;

-- --------------------------------------------------------

--
-- Table structure for table `inv_stock_management`
--

CREATE TABLE `inv_stock_management` (
  `id` int(11) NOT NULL,
  `item_id` int(11) NOT NULL COMMENT 'pk->inventory_rawmaterial',
  `lot_id` int(11) DEFAULT NULL COMMENT 'pk->inv_lot_allocation',
  `stock_qty` float DEFAULT NULL,
  `status` int(11) NOT NULL DEFAULT 1
) ENGINE=InnoDB DEFAULT CHARSET=utf8mb4;

--
-- Dumping data for table `inv_stock_management`
--

INSERT INTO `inv_stock_management` (`id`, `item_id`, `lot_id`, `stock_qty`, `status`) VALUES
(10, 14369, NULL, 12, 1),
(11, 12143, NULL, 20, 1),
(12, 12144, NULL, 2, 1),
(13, 16, NULL, 11, 1),
(14, 20, NULL, 10, 1),
(15, 14761, NULL, 5, 1),
(16, 11044, NULL, 52, 1),
(17, 11048, NULL, 2, 1),
(18, 11049, NULL, 1, 1),
(19, 11050, NULL, 4, 1),
(20, 11052, NULL, 9, 1),
(21, 61, NULL, 44, 1),
(22, 60, NULL, 58, 1),
(23, 53, NULL, 5, 1),
(24, 7957, NULL, 1, 1),
(25, 12039, NULL, 2, 1),
(26, 14125, NULL, 1, 1),
(27, 14124, NULL, 1, 1),
(28, 12129, NULL, 1, 1),
(29, 14549, NULL, 4, 1),
(30, 12122, NULL, 1, 1),
(31, 12102, NULL, 16, 1),
(32, 12103, NULL, 2, 1),
(33, 12116, NULL, 1, 1),
(34, 12050, NULL, 4, 1),
(35, 12131, NULL, 2, 1),
(36, 12082, NULL, 6, 1),
(37, 12083, NULL, 1, 1),
(38, 12067, NULL, 2, 1),
(39, 12069, NULL, 7, 1),
(40, 12072, NULL, 12, 1),
(41, 11767, NULL, 0, 1),
(42, 7930, NULL, 4, 1),
(43, 7969, NULL, 2, 1),
(44, 12056, NULL, 86, 1),
(45, 12058, NULL, 78, 1),
(46, 12063, NULL, 47, 1),
(47, 12054, NULL, 95, 1),
(48, 12055, NULL, 54, 1),
(49, 12071, NULL, 40, 1),
(50, 17, NULL, 55, 1),
(51, 7856, NULL, 5, 1),
(52, 12040, NULL, 2, 1),
(53, 13868, NULL, 16, 1),
(54, 13867, NULL, 13, 1),
(55, 7633, NULL, 43, 1),
(56, 7595, NULL, 120, 1),
(57, 7600, NULL, 12, 1),
(58, 7611, NULL, 32, 1),
(59, 7618, NULL, 26, 1),
(60, 13871, NULL, 1, 1),
(61, 12151, NULL, 1, 1),
(62, 14258, NULL, 1, 1),
(63, 13622, NULL, 1, 1),
(64, 14175, NULL, 8, 1),
(65, 14169, NULL, 2, 1),
(66, 14167, NULL, 2, 1),
(67, 14168, NULL, 2, 1),
(68, 14211, NULL, 2, 1),
(69, 14212, NULL, 2, 1),
(70, 14213, NULL, 2, 1),
(71, 14361, NULL, 10, 1),
(72, 14166, NULL, 2, 1),
(73, 13027, NULL, 1, 1),
(74, 12175, NULL, 5, 1),
(75, 12181, NULL, 1, 1),
(76, 12180, NULL, 1, 1),
(77, 12182, NULL, 1, 1),
(78, 12178, NULL, 9, 1),
(79, 12179, NULL, 1, 1),
(80, 12176, NULL, 1, 1),
(81, 12177, NULL, 1, 1),
(82, 14132, NULL, 4, 1),
(83, 12221, NULL, 8, 1),
(84, 37, NULL, 30, 1),
(85, 237, NULL, 25, 1),
(86, 40, NULL, 15, 1),
(87, 65, NULL, 50, 1),
(88, 14086, NULL, 12, 1),
(89, 14087, NULL, 8, 1),
(90, 35, NULL, 15, 1),
(91, 12164, NULL, 3, 1),
(92, 14195, NULL, 3, 1),
(93, 14196, NULL, 8, 1),
(94, 12168, NULL, 5, 1),
(95, 12171, NULL, 1, 1),
(96, 12169, NULL, 9, 1),
(97, 45, NULL, 155.43, 1),
(98, 10498, NULL, 187, 1),
(99, 73, NULL, 19331.5, 1),
(100, 8388, NULL, 4, 1),
(101, 46, NULL, 50, 1),
(102, 12247, NULL, 5, 1),
(103, 14249, NULL, 2, 1),
(104, 80, NULL, 57, 1),
(105, 48, NULL, 10, 1),
(106, 12297, NULL, 6, 1),
(107, 12296, NULL, 1, 1),
(108, 12318, NULL, 1, 1),
(109, 12320, NULL, 1, 1),
(110, 24, NULL, 380, 1),
(111, 12678, NULL, 2, 1),
(112, 12794, NULL, 6, 1),
(113, 12825, NULL, 2, 1),
(114, 12346, NULL, 2, 1),
(115, 12348, NULL, 3, 1),
(116, 12345, NULL, 6, 1),
(117, 12349, NULL, 2, 1),
(118, 12350, NULL, 5, 1),
(119, 12351, NULL, 1, 1),
(120, 12352, NULL, 6, 1),
(121, 12353, NULL, 2, 1),
(122, 12354, NULL, 1, 1),
(123, 12355, NULL, 10, 1),
(124, 12356, NULL, 7, 1),
(125, 12357, NULL, 2, 1),
(126, 12463, NULL, 3, 1),
(127, 12464, NULL, 5, 1),
(128, 12465, NULL, 1, 1),
(129, 12466, NULL, 5, 1),
(130, 12467, NULL, 2, 1),
(131, 12468, NULL, 2, 1),
(132, 12470, NULL, 4, 1),
(133, 12471, NULL, 2, 1),
(134, 12472, NULL, 5, 1),
(135, 12473, NULL, 2, 1),
(136, 12477, NULL, 4, 1),
(137, 12479, NULL, 4, 1),
(138, 12480, NULL, 3, 1),
(139, 12773, NULL, 1, 1),
(140, 12799, NULL, 1, 1),
(141, 12361, NULL, 1, 1),
(142, 12363, NULL, 1, 1),
(143, 12364, NULL, 2, 1),
(144, 12803, NULL, 2, 1),
(145, 12365, NULL, 2, 1),
(146, 12805, NULL, 4, 1),
(147, 12367, NULL, 1, 1),
(148, 12806, NULL, 4, 1),
(149, 12370, NULL, 1, 1),
(150, 12371, NULL, 1, 1),
(151, 12372, NULL, 2, 1),
(152, 12375, NULL, 10, 1),
(153, 12376, NULL, 3, 1),
(154, 12379, NULL, 1, 1),
(155, 12381, NULL, 2, 1),
(156, 12383, NULL, 1, 1),
(157, 12385, NULL, 2, 1),
(158, 12386, NULL, 1, 1),
(159, 12388, NULL, 3, 1),
(160, 12393, NULL, 1, 1),
(161, 12394, NULL, 2, 1),
(162, 12396, NULL, 5, 1),
(163, 12398, NULL, 1, 1),
(164, 12401, NULL, 5, 1),
(165, 12403, NULL, 2, 1),
(166, 12405, NULL, 2, 1),
(167, 12406, NULL, 2, 1),
(168, 12407, NULL, 2, 1),
(169, 12408, NULL, 2, 1),
(170, 12410, NULL, 4, 1),
(171, 12411, NULL, 1, 1),
(172, 12417, NULL, 3, 1),
(173, 12419, NULL, 3, 1),
(174, 12421, NULL, 3, 1),
(175, 12422, NULL, 1, 1),
(176, 12423, NULL, 2, 1),
(177, 12424, NULL, 1, 1),
(178, 12425, NULL, 2, 1),
(179, 12427, NULL, 4, 1),
(180, 12430, NULL, 3, 1),
(181, 12431, NULL, 1, 1),
(182, 12432, NULL, 1, 1),
(183, 12433, NULL, 2, 1),
(184, 12434, NULL, 8, 1),
(185, 12435, NULL, 1, 1),
(186, 12437, NULL, 1, 1),
(187, 12438, NULL, 2, 1),
(188, 12439, NULL, 1, 1),
(189, 12444, NULL, 2, 1),
(190, 12448, NULL, 1, 1),
(191, 12450, NULL, 13, 1),
(192, 12452, NULL, 3, 1),
(193, 12453, NULL, 2, 1),
(194, 12454, NULL, 2, 1),
(195, 12455, NULL, 3, 1),
(196, 12457, NULL, 4, 1),
(197, 12458, NULL, 2, 1),
(198, 12460, NULL, 4, 1),
(199, 12461, NULL, 3, 1),
(200, 12462, NULL, 1, 1),
(201, 12689, NULL, 2, 1),
(202, 12726, NULL, 5, 1),
(203, 12502, NULL, 1, 1),
(204, 12515, NULL, 2, 1),
(205, 12517, NULL, 2, 1),
(206, 12521, NULL, 1, 1),
(207, 12526, NULL, 1, 1),
(208, 12527, NULL, 1, 1),
(209, 12516, NULL, 6, 1),
(210, 12520, NULL, 4, 1),
(211, 12528, NULL, 3, 1),
(212, 12531, NULL, 1, 1),
(213, 12532, NULL, 1, 1),
(214, 12538, NULL, 3, 1),
(215, 12530, NULL, 1, 1),
(216, 12535, NULL, 1, 1),
(217, 12540, NULL, 6, 1),
(218, 12541, NULL, 2, 1),
(219, 12826, NULL, 1, 1),
(220, 12750, NULL, 1, 1),
(221, 12641, NULL, 1, 1),
(222, 14347, NULL, 1, 1),
(223, 14345, NULL, 1, 1),
(224, 14334, NULL, 4, 1),
(225, 14341, NULL, 2, 1),
(226, 12497, NULL, 3, 1),
(227, 12509, NULL, 6, 1),
(228, 12827, NULL, 1, 1),
(229, 7966, NULL, 7, 1),
(230, 12148, NULL, 5, 1),
(231, 75, NULL, 15, 1),
(232, 11768, NULL, 0, 1),
(233, 13106, NULL, 3, 1),
(234, 13111, NULL, 4, 1),
(235, 13112, NULL, 4, 1),
(236, 13103, NULL, 3, 1),
(237, 13104, NULL, 12, 1),
(238, 13121, NULL, 6, 1),
(239, 13127, NULL, 3, 1),
(240, 13129, NULL, 5, 1),
(241, 12895, NULL, 2, 1),
(242, 12990, NULL, 1, 1),
(243, 14343, NULL, 1, 1),
(244, 12922, NULL, 8, 1),
(245, 14348, NULL, 1, 1),
(246, 14349, NULL, 1, 1),
(247, 14342, NULL, 1, 1),
(248, 14344, NULL, 1, 1),
(249, 14346, NULL, 1, 1),
(250, 14335, NULL, 2, 1),
(251, 14337, NULL, 2, 1),
(252, 14338, NULL, 3, 1),
(253, 12952, NULL, 1, 1),
(254, 14129, NULL, 4, 1),
(255, 14122, NULL, 3, 1),
(256, 14271, NULL, 3, 1),
(257, 14272, NULL, 10, 1),
(258, 14273, NULL, 8, 1),
(259, 14275, NULL, 6, 1),
(260, 14276, NULL, 2, 1),
(261, 14254, NULL, 1, 1),
(262, 14093, NULL, 2, 1),
(263, 13058, NULL, 1, 1),
(264, 13079, NULL, 1, 1),
(265, 12955, NULL, 4, 1),
(266, 12910, NULL, 1, 1),
(267, 15165, NULL, 3, 1),
(268, 14363, NULL, 1, 1),
(269, 14362, NULL, 2, 1),
(270, 13088, NULL, 4, 1),
(271, 11780, NULL, 0, 1),
(272, 51, NULL, 1785, 1),
(273, 11795, NULL, 0, 1),
(274, 13216, NULL, 54, 1),
(275, 13172, NULL, 44, 1),
(276, 13151, NULL, 10, 1),
(277, 13155, NULL, 9, 1),
(278, 13180, NULL, 1, 1),
(279, 13725, NULL, 1, 1),
(280, 14729, NULL, 1, 1),
(281, 13209, NULL, 3, 1),
(282, 11272, NULL, 1, 1),
(283, 15123, NULL, 2, 1),
(284, 13171, NULL, 1, 1),
(285, 2309, NULL, 0, 1),
(286, 14162, NULL, 9, 1),
(287, 14161, NULL, 4, 1),
(288, 268, NULL, 25, 1),
(289, 13633, NULL, 32, 1),
(290, 55, NULL, 73.5, 1),
(291, 14127, NULL, 5, 1),
(292, 14145, NULL, 2, 1),
(293, 14171, NULL, 1, 1),
(294, 9139, NULL, 129, 1),
(295, 9156, NULL, 53, 1),
(296, 9155, NULL, 32, 1),
(297, 9158, NULL, 24, 1),
(298, 11209, NULL, 1, 1),
(299, 11397, NULL, 2, 1),
(300, 12604, NULL, 4, 1),
(301, 13623, NULL, 2, 1),
(302, 14201, NULL, 9, 1),
(303, 13696, NULL, 2, 1),
(304, 13698, NULL, 2, 1),
(305, 11695, NULL, 7, 1),
(306, 11783, NULL, 0, 1),
(307, 11792, NULL, 0, 1),
(308, 11440, NULL, 41, 1),
(309, 11047, NULL, 41, 1),
(310, 11046, NULL, 50, 1),
(311, 13713, NULL, 10, 1),
(312, 13716, NULL, 18, 1),
(313, 13776, NULL, 4, 1),
(314, 13774, NULL, 4, 1),
(315, 13775, NULL, 5, 1),
(316, 14857, NULL, 5, 1),
(317, 14107, NULL, 6, 1),
(318, 14106, NULL, 10, 1),
(319, 13927, NULL, 2, 1),
(320, 13926, NULL, 8, 1),
(321, 11917, NULL, 1, 1),
(322, 14489, NULL, 15, 1),
(323, 12546, NULL, 6, 1),
(324, 12547, NULL, 5, 1),
(325, 12469, NULL, 1, 1),
(326, 12459, NULL, 2, 1),
(327, 12494, NULL, 5, 1),
(328, 12950, NULL, 1, 1),
(329, 14988, NULL, 4, 1),
(330, 14708, NULL, 1, 1),
(331, 14709, NULL, 1, 1),
(332, 14710, NULL, 6, 1),
(333, 14711, NULL, 1, 1),
(334, 14993, NULL, 1, 1),
(335, 14625, NULL, 3, 1),
(336, 14979, NULL, 2, 1),
(337, 14376, NULL, 1, 1),
(338, 14377, NULL, 1, 1),
(339, 14378, NULL, 3, 1),
(340, 14382, NULL, 2, 1),
(341, 14384, NULL, 1, 1),
(342, 14385, NULL, 1, 1),
(343, 14372, NULL, 1, 1),
(344, 14375, NULL, 1, 1),
(345, 14374, NULL, 2, 1),
(346, 14373, NULL, 1, 1),
(347, 12254, NULL, 3, 1),
(348, 15102, NULL, 2, 1),
(349, 13813, NULL, 6, 1),
(350, 13860, NULL, 10, 1),
(351, 14022, NULL, 3, 1),
(352, 13789, NULL, 2, 1),
(353, 14002, NULL, 7, 1),
(354, 13825, NULL, 33, 1),
(355, 13800, NULL, 1, 1),
(356, 13916, NULL, 5, 1),
(357, 14286, NULL, 2, 1),
(358, 13965, NULL, 10, 1),
(359, 14008, NULL, 10, 1),
(360, 13922, NULL, 3, 1),
(361, 13921, NULL, 1, 1),
(362, 14009, NULL, 3, 1),
(363, 13917, NULL, 3, 1),
(364, 13992, NULL, 7, 1),
(365, 13943, NULL, 2, 1),
(366, 13795, NULL, 9, 1),
(367, 14763, NULL, 6, 1),
(368, 13967, NULL, 6, 1),
(369, 13815, NULL, 7, 1),
(370, 13816, NULL, 5, 1),
(371, 13791, NULL, 8, 1),
(372, 13861, NULL, 2, 1),
(373, 13829, NULL, 4, 1),
(374, 14033, NULL, 5, 1),
(375, 13837, NULL, 8, 1),
(376, 13960, NULL, 2, 1),
(377, 13993, NULL, 8, 1),
(378, 13875, NULL, 4, 1),
(379, 13886, NULL, 2, 1),
(380, 13888, NULL, 3, 1),
(381, 13793, NULL, 1, 1),
(382, 13853, NULL, 1, 1),
(383, 14004, NULL, 3, 1),
(384, 13885, NULL, 1, 1),
(385, 14034, NULL, 2, 1),
(386, 13896, NULL, 5, 1),
(387, 13929, NULL, 10, 1),
(388, 13925, NULL, 11, 1),
(389, 13964, NULL, 5, 1),
(390, 13946, NULL, 7, 1),
(391, 13949, NULL, 1, 1),
(392, 14037, NULL, 6, 1),
(393, 14104, NULL, 30, 1),
(394, 13830, NULL, 40, 1),
(395, 14148, NULL, 1, 1),
(396, 14038, NULL, 1, 1),
(397, 14139, NULL, 3, 1),
(398, 56, NULL, 2, 1),
(399, 14047, NULL, 7, 1),
(400, 58, NULL, 1, 1),
(401, 62, NULL, 20, 1),
(402, 85, NULL, 100, 1),
(403, 15072, NULL, 1, 1),
(404, 14420, NULL, 5, 1),
(405, 10839, NULL, 10, 1),
(406, 14445, NULL, 4, 1),
(407, 36, NULL, 1390, 1),
(408, 8712, NULL, 8, 1),
(409, 83, NULL, 120, 1),
(410, 82, NULL, 30.5, 1),
(411, 77, NULL, 27.7, 1),
(412, 348, NULL, 208, 1),
(413, 311, NULL, 5, 1),
(414, 76, NULL, 39, 1),
(415, 84, NULL, 21, 1),
(416, 91, NULL, 20, 1),
(417, 91, NULL, 20, 1),
(418, 91, NULL, 20, 1),
(419, 365, NULL, 20, 1),
(420, 365, NULL, 20, 1),
(421, 365, NULL, 20, 1),
(422, 89, NULL, 10.83, 1),
(423, 90, NULL, 28, 1),
(424, 11975, NULL, 92, 1),
(425, 11976, NULL, 64, 1),
(426, 14027, NULL, 11, 1),
(427, 14071, NULL, 6, 1),
(428, 13876, NULL, 6, 1),
(429, 13904, NULL, 8, 1),
(430, 14119, NULL, 2, 1),
(431, 317, NULL, 4, 1),
(432, 11594, NULL, 2, 1),
(433, 11595, NULL, 2, 1),
(434, 105, NULL, 80, 1),
(435, 14464, NULL, 7, 1),
(436, 14465, NULL, 19, 1),
(437, 34, NULL, 20, 1),
(438, 13877, NULL, 3, 1),
(439, 13878, NULL, 8, 1),
(440, 7735, NULL, 5, 1),
(441, 10159, NULL, 8, 1),
(442, 14655, NULL, 2, 1),
(443, 14712, NULL, 1, 1),
(444, 14682, NULL, 2, 1),
(445, 13700, NULL, 6, 1),
(446, 14732, NULL, 1, 1),
(447, 10628, NULL, 1, 1),
(448, 10583, NULL, 1, 1),
(449, 12673, NULL, 2, 1),
(450, 14359, NULL, 1, 1),
(451, 14360, NULL, 1, 1),
(452, 13051, NULL, 3, 1),
(453, 14163, NULL, 2, 1),
(454, 15088, NULL, 6, 1),
(455, 14614, NULL, 2, 1),
(456, 10324, NULL, 5, 1),
(457, 9147, NULL, 5, 1),
(458, 10860, NULL, 11, 1),
(459, 10318, NULL, 1, 1),
(460, 14746, NULL, 1, 1),
(461, 14744, NULL, 7, 1),
(462, 14767, NULL, 3, 1),
(463, 14758, NULL, 4, 1),
(464, 8179, NULL, 136, 1),
(465, 14771, NULL, 4, 1),
(466, 9871, NULL, 53, 1),
(467, 14797, NULL, 1, 1),
(468, 14798, NULL, 1, 1),
(469, 14799, NULL, 1, 1),
(470, 14827, NULL, 3, 1),
(471, 14802, NULL, 1, 1),
(472, 14806, NULL, 1, 1),
(473, 14810, NULL, 1, 1),
(474, 14784, NULL, 1, 1),
(475, 14787, NULL, 1, 1),
(476, 14788, NULL, 4, 1),
(477, 12119, NULL, 3, 1),
(478, 12133, NULL, 1, 1),
(479, 12139, NULL, 2, 1),
(480, 12670, NULL, 1, 1),
(481, 12738, NULL, 2, 1),
(482, 12762, NULL, 1, 1),
(483, 15163, NULL, 2, 1),
(484, 12734, NULL, 2, 1),
(485, 12718, NULL, 4, 1),
(486, 12707, NULL, 1, 1),
(487, 12683, NULL, 2, 1),
(488, 12684, NULL, 3, 1),
(489, 13016, NULL, 1, 1),
(490, 13012, NULL, 2, 1),
(491, 13060, NULL, 1, 1),
(492, 13023, NULL, 5, 1),
(493, 13018, NULL, 1, 1),
(494, 13028, NULL, 2, 1),
(495, 13064, NULL, 4, 1),
(496, 14635, NULL, 1, 1),
(497, 14728, NULL, 1, 1),
(498, 12270, NULL, 2, 1),
(499, 14336, NULL, 3, 1),
(500, 12677, NULL, 4, 1),
(501, 12660, NULL, 6, 1),
(502, 14183, NULL, 3, 1),
(503, 14182, NULL, 3, 1),
(504, 316, NULL, 7, 1),
(505, 315, NULL, 5, 1),
(506, 11064, NULL, 4, 1),
(507, 11065, NULL, 1, 1),
(508, 11066, NULL, 1, 1),
(509, 11063, NULL, 2, 1),
(510, 14926, NULL, 1, 1),
(511, 14872, NULL, 1, 1),
(512, 14873, NULL, 1, 1),
(513, 14165, NULL, 1, 1),
(514, 14118, NULL, 4, 1),
(515, 14351, NULL, 4, 1),
(516, 14871, NULL, 1, 1),
(517, 14913, NULL, 1, 1),
(518, 14901, NULL, 2, 1),
(519, 14910, NULL, 3, 1),
(520, 11897, NULL, 0, 1),
(521, 350, NULL, 155, 1),
(522, 43, NULL, 10, 1),
(523, 9545, NULL, 7, 1),
(524, 79, NULL, 210, 1),
(525, 88, NULL, 200, 1),
(526, 14284, NULL, 11, 1),
(527, 12271, NULL, 3, 1),
(528, 14340, NULL, 1, 1),
(529, 14976, NULL, 2, 1),
(530, 15023, NULL, 3, 1),
(531, 14981, NULL, 1, 1),
(532, 15057, NULL, 2, 1),
(533, 15032, NULL, 2, 1),
(534, 15070, NULL, 4, 1),
(535, 15027, NULL, 1, 1),
(536, 15039, NULL, 6, 1),
(537, 15029, NULL, 1, 1),
(538, 14972, NULL, 1, 1),
(539, 15004, NULL, 3, 1),
(540, 15008, NULL, 2, 1),
(541, 15011, NULL, 1, 1),
(542, 15012, NULL, 2, 1),
(543, 15061, NULL, 5, 1),
(544, 15025, NULL, 2, 1),
(545, 15028, NULL, 3, 1),
(546, 15034, NULL, 3, 1),
(547, 15040, NULL, 1, 1),
(548, 15043, NULL, 1, 1),
(549, 15048, NULL, 4, 1),
(550, 14994, NULL, 3, 1),
(551, 14990, NULL, 1, 1),
(552, 14941, NULL, 2, 1),
(553, 14203, NULL, 2, 1),
(554, 23, NULL, 10, 1),
(555, 15083, NULL, 5, 1),
(556, 14279, NULL, 2, 1),
(557, 14005, NULL, 2, 1),
(558, 13996, NULL, 2, 1),
(559, 13997, NULL, 2, 1),
(560, 112, NULL, 6, 1),
(561, 11981, NULL, 5, 1),
(562, 10853, NULL, 4, 1),
(563, 15081, NULL, 4, 1),
(564, 14616, NULL, 3, 1),
(565, 14577, NULL, 1, 1),
(566, 14951, NULL, 4, 1),
(567, 14565, NULL, 2, 1),
(568, 11958, NULL, 2, 1),
(569, 10832, NULL, 170, 1),
(570, 14074, NULL, 3, 1),
(571, 14003, NULL, 3, 1),
(572, 14131, NULL, 5, 1),
(573, 14130, NULL, 3, 1),
(574, 14128, NULL, 10, 1),
(575, 14121, NULL, 5, 1),
(576, 14120, NULL, 3, 1),
(577, 14069, NULL, 2, 1),
(578, 14029, NULL, 6, 1),
(579, 13806, NULL, 3, 1),
(580, 14172, NULL, 29, 1),
(581, 14173, NULL, 24, 1),
(582, 13801, NULL, 6, 1),
(583, 335, NULL, 25, 1),
(584, 11070, NULL, 52, 1),
(585, 11358, NULL, 1, 1),
(586, 14039, NULL, 2, 1),
(587, 15085, NULL, 3, 1),
(588, 15084, NULL, 12, 1),
(589, 15097, NULL, 60, 1),
(590, 15112, NULL, 4, 1),
(591, 15107, NULL, 5, 1),
(592, 13229, NULL, 15, 1),
(593, 15113, NULL, 6, 1),
(594, 15115, NULL, 4, 1),
(595, 15118, NULL, 13, 1),
(596, 15108, NULL, 2, 1),
(597, 15110, NULL, 42, 1),
(598, 15114, NULL, 5, 1),
(599, 15117, NULL, 6, 1),
(600, 15120, NULL, 3, 1),
(601, 15109, NULL, 12, 1),
(602, 15139, NULL, 1, 1),
(603, 15142, NULL, 3, 1),
(604, 15156, NULL, 2, 1),
(605, 15162, NULL, 5, 1),
(606, 15140, NULL, 2, 1),
(607, 15104, NULL, 1, 1),
(608, 114, NULL, 45, 1),
(609, 15128, NULL, 11, 1),
(610, 15131, NULL, 21, 1),
(611, 15132, NULL, 12, 1),
(612, 15133, NULL, 20, 1),
(613, 15130, NULL, 9, 1),
(614, 2583, 11, 70, 1),
(615, 4471, 12, 0, 1),
(616, 4487, 13, 0, 1),
(617, 10, NULL, 0, 1),
(618, 4487, 10, 55, 1),
(619, 4470, 20, 0, 1);

-- --------------------------------------------------------

--
-- Table structure for table `inv_stock_to_production`
--

CREATE TABLE `inv_stock_to_production` (
  `id` int(11) NOT NULL,
  `sip_number` text DEFAULT NULL,
  `lot_id` int(11) DEFAULT NULL,
  `pr_item_id` int(11) DEFAULT NULL COMMENT 'pk->inv_purchase_req_item',
  `mac_item_id` int(11) NOT NULL,
  `qty_to_production` int(11) DEFAULT NULL,
  `type` int(11) NOT NULL COMMENT '2-direct item,3-indirect items',
  `status` int(11) DEFAULT NULL,
  `work_centre` int(11) DEFAULT NULL,
  `stock_id` int(11) DEFAULT NULL COMMENT 'pk->inv_stock_management',
  `transaction_slip` int(11) DEFAULT NULL,
  `created_by` int(11) DEFAULT NULL,
  `created_at` datetime DEFAULT NULL,
  `updated_at` datetime DEFAULT NULL
) ENGINE=InnoDB DEFAULT CHARSET=utf8mb4;

--
-- Dumping data for table `inv_stock_to_production`
--

INSERT INTO `inv_stock_to_production` (`id`, `sip_number`, `lot_id`, `pr_item_id`, `mac_item_id`, `qty_to_production`, `type`, `status`, `work_centre`, `stock_id`, `transaction_slip`, `created_by`, `created_at`, `updated_at`) VALUES
(7, 'SIP2-2223-001', 13, 158, 24, 40, 2, 1, 2, 616, NULL, NULL, '2023-03-13 16:39:43', '2023-03-13 16:39:43'),
(8, 'SIP3-2223-001', NULL, NULL, 0, 45, 3, 1, 2, 617, 67789, 1, '2023-03-13 16:56:04', '2023-03-13 16:56:04'),
(9, 'SIP2-2223-002', 12, 156, 25, 20, 2, 1, 1, 615, NULL, NULL, '2023-03-25 19:47:24', '2023-03-25 19:47:24'),
(10, 'SIP2-2324-001', 12, 156, 25, 22, 2, 1, 2, 615, NULL, NULL, '2023-04-03 00:42:04', '2023-04-03 00:42:04'),
(11, 'SIP2-2324-002', 13, 158, 24, 2, 2, 1, 2, 616, NULL, NULL, '2023-04-07 15:32:52', '2023-04-07 15:32:52');

-- --------------------------------------------------------

--
-- Table structure for table `inv_stock_to_production_item`
--

CREATE TABLE `inv_stock_to_production_item` (
  `id` int(11) NOT NULL,
  `batchcard_id` int(11) DEFAULT NULL COMMENT 'pk->batchcard_batchcard',
  `batchcard_material_id` int(11) DEFAULT NULL COMMENT 'pk->batchcard_materials',
  `material_id` int(11) DEFAULT NULL COMMENT 'pk->inventory_rawmaterial',
  `mac_item_id` int(11) DEFAULT NULL,
  `qty_to_production` float DEFAULT NULL
) ENGINE=InnoDB DEFAULT CHARSET=utf8mb4;

--
-- Dumping data for table `inv_stock_to_production_item`
--

INSERT INTO `inv_stock_to_production_item` (`id`, `batchcard_id`, `batchcard_material_id`, `material_id`, `mac_item_id`, `qty_to_production`) VALUES
(9, 5775, 4, 4487, NULL, 25),
(10, 5776, 5, 4487, NULL, 15),
(11, NULL, NULL, 10, NULL, 45),
(12, 5777, 7, 4471, NULL, 20),
(13, 5782, 16, 4471, NULL, 22),
(14, 5786, 22, 4487, NULL, 2);

-- --------------------------------------------------------

--
-- Table structure for table `inv_stock_to_production_item_rel`
--

CREATE TABLE `inv_stock_to_production_item_rel` (
  `id` int(11) NOT NULL,
  `master` int(11) DEFAULT NULL COMMENT 'pk->inv_stock_production',
  `item` int(11) DEFAULT NULL COMMENT 'pk->inv_stock_production_item'
) ENGINE=InnoDB DEFAULT CHARSET=utf8mb4;

--
-- Dumping data for table `inv_stock_to_production_item_rel`
--

INSERT INTO `inv_stock_to_production_item_rel` (`id`, `master`, `item`) VALUES
(9, 7, 9),
(10, 7, 10),
(11, 8, 11),
(12, 9, 12),
(13, 10, 13),
(14, 11, 14);

-- --------------------------------------------------------

--
-- Table structure for table `inv_stock_transaction`
--

CREATE TABLE `inv_stock_transaction` (
  `id` int(11) NOT NULL,
  `lot_id` int(11) DEFAULT NULL COMMENT 'pk->inv_lot_allocation',
  `item_id` int(11) DEFAULT NULL COMMENT 'pk->inventory_raw_material',
  `transaction_type` int(11) DEFAULT NULL COMMENT '1-open stock, 2-accepted (MAC), 3-Issued to Production(SIP), 4-return from production(SIR), 5-Transfer Order(STO)	\r\n6-mac delete',
  `transaction_id` int(11) DEFAULT NULL COMMENT '1-open stock, 2-MAC Item Id, 3-SIP Item Id, 4-SIR id, 5-STO item id,	',
  `transaction_qty` float DEFAULT NULL,
  `created_at` datetime DEFAULT NULL
) ENGINE=InnoDB DEFAULT CHARSET=utf8mb4;

--
-- Dumping data for table `inv_stock_transaction`
--

INSERT INTO `inv_stock_transaction` (`id`, `lot_id`, `item_id`, `transaction_type`, `transaction_id`, `transaction_qty`, `created_at`) VALUES
(9, 2, 4470, 2, 19, 60, '2023-03-02 14:52:45'),
(10, NULL, 10, 2, 20, 45, '2023-03-02 14:53:20'),
(11, 2, 4470, 3, 9, 60, '2023-03-02 14:55:20'),
(12, 5, 4470, 3, 10, 10, '2023-03-02 14:55:44'),
(14, 2, 4470, 4, 3, 1, '2023-03-03 12:18:49'),
(16, NULL, 10, 4, 6, 2, '2023-03-03 12:29:13'),
(17, 1, 2583, 2, 21, 60, '2023-03-03 15:28:26'),
(18, NULL, 14369, 1, NULL, 12, '2022-12-01 00:00:00'),
(19, NULL, 12143, 1, NULL, 1, '2022-12-01 00:00:00'),
(20, NULL, 12144, 1, NULL, 2, '2022-12-01 00:00:00'),
(21, NULL, 16, 1, NULL, 11, '2022-12-01 00:00:00'),
(22, NULL, 20, 1, NULL, 10, '2022-12-01 00:00:00'),
(23, NULL, 14761, 1, NULL, 5, '2022-12-01 00:00:00'),
(24, NULL, 11044, 1, NULL, 52, '2022-12-01 00:00:00'),
(25, NULL, 11048, 1, NULL, 2, '2022-12-01 00:00:00'),
(26, NULL, 11049, 1, NULL, 1, '2022-12-01 00:00:00'),
(27, NULL, 11050, 1, NULL, 4, '2022-12-01 00:00:00'),
(28, NULL, 11052, 1, NULL, 9, '2022-12-01 00:00:00'),
(29, NULL, 61, 1, NULL, 44, '2022-12-01 00:00:00'),
(30, NULL, 60, 1, NULL, 58, '2022-12-01 00:00:00'),
(31, NULL, 53, 1, NULL, 5, '2022-12-01 00:00:00'),
(32, NULL, 7957, 1, NULL, 1, '2022-12-01 00:00:00'),
(33, NULL, 12039, 1, NULL, 2, '2022-12-01 00:00:00'),
(34, NULL, 14125, 1, NULL, 1, '2022-12-01 00:00:00'),
(35, NULL, 14124, 1, NULL, 1, '2022-12-01 00:00:00'),
(36, NULL, 12129, 1, NULL, 1, '2022-12-01 00:00:00'),
(37, NULL, 14549, 1, NULL, 4, '2022-12-01 00:00:00'),
(38, NULL, 12122, 1, NULL, 1, '2022-12-01 00:00:00'),
(39, NULL, 12102, 1, NULL, 16, '2022-12-01 00:00:00'),
(40, NULL, 12103, 1, NULL, 2, '2022-12-01 00:00:00'),
(41, NULL, 12116, 1, NULL, 1, '2022-12-01 00:00:00'),
(42, NULL, 12050, 1, NULL, 4, '2022-12-01 00:00:00'),
(43, NULL, 12131, 1, NULL, 2, '2022-12-01 00:00:00'),
(44, NULL, 12082, 1, NULL, 6, '2022-12-01 00:00:00'),
(45, NULL, 12083, 1, NULL, 1, '2022-12-01 00:00:00'),
(46, NULL, 12067, 1, NULL, 2, '2022-12-01 00:00:00'),
(47, NULL, 12069, 1, NULL, 7, '2022-12-01 00:00:00'),
(48, NULL, 12072, 1, NULL, 12, '2022-12-01 00:00:00'),
(49, NULL, 11767, 1, NULL, 0, '2022-12-01 00:00:00'),
(50, NULL, 7930, 1, NULL, 4, '2022-12-01 00:00:00'),
(51, NULL, 7969, 1, NULL, 2, '2022-12-01 00:00:00'),
(52, NULL, 12056, 1, NULL, 86, '2022-12-01 00:00:00'),
(53, NULL, 12058, 1, NULL, 78, '2022-12-01 00:00:00'),
(54, NULL, 12063, 1, NULL, 47, '2022-12-01 00:00:00'),
(55, NULL, 12054, 1, NULL, 95, '2022-12-01 00:00:00'),
(56, NULL, 12055, 1, NULL, 54, '2022-12-01 00:00:00'),
(57, NULL, 12071, 1, NULL, 40, '2022-12-01 00:00:00'),
(58, NULL, 17, 1, NULL, 55, '2022-12-01 00:00:00'),
(59, NULL, 7856, 1, NULL, 5, '2022-12-01 00:00:00'),
(60, NULL, 12040, 1, NULL, 2, '2022-12-01 00:00:00'),
(61, NULL, 13868, 1, NULL, 16, '2022-12-01 00:00:00'),
(62, NULL, 13867, 1, NULL, 13, '2022-12-01 00:00:00'),
(63, NULL, 7633, 1, NULL, 43, '2022-12-01 00:00:00'),
(64, NULL, 7595, 1, NULL, 120, '2022-12-01 00:00:00'),
(65, NULL, 7600, 1, NULL, 12, '2022-12-01 00:00:00'),
(66, NULL, 7611, 1, NULL, 32, '2022-12-01 00:00:00'),
(67, NULL, 7618, 1, NULL, 26, '2022-12-01 00:00:00'),
(68, NULL, 13871, 1, NULL, 1, '2022-12-01 00:00:00'),
(69, NULL, 12151, 1, NULL, 1, '2022-12-01 00:00:00'),
(70, NULL, 14258, 1, NULL, 1, '2022-12-01 00:00:00'),
(71, NULL, 13622, 1, NULL, 1, '2022-12-01 00:00:00'),
(72, NULL, 14175, 1, NULL, 8, '2022-12-01 00:00:00'),
(73, NULL, 14169, 1, NULL, 2, '2022-12-01 00:00:00'),
(74, NULL, 14167, 1, NULL, 2, '2022-12-01 00:00:00'),
(75, NULL, 14168, 1, NULL, 2, '2022-12-01 00:00:00'),
(76, NULL, 14211, 1, NULL, 2, '2022-12-01 00:00:00'),
(77, NULL, 14212, 1, NULL, 2, '2022-12-01 00:00:00'),
(78, NULL, 14213, 1, NULL, 2, '2022-12-01 00:00:00'),
(79, NULL, 14361, 1, NULL, 10, '2022-12-01 00:00:00'),
(80, NULL, 14166, 1, NULL, 2, '2022-12-01 00:00:00'),
(81, NULL, 13027, 1, NULL, 1, '2022-12-01 00:00:00'),
(82, NULL, 12175, 1, NULL, 5, '2022-12-01 00:00:00'),
(83, NULL, 12181, 1, NULL, 1, '2022-12-01 00:00:00'),
(84, NULL, 12180, 1, NULL, 1, '2022-12-01 00:00:00'),
(85, NULL, 12182, 1, NULL, 1, '2022-12-01 00:00:00'),
(86, NULL, 12178, 1, NULL, 9, '2022-12-01 00:00:00'),
(87, NULL, 12179, 1, NULL, 1, '2022-12-01 00:00:00'),
(88, NULL, 12176, 1, NULL, 1, '2022-12-01 00:00:00'),
(89, NULL, 12177, 1, NULL, 1, '2022-12-01 00:00:00'),
(90, NULL, 14132, 1, NULL, 4, '2022-12-01 00:00:00'),
(91, NULL, 12221, 1, NULL, 8, '2022-12-01 00:00:00'),
(92, NULL, 37, 1, NULL, 30, '2022-12-01 00:00:00'),
(93, NULL, 237, 1, NULL, 25, '2022-12-01 00:00:00'),
(94, NULL, 40, 1, NULL, 15, '2022-12-01 00:00:00'),
(95, NULL, 65, 1, NULL, 50, '2022-12-01 00:00:00'),
(96, NULL, 14086, 1, NULL, 12, '2022-12-01 00:00:00'),
(97, NULL, 14087, 1, NULL, 8, '2022-12-01 00:00:00'),
(98, NULL, 35, 1, NULL, 15, '2022-12-01 00:00:00'),
(99, NULL, 12164, 1, NULL, 3, '2022-12-01 00:00:00'),
(100, NULL, 14195, 1, NULL, 3, '2022-12-01 00:00:00'),
(101, NULL, 14196, 1, NULL, 8, '2022-12-01 00:00:00'),
(102, NULL, 12168, 1, NULL, 5, '2022-12-01 00:00:00'),
(103, NULL, 12171, 1, NULL, 1, '2022-12-01 00:00:00'),
(104, NULL, 12169, 1, NULL, 9, '2022-12-01 00:00:00'),
(105, NULL, 45, 1, NULL, 155.43, '2022-12-01 00:00:00'),
(106, NULL, 10498, 1, NULL, 187, '2022-12-01 00:00:00'),
(107, NULL, 73, 1, NULL, 19331.5, '2022-12-01 00:00:00'),
(108, NULL, 8388, 1, NULL, 4, '2022-12-01 00:00:00'),
(109, NULL, 46, 1, NULL, 50, '2022-12-01 00:00:00'),
(110, NULL, 12247, 1, NULL, 5, '2022-12-01 00:00:00'),
(111, NULL, 14249, 1, NULL, 2, '2022-12-01 00:00:00'),
(112, NULL, 80, 1, NULL, 57, '2022-12-01 00:00:00'),
(113, NULL, 48, 1, NULL, 10, '2022-12-01 00:00:00'),
(114, NULL, 12297, 1, NULL, 6, '2022-12-01 00:00:00'),
(115, NULL, 12296, 1, NULL, 1, '2022-12-01 00:00:00'),
(116, NULL, 12318, 1, NULL, 1, '2022-12-01 00:00:00'),
(117, NULL, 12320, 1, NULL, 1, '2022-12-01 00:00:00'),
(118, NULL, 24, 1, NULL, 380, '2022-12-01 00:00:00'),
(119, NULL, 12678, 1, NULL, 2, '2022-12-01 00:00:00'),
(120, NULL, 12794, 1, NULL, 6, '2022-12-01 00:00:00'),
(121, NULL, 12825, 1, NULL, 2, '2022-12-01 00:00:00'),
(122, NULL, 12346, 1, NULL, 2, '2022-12-01 00:00:00'),
(123, NULL, 12348, 1, NULL, 3, '2022-12-01 00:00:00'),
(124, NULL, 12345, 1, NULL, 6, '2022-12-01 00:00:00'),
(125, NULL, 12349, 1, NULL, 2, '2022-12-01 00:00:00'),
(126, NULL, 12350, 1, NULL, 5, '2022-12-01 00:00:00'),
(127, NULL, 12351, 1, NULL, 1, '2022-12-01 00:00:00'),
(128, NULL, 12352, 1, NULL, 6, '2022-12-01 00:00:00'),
(129, NULL, 12353, 1, NULL, 2, '2022-12-01 00:00:00'),
(130, NULL, 12354, 1, NULL, 1, '2022-12-01 00:00:00'),
(131, NULL, 12355, 1, NULL, 10, '2022-12-01 00:00:00'),
(132, NULL, 12356, 1, NULL, 7, '2022-12-01 00:00:00'),
(133, NULL, 12357, 1, NULL, 2, '2022-12-01 00:00:00'),
(134, NULL, 12463, 1, NULL, 3, '2022-12-01 00:00:00'),
(135, NULL, 12464, 1, NULL, 5, '2022-12-01 00:00:00'),
(136, NULL, 12465, 1, NULL, 1, '2022-12-01 00:00:00'),
(137, NULL, 12466, 1, NULL, 5, '2022-12-01 00:00:00'),
(138, NULL, 12467, 1, NULL, 2, '2022-12-01 00:00:00'),
(139, NULL, 12468, 1, NULL, 2, '2022-12-01 00:00:00'),
(140, NULL, 12470, 1, NULL, 4, '2022-12-01 00:00:00'),
(141, NULL, 12471, 1, NULL, 2, '2022-12-01 00:00:00'),
(142, NULL, 12472, 1, NULL, 5, '2022-12-01 00:00:00'),
(143, NULL, 12473, 1, NULL, 2, '2022-12-01 00:00:00'),
(144, NULL, 12477, 1, NULL, 4, '2022-12-01 00:00:00'),
(145, NULL, 12479, 1, NULL, 4, '2022-12-01 00:00:00'),
(146, NULL, 12480, 1, NULL, 3, '2022-12-01 00:00:00'),
(147, NULL, 12773, 1, NULL, 1, '2022-12-01 00:00:00'),
(148, NULL, 12799, 1, NULL, 1, '2022-12-01 00:00:00'),
(149, NULL, 12361, 1, NULL, 1, '2022-12-01 00:00:00'),
(150, NULL, 12363, 1, NULL, 1, '2022-12-01 00:00:00'),
(151, NULL, 12364, 1, NULL, 2, '2022-12-01 00:00:00'),
(152, NULL, 12803, 1, NULL, 2, '2022-12-01 00:00:00'),
(153, NULL, 12365, 1, NULL, 2, '2022-12-01 00:00:00'),
(154, NULL, 12805, 1, NULL, 4, '2022-12-01 00:00:00'),
(155, NULL, 12367, 1, NULL, 1, '2022-12-01 00:00:00'),
(156, NULL, 12806, 1, NULL, 4, '2022-12-01 00:00:00'),
(157, NULL, 12370, 1, NULL, 1, '2022-12-01 00:00:00'),
(158, NULL, 12371, 1, NULL, 1, '2022-12-01 00:00:00'),
(159, NULL, 12372, 1, NULL, 2, '2022-12-01 00:00:00'),
(160, NULL, 12375, 1, NULL, 10, '2022-12-01 00:00:00'),
(161, NULL, 12376, 1, NULL, 3, '2022-12-01 00:00:00'),
(162, NULL, 12379, 1, NULL, 1, '2022-12-01 00:00:00'),
(163, NULL, 12381, 1, NULL, 2, '2022-12-01 00:00:00'),
(164, NULL, 12383, 1, NULL, 1, '2022-12-01 00:00:00'),
(165, NULL, 12385, 1, NULL, 2, '2022-12-01 00:00:00'),
(166, NULL, 12386, 1, NULL, 1, '2022-12-01 00:00:00'),
(167, NULL, 12388, 1, NULL, 3, '2022-12-01 00:00:00'),
(168, NULL, 12393, 1, NULL, 1, '2022-12-01 00:00:00'),
(169, NULL, 12394, 1, NULL, 2, '2022-12-01 00:00:00'),
(170, NULL, 12396, 1, NULL, 5, '2022-12-01 00:00:00'),
(171, NULL, 12398, 1, NULL, 1, '2022-12-01 00:00:00'),
(172, NULL, 12401, 1, NULL, 5, '2022-12-01 00:00:00'),
(173, NULL, 12403, 1, NULL, 2, '2022-12-01 00:00:00'),
(174, NULL, 12405, 1, NULL, 2, '2022-12-01 00:00:00'),
(175, NULL, 12406, 1, NULL, 2, '2022-12-01 00:00:00'),
(176, NULL, 12407, 1, NULL, 2, '2022-12-01 00:00:00'),
(177, NULL, 12408, 1, NULL, 2, '2022-12-01 00:00:00'),
(178, NULL, 12410, 1, NULL, 4, '2022-12-01 00:00:00'),
(179, NULL, 12411, 1, NULL, 1, '2022-12-01 00:00:00'),
(180, NULL, 12417, 1, NULL, 3, '2022-12-01 00:00:00'),
(181, NULL, 12419, 1, NULL, 3, '2022-12-01 00:00:00'),
(182, NULL, 12421, 1, NULL, 3, '2022-12-01 00:00:00'),
(183, NULL, 12422, 1, NULL, 1, '2022-12-01 00:00:00'),
(184, NULL, 12423, 1, NULL, 2, '2022-12-01 00:00:00'),
(185, NULL, 12424, 1, NULL, 1, '2022-12-01 00:00:00'),
(186, NULL, 12425, 1, NULL, 2, '2022-12-01 00:00:00'),
(187, NULL, 12427, 1, NULL, 4, '2022-12-01 00:00:00'),
(188, NULL, 12430, 1, NULL, 3, '2022-12-01 00:00:00'),
(189, NULL, 12431, 1, NULL, 1, '2022-12-01 00:00:00'),
(190, NULL, 12432, 1, NULL, 1, '2022-12-01 00:00:00'),
(191, NULL, 12433, 1, NULL, 2, '2022-12-01 00:00:00'),
(192, NULL, 12434, 1, NULL, 8, '2022-12-01 00:00:00'),
(193, NULL, 12435, 1, NULL, 1, '2022-12-01 00:00:00'),
(194, NULL, 12437, 1, NULL, 1, '2022-12-01 00:00:00'),
(195, NULL, 12438, 1, NULL, 2, '2022-12-01 00:00:00'),
(196, NULL, 12439, 1, NULL, 1, '2022-12-01 00:00:00'),
(197, NULL, 12444, 1, NULL, 2, '2022-12-01 00:00:00'),
(198, NULL, 12448, 1, NULL, 1, '2022-12-01 00:00:00'),
(199, NULL, 12450, 1, NULL, 13, '2022-12-01 00:00:00'),
(200, NULL, 12452, 1, NULL, 3, '2022-12-01 00:00:00'),
(201, NULL, 12453, 1, NULL, 2, '2022-12-01 00:00:00'),
(202, NULL, 12454, 1, NULL, 2, '2022-12-01 00:00:00'),
(203, NULL, 12455, 1, NULL, 3, '2022-12-01 00:00:00'),
(204, NULL, 12457, 1, NULL, 4, '2022-12-01 00:00:00'),
(205, NULL, 12458, 1, NULL, 2, '2022-12-01 00:00:00'),
(206, NULL, 12460, 1, NULL, 4, '2022-12-01 00:00:00'),
(207, NULL, 12461, 1, NULL, 3, '2022-12-01 00:00:00'),
(208, NULL, 12462, 1, NULL, 1, '2022-12-01 00:00:00'),
(209, NULL, 12689, 1, NULL, 2, '2022-12-01 00:00:00'),
(210, NULL, 12726, 1, NULL, 5, '2022-12-01 00:00:00'),
(211, NULL, 12502, 1, NULL, 1, '2022-12-01 00:00:00'),
(212, NULL, 12515, 1, NULL, 2, '2022-12-01 00:00:00'),
(213, NULL, 12517, 1, NULL, 2, '2022-12-01 00:00:00'),
(214, NULL, 12521, 1, NULL, 1, '2022-12-01 00:00:00'),
(215, NULL, 12526, 1, NULL, 1, '2022-12-01 00:00:00'),
(216, NULL, 12527, 1, NULL, 1, '2022-12-01 00:00:00'),
(217, NULL, 12516, 1, NULL, 6, '2022-12-01 00:00:00'),
(218, NULL, 12520, 1, NULL, 4, '2022-12-01 00:00:00'),
(219, NULL, 12528, 1, NULL, 3, '2022-12-01 00:00:00'),
(220, NULL, 12531, 1, NULL, 1, '2022-12-01 00:00:00'),
(221, NULL, 12532, 1, NULL, 1, '2022-12-01 00:00:00'),
(222, NULL, 12538, 1, NULL, 3, '2022-12-01 00:00:00'),
(223, NULL, 12530, 1, NULL, 1, '2022-12-01 00:00:00'),
(224, NULL, 12535, 1, NULL, 1, '2022-12-01 00:00:00'),
(225, NULL, 12540, 1, NULL, 6, '2022-12-01 00:00:00'),
(226, NULL, 12541, 1, NULL, 2, '2022-12-01 00:00:00'),
(227, NULL, 12826, 1, NULL, 1, '2022-12-01 00:00:00'),
(228, NULL, 12750, 1, NULL, 1, '2022-12-01 00:00:00'),
(229, NULL, 12641, 1, NULL, 1, '2022-12-01 00:00:00'),
(230, NULL, 14347, 1, NULL, 1, '2022-12-01 00:00:00'),
(231, NULL, 14345, 1, NULL, 1, '2022-12-01 00:00:00'),
(232, NULL, 14334, 1, NULL, 4, '2022-12-01 00:00:00'),
(233, NULL, 14341, 1, NULL, 2, '2022-12-01 00:00:00'),
(234, NULL, 12497, 1, NULL, 3, '2022-12-01 00:00:00'),
(235, NULL, 12509, 1, NULL, 6, '2022-12-01 00:00:00'),
(236, NULL, 12827, 1, NULL, 1, '2022-12-01 00:00:00'),
(237, NULL, 7966, 1, NULL, 7, '2022-12-01 00:00:00'),
(238, NULL, 12148, 1, NULL, 5, '2022-12-01 00:00:00'),
(239, NULL, 75, 1, NULL, 15, '2022-12-01 00:00:00'),
(240, NULL, 11768, 1, NULL, 0, '2022-12-01 00:00:00'),
(241, NULL, 13106, 1, NULL, 3, '2022-12-01 00:00:00'),
(242, NULL, 13111, 1, NULL, 4, '2022-12-01 00:00:00'),
(243, NULL, 13112, 1, NULL, 4, '2022-12-01 00:00:00'),
(244, NULL, 13103, 1, NULL, 3, '2022-12-01 00:00:00'),
(245, NULL, 13104, 1, NULL, 12, '2022-12-01 00:00:00'),
(246, NULL, 13121, 1, NULL, 6, '2022-12-01 00:00:00'),
(247, NULL, 13127, 1, NULL, 3, '2022-12-01 00:00:00'),
(248, NULL, 13129, 1, NULL, 5, '2022-12-01 00:00:00'),
(249, NULL, 12895, 1, NULL, 2, '2022-12-01 00:00:00'),
(250, NULL, 12990, 1, NULL, 1, '2022-12-01 00:00:00'),
(251, NULL, 14343, 1, NULL, 1, '2022-12-01 00:00:00'),
(252, NULL, 12922, 1, NULL, 8, '2022-12-01 00:00:00'),
(253, NULL, 14348, 1, NULL, 1, '2022-12-01 00:00:00'),
(254, NULL, 14349, 1, NULL, 1, '2022-12-01 00:00:00'),
(255, NULL, 14342, 1, NULL, 1, '2022-12-01 00:00:00'),
(256, NULL, 14344, 1, NULL, 1, '2022-12-01 00:00:00'),
(257, NULL, 14346, 1, NULL, 1, '2022-12-01 00:00:00'),
(258, NULL, 14335, 1, NULL, 2, '2022-12-01 00:00:00'),
(259, NULL, 14337, 1, NULL, 2, '2022-12-01 00:00:00'),
(260, NULL, 14338, 1, NULL, 3, '2022-12-01 00:00:00'),
(261, NULL, 12952, 1, NULL, 1, '2022-12-01 00:00:00'),
(262, NULL, 14129, 1, NULL, 4, '2022-12-01 00:00:00'),
(263, NULL, 14122, 1, NULL, 3, '2022-12-01 00:00:00'),
(264, NULL, 14271, 1, NULL, 3, '2022-12-01 00:00:00'),
(265, NULL, 14272, 1, NULL, 10, '2022-12-01 00:00:00'),
(266, NULL, 14273, 1, NULL, 8, '2022-12-01 00:00:00'),
(267, NULL, 14275, 1, NULL, 6, '2022-12-01 00:00:00'),
(268, NULL, 14276, 1, NULL, 2, '2022-12-01 00:00:00'),
(269, NULL, 14254, 1, NULL, 1, '2022-12-01 00:00:00'),
(270, NULL, 14093, 1, NULL, 2, '2022-12-01 00:00:00'),
(271, NULL, 13058, 1, NULL, 1, '2022-12-01 00:00:00'),
(272, NULL, 13079, 1, NULL, 1, '2022-12-01 00:00:00'),
(273, NULL, 12955, 1, NULL, 4, '2022-12-01 00:00:00'),
(274, NULL, 12910, 1, NULL, 1, '2022-12-01 00:00:00'),
(275, NULL, 15165, 1, NULL, 3, '2022-12-01 00:00:00'),
(276, NULL, 14363, 1, NULL, 1, '2022-12-01 00:00:00'),
(277, NULL, 14362, 1, NULL, 2, '2022-12-01 00:00:00'),
(278, NULL, 13088, 1, NULL, 4, '2022-12-01 00:00:00'),
(279, NULL, 11780, 1, NULL, 0, '2022-12-01 00:00:00'),
(280, NULL, 51, 1, NULL, 1785, '2022-12-01 00:00:00'),
(281, NULL, 11795, 1, NULL, 0, '2022-12-01 00:00:00'),
(282, NULL, 13216, 1, NULL, 54, '2022-12-01 00:00:00'),
(283, NULL, 13172, 1, NULL, 44, '2022-12-01 00:00:00'),
(284, NULL, 13151, 1, NULL, 10, '2022-12-01 00:00:00'),
(285, NULL, 13155, 1, NULL, 9, '2022-12-01 00:00:00'),
(286, NULL, 13180, 1, NULL, 1, '2022-12-01 00:00:00'),
(287, NULL, 13725, 1, NULL, 1, '2022-12-01 00:00:00'),
(288, NULL, 14729, 1, NULL, 1, '2022-12-01 00:00:00'),
(289, NULL, 13209, 1, NULL, 3, '2022-12-01 00:00:00'),
(290, NULL, 11272, 1, NULL, 1, '2022-12-01 00:00:00'),
(291, NULL, 15123, 1, NULL, 2, '2022-12-01 00:00:00'),
(292, NULL, 13171, 1, NULL, 1, '2022-12-01 00:00:00'),
(293, NULL, 2309, 1, NULL, 0, '2022-12-01 00:00:00'),
(294, NULL, 14162, 1, NULL, 9, '2022-12-01 00:00:00'),
(295, NULL, 14161, 1, NULL, 4, '2022-12-01 00:00:00'),
(296, NULL, 268, 1, NULL, 25, '2022-12-01 00:00:00'),
(297, NULL, 13633, 1, NULL, 32, '2022-12-01 00:00:00'),
(298, NULL, 55, 1, NULL, 73.5, '2022-12-01 00:00:00'),
(299, NULL, 14127, 1, NULL, 5, '2022-12-01 00:00:00'),
(300, NULL, 14145, 1, NULL, 2, '2022-12-01 00:00:00'),
(301, NULL, 14171, 1, NULL, 1, '2022-12-01 00:00:00'),
(302, NULL, 9139, 1, NULL, 129, '2022-12-01 00:00:00'),
(303, NULL, 9156, 1, NULL, 53, '2022-12-01 00:00:00'),
(304, NULL, 9155, 1, NULL, 32, '2022-12-01 00:00:00'),
(305, NULL, 9158, 1, NULL, 24, '2022-12-01 00:00:00'),
(306, NULL, 11209, 1, NULL, 1, '2022-12-01 00:00:00'),
(307, NULL, 11397, 1, NULL, 2, '2022-12-01 00:00:00'),
(308, NULL, 12604, 1, NULL, 4, '2022-12-01 00:00:00'),
(309, NULL, 13623, 1, NULL, 2, '2022-12-01 00:00:00'),
(310, NULL, 14201, 1, NULL, 9, '2022-12-01 00:00:00'),
(311, NULL, 13696, 1, NULL, 2, '2022-12-01 00:00:00'),
(312, NULL, 13698, 1, NULL, 2, '2022-12-01 00:00:00'),
(313, NULL, 11695, 1, NULL, 7, '2022-12-01 00:00:00'),
(314, NULL, 11783, 1, NULL, 0, '2022-12-01 00:00:00'),
(315, NULL, 11792, 1, NULL, 0, '2022-12-01 00:00:00'),
(316, NULL, 11440, 1, NULL, 41, '2022-12-01 00:00:00'),
(317, NULL, 11047, 1, NULL, 41, '2022-12-01 00:00:00'),
(318, NULL, 11046, 1, NULL, 50, '2022-12-01 00:00:00'),
(319, NULL, 13713, 1, NULL, 10, '2022-12-01 00:00:00'),
(320, NULL, 13716, 1, NULL, 18, '2022-12-01 00:00:00'),
(321, NULL, 13776, 1, NULL, 4, '2022-12-01 00:00:00'),
(322, NULL, 13774, 1, NULL, 4, '2022-12-01 00:00:00'),
(323, NULL, 13775, 1, NULL, 5, '2022-12-01 00:00:00'),
(324, NULL, 14857, 1, NULL, 5, '2022-12-01 00:00:00'),
(325, NULL, 14107, 1, NULL, 6, '2022-12-01 00:00:00'),
(326, NULL, 14106, 1, NULL, 10, '2022-12-01 00:00:00'),
(327, NULL, 13927, 1, NULL, 2, '2022-12-01 00:00:00'),
(328, NULL, 13926, 1, NULL, 8, '2022-12-01 00:00:00'),
(329, NULL, 11917, 1, NULL, 1, '2022-12-01 00:00:00'),
(330, NULL, 14489, 1, NULL, 15, '2022-12-01 00:00:00'),
(331, NULL, 12546, 1, NULL, 6, '2022-12-01 00:00:00'),
(332, NULL, 12547, 1, NULL, 5, '2022-12-01 00:00:00'),
(333, NULL, 12469, 1, NULL, 1, '2022-12-01 00:00:00'),
(334, NULL, 12459, 1, NULL, 2, '2022-12-01 00:00:00'),
(335, NULL, 12494, 1, NULL, 5, '2022-12-01 00:00:00'),
(336, NULL, 12950, 1, NULL, 1, '2022-12-01 00:00:00'),
(337, NULL, 14988, 1, NULL, 4, '2022-12-01 00:00:00'),
(338, NULL, 14708, 1, NULL, 1, '2022-12-01 00:00:00'),
(339, NULL, 14709, 1, NULL, 1, '2022-12-01 00:00:00'),
(340, NULL, 14710, 1, NULL, 6, '2022-12-01 00:00:00'),
(341, NULL, 14711, 1, NULL, 1, '2022-12-01 00:00:00'),
(342, NULL, 14993, 1, NULL, 1, '2022-12-01 00:00:00'),
(343, NULL, 14625, 1, NULL, 3, '2022-12-01 00:00:00'),
(344, NULL, 14979, 1, NULL, 2, '2022-12-01 00:00:00'),
(345, NULL, 14376, 1, NULL, 1, '2022-12-01 00:00:00'),
(346, NULL, 14377, 1, NULL, 1, '2022-12-01 00:00:00'),
(347, NULL, 14378, 1, NULL, 3, '2022-12-01 00:00:00'),
(348, NULL, 14382, 1, NULL, 2, '2022-12-01 00:00:00'),
(349, NULL, 14384, 1, NULL, 1, '2022-12-01 00:00:00'),
(350, NULL, 14385, 1, NULL, 1, '2022-12-01 00:00:00'),
(351, NULL, 14372, 1, NULL, 1, '2022-12-01 00:00:00'),
(352, NULL, 14375, 1, NULL, 1, '2022-12-01 00:00:00'),
(353, NULL, 14374, 1, NULL, 2, '2022-12-01 00:00:00'),
(354, NULL, 14373, 1, NULL, 1, '2022-12-01 00:00:00'),
(355, NULL, 12254, 1, NULL, 3, '2022-12-01 00:00:00'),
(356, NULL, 15102, 1, NULL, 2, '2022-12-01 00:00:00'),
(357, NULL, 13813, 1, NULL, 6, '2022-12-01 00:00:00'),
(358, NULL, 13860, 1, NULL, 10, '2022-12-01 00:00:00'),
(359, NULL, 14022, 1, NULL, 3, '2022-12-01 00:00:00'),
(360, NULL, 13789, 1, NULL, 2, '2022-12-01 00:00:00'),
(361, NULL, 14002, 1, NULL, 7, '2022-12-01 00:00:00'),
(362, NULL, 13825, 1, NULL, 33, '2022-12-01 00:00:00'),
(363, NULL, 13800, 1, NULL, 1, '2022-12-01 00:00:00'),
(364, NULL, 13916, 1, NULL, 5, '2022-12-01 00:00:00'),
(365, NULL, 14286, 1, NULL, 2, '2022-12-01 00:00:00'),
(366, NULL, 13965, 1, NULL, 10, '2022-12-01 00:00:00'),
(367, NULL, 14008, 1, NULL, 10, '2022-12-01 00:00:00'),
(368, NULL, 13922, 1, NULL, 3, '2022-12-01 00:00:00'),
(369, NULL, 13921, 1, NULL, 1, '2022-12-01 00:00:00'),
(370, NULL, 14009, 1, NULL, 3, '2022-12-01 00:00:00'),
(371, NULL, 13917, 1, NULL, 3, '2022-12-01 00:00:00'),
(372, NULL, 13992, 1, NULL, 7, '2022-12-01 00:00:00'),
(373, NULL, 13943, 1, NULL, 2, '2022-12-01 00:00:00'),
(374, NULL, 13795, 1, NULL, 9, '2022-12-01 00:00:00'),
(375, NULL, 14763, 1, NULL, 6, '2022-12-01 00:00:00'),
(376, NULL, 13967, 1, NULL, 6, '2022-12-01 00:00:00'),
(377, NULL, 13815, 1, NULL, 7, '2022-12-01 00:00:00'),
(378, NULL, 13816, 1, NULL, 5, '2022-12-01 00:00:00'),
(379, NULL, 13791, 1, NULL, 8, '2022-12-01 00:00:00'),
(380, NULL, 13861, 1, NULL, 2, '2022-12-01 00:00:00'),
(381, NULL, 13829, 1, NULL, 4, '2022-12-01 00:00:00'),
(382, NULL, 14033, 1, NULL, 5, '2022-12-01 00:00:00'),
(383, NULL, 13837, 1, NULL, 8, '2022-12-01 00:00:00'),
(384, NULL, 13960, 1, NULL, 2, '2022-12-01 00:00:00'),
(385, NULL, 13993, 1, NULL, 8, '2022-12-01 00:00:00'),
(386, NULL, 13875, 1, NULL, 4, '2022-12-01 00:00:00'),
(387, NULL, 13886, 1, NULL, 2, '2022-12-01 00:00:00'),
(388, NULL, 13888, 1, NULL, 3, '2022-12-01 00:00:00'),
(389, NULL, 13793, 1, NULL, 1, '2022-12-01 00:00:00'),
(390, NULL, 13853, 1, NULL, 1, '2022-12-01 00:00:00'),
(391, NULL, 14004, 1, NULL, 3, '2022-12-01 00:00:00'),
(392, NULL, 13885, 1, NULL, 1, '2022-12-01 00:00:00'),
(393, NULL, 14034, 1, NULL, 2, '2022-12-01 00:00:00'),
(394, NULL, 13896, 1, NULL, 5, '2022-12-01 00:00:00'),
(395, NULL, 13929, 1, NULL, 10, '2022-12-01 00:00:00'),
(396, NULL, 13925, 1, NULL, 11, '2022-12-01 00:00:00'),
(397, NULL, 13964, 1, NULL, 5, '2022-12-01 00:00:00'),
(398, NULL, 13946, 1, NULL, 7, '2022-12-01 00:00:00'),
(399, NULL, 13949, 1, NULL, 1, '2022-12-01 00:00:00'),
(400, NULL, 14037, 1, NULL, 6, '2022-12-01 00:00:00'),
(401, NULL, 14104, 1, NULL, 30, '2022-12-01 00:00:00'),
(402, NULL, 13830, 1, NULL, 40, '2022-12-01 00:00:00'),
(403, NULL, 14148, 1, NULL, 1, '2022-12-01 00:00:00'),
(404, NULL, 14038, 1, NULL, 1, '2022-12-01 00:00:00'),
(405, NULL, 14139, 1, NULL, 3, '2022-12-01 00:00:00'),
(406, NULL, 56, 1, NULL, 2, '2022-12-01 00:00:00'),
(407, NULL, 14047, 1, NULL, 7, '2022-12-01 00:00:00'),
(408, NULL, 58, 1, NULL, 1, '2022-12-01 00:00:00'),
(409, NULL, 62, 1, NULL, 20, '2022-12-01 00:00:00'),
(410, NULL, 85, 1, NULL, 100, '2022-12-01 00:00:00'),
(411, NULL, 15072, 1, NULL, 1, '2022-12-01 00:00:00'),
(412, NULL, 14420, 1, NULL, 5, '2022-12-01 00:00:00'),
(413, NULL, 10839, 1, NULL, 10, '2022-12-01 00:00:00'),
(414, NULL, 14445, 1, NULL, 4, '2022-12-01 00:00:00'),
(415, NULL, 36, 1, NULL, 1390, '2022-12-01 00:00:00'),
(416, NULL, 8712, 1, NULL, 8, '2022-12-01 00:00:00'),
(417, NULL, 83, 1, NULL, 120, '2022-12-01 00:00:00'),
(418, NULL, 82, 1, NULL, 30.5, '2022-12-01 00:00:00'),
(419, NULL, 77, 1, NULL, 27.7, '2022-12-01 00:00:00'),
(420, NULL, 348, 1, NULL, 208, '2022-12-01 00:00:00'),
(421, NULL, 311, 1, NULL, 5, '2022-12-01 00:00:00'),
(422, NULL, 76, 1, NULL, 39, '2022-12-01 00:00:00'),
(423, NULL, 84, 1, NULL, 21, '2022-12-01 00:00:00'),
(424, NULL, 91, 1, NULL, 20, '2022-12-01 00:00:00'),
(425, NULL, 91, 1, NULL, 20, '2022-12-01 00:00:00'),
(426, NULL, 91, 1, NULL, 20, '2022-12-01 00:00:00'),
(427, NULL, 365, 1, NULL, 20, '2022-12-01 00:00:00'),
(428, NULL, 365, 1, NULL, 20, '2022-12-01 00:00:00'),
(429, NULL, 365, 1, NULL, 20, '2022-12-01 00:00:00'),
(430, NULL, 89, 1, NULL, 10.83, '2022-12-01 00:00:00'),
(431, NULL, 90, 1, NULL, 28, '2022-12-01 00:00:00'),
(432, NULL, 11975, 1, NULL, 92, '2022-12-01 00:00:00'),
(433, NULL, 11976, 1, NULL, 64, '2022-12-01 00:00:00'),
(434, NULL, 14027, 1, NULL, 11, '2022-12-01 00:00:00'),
(435, NULL, 14071, 1, NULL, 6, '2022-12-01 00:00:00'),
(436, NULL, 13876, 1, NULL, 6, '2022-12-01 00:00:00'),
(437, NULL, 13904, 1, NULL, 8, '2022-12-01 00:00:00'),
(438, NULL, 14119, 1, NULL, 2, '2022-12-01 00:00:00'),
(439, NULL, 317, 1, NULL, 4, '2022-12-01 00:00:00'),
(440, NULL, 11594, 1, NULL, 2, '2022-12-01 00:00:00'),
(441, NULL, 11595, 1, NULL, 2, '2022-12-01 00:00:00'),
(442, NULL, 105, 1, NULL, 80, '2022-12-01 00:00:00'),
(443, NULL, 14464, 1, NULL, 7, '2022-12-01 00:00:00'),
(444, NULL, 14465, 1, NULL, 19, '2022-12-01 00:00:00'),
(445, NULL, 34, 1, NULL, 20, '2022-12-01 00:00:00'),
(446, NULL, 13877, 1, NULL, 3, '2022-12-01 00:00:00'),
(447, NULL, 13878, 1, NULL, 8, '2022-12-01 00:00:00'),
(448, NULL, 7735, 1, NULL, 5, '2022-12-01 00:00:00'),
(449, NULL, 10159, 1, NULL, 8, '2022-12-01 00:00:00'),
(450, NULL, 14655, 1, NULL, 2, '2022-12-01 00:00:00'),
(451, NULL, 14712, 1, NULL, 1, '2022-12-01 00:00:00'),
(452, NULL, 14682, 1, NULL, 2, '2022-12-01 00:00:00'),
(453, NULL, 13700, 1, NULL, 6, '2022-12-01 00:00:00'),
(454, NULL, 14732, 1, NULL, 1, '2022-12-01 00:00:00'),
(455, NULL, 10628, 1, NULL, 1, '2022-12-01 00:00:00'),
(456, NULL, 10583, 1, NULL, 1, '2022-12-01 00:00:00'),
(457, NULL, 12673, 1, NULL, 2, '2022-12-01 00:00:00'),
(458, NULL, 14359, 1, NULL, 1, '2022-12-01 00:00:00'),
(459, NULL, 14360, 1, NULL, 1, '2022-12-01 00:00:00'),
(460, NULL, 13051, 1, NULL, 3, '2022-12-01 00:00:00'),
(461, NULL, 14163, 1, NULL, 2, '2022-12-01 00:00:00'),
(462, NULL, 15088, 1, NULL, 6, '2022-12-01 00:00:00'),
(463, NULL, 14614, 1, NULL, 2, '2022-12-01 00:00:00'),
(464, NULL, 10324, 1, NULL, 5, '2022-12-01 00:00:00'),
(465, NULL, 9147, 1, NULL, 5, '2022-12-01 00:00:00'),
(466, NULL, 10860, 1, NULL, 11, '2022-12-01 00:00:00'),
(467, NULL, 10318, 1, NULL, 1, '2022-12-01 00:00:00'),
(468, NULL, 14746, 1, NULL, 1, '2022-12-01 00:00:00'),
(469, NULL, 14744, 1, NULL, 7, '2022-12-01 00:00:00'),
(470, NULL, 14767, 1, NULL, 3, '2022-12-01 00:00:00'),
(471, NULL, 14758, 1, NULL, 4, '2022-12-01 00:00:00'),
(472, NULL, 8179, 1, NULL, 136, '2022-12-01 00:00:00'),
(473, NULL, 14771, 1, NULL, 4, '2022-12-01 00:00:00'),
(474, NULL, 9871, 1, NULL, 53, '2022-12-01 00:00:00'),
(475, NULL, 14797, 1, NULL, 1, '2022-12-01 00:00:00'),
(476, NULL, 14798, 1, NULL, 1, '2022-12-01 00:00:00'),
(477, NULL, 14799, 1, NULL, 1, '2022-12-01 00:00:00'),
(478, NULL, 14827, 1, NULL, 3, '2022-12-01 00:00:00'),
(479, NULL, 14802, 1, NULL, 1, '2022-12-01 00:00:00'),
(480, NULL, 14806, 1, NULL, 1, '2022-12-01 00:00:00'),
(481, NULL, 14810, 1, NULL, 1, '2022-12-01 00:00:00'),
(482, NULL, 14784, 1, NULL, 1, '2022-12-01 00:00:00'),
(483, NULL, 14787, 1, NULL, 1, '2022-12-01 00:00:00'),
(484, NULL, 14788, 1, NULL, 4, '2022-12-01 00:00:00'),
(485, NULL, 12119, 1, NULL, 3, '2022-12-01 00:00:00'),
(486, NULL, 12133, 1, NULL, 1, '2022-12-01 00:00:00'),
(487, NULL, 12139, 1, NULL, 2, '2022-12-01 00:00:00'),
(488, NULL, 12670, 1, NULL, 1, '2022-12-01 00:00:00'),
(489, NULL, 12738, 1, NULL, 2, '2022-12-01 00:00:00'),
(490, NULL, 12762, 1, NULL, 1, '2022-12-01 00:00:00'),
(491, NULL, 15163, 1, NULL, 2, '2022-12-01 00:00:00'),
(492, NULL, 12734, 1, NULL, 2, '2022-12-01 00:00:00'),
(493, NULL, 12718, 1, NULL, 4, '2022-12-01 00:00:00'),
(494, NULL, 12707, 1, NULL, 1, '2022-12-01 00:00:00'),
(495, NULL, 12683, 1, NULL, 2, '2022-12-01 00:00:00'),
(496, NULL, 12684, 1, NULL, 3, '2022-12-01 00:00:00'),
(497, NULL, 13016, 1, NULL, 1, '2022-12-01 00:00:00'),
(498, NULL, 13012, 1, NULL, 2, '2022-12-01 00:00:00'),
(499, NULL, 13060, 1, NULL, 1, '2022-12-01 00:00:00'),
(500, NULL, 13023, 1, NULL, 5, '2022-12-01 00:00:00'),
(501, NULL, 13018, 1, NULL, 1, '2022-12-01 00:00:00'),
(502, NULL, 13028, 1, NULL, 2, '2022-12-01 00:00:00'),
(503, NULL, 13064, 1, NULL, 4, '2022-12-01 00:00:00'),
(504, NULL, 14635, 1, NULL, 1, '2022-12-01 00:00:00'),
(505, NULL, 14728, 1, NULL, 1, '2022-12-01 00:00:00'),
(506, NULL, 12270, 1, NULL, 2, '2022-12-01 00:00:00'),
(507, NULL, 14336, 1, NULL, 3, '2022-12-01 00:00:00'),
(508, NULL, 12677, 1, NULL, 4, '2022-12-01 00:00:00'),
(509, NULL, 12660, 1, NULL, 6, '2022-12-01 00:00:00'),
(510, NULL, 14183, 1, NULL, 3, '2022-12-01 00:00:00'),
(511, NULL, 14182, 1, NULL, 3, '2022-12-01 00:00:00'),
(512, NULL, 316, 1, NULL, 7, '2022-12-01 00:00:00'),
(513, NULL, 315, 1, NULL, 5, '2022-12-01 00:00:00'),
(514, NULL, 11064, 1, NULL, 4, '2022-12-01 00:00:00'),
(515, NULL, 11065, 1, NULL, 1, '2022-12-01 00:00:00'),
(516, NULL, 11066, 1, NULL, 1, '2022-12-01 00:00:00'),
(517, NULL, 11063, 1, NULL, 2, '2022-12-01 00:00:00'),
(518, NULL, 14926, 1, NULL, 1, '2022-12-01 00:00:00'),
(519, NULL, 14872, 1, NULL, 1, '2022-12-01 00:00:00'),
(520, NULL, 14873, 1, NULL, 1, '2022-12-01 00:00:00'),
(521, NULL, 14165, 1, NULL, 1, '2022-12-01 00:00:00'),
(522, NULL, 14118, 1, NULL, 4, '2022-12-01 00:00:00'),
(523, NULL, 14351, 1, NULL, 4, '2022-12-01 00:00:00'),
(524, NULL, 14871, 1, NULL, 1, '2022-12-01 00:00:00'),
(525, NULL, 14913, 1, NULL, 1, '2022-12-01 00:00:00'),
(526, NULL, 14901, 1, NULL, 2, '2022-12-01 00:00:00'),
(527, NULL, 14910, 1, NULL, 3, '2022-12-01 00:00:00'),
(528, NULL, 11897, 1, NULL, 0, '2022-12-01 00:00:00'),
(529, NULL, 350, 1, NULL, 155, '2022-12-01 00:00:00'),
(530, NULL, 43, 1, NULL, 10, '2022-12-01 00:00:00'),
(531, NULL, 9545, 1, NULL, 7, '2022-12-01 00:00:00'),
(532, NULL, 79, 1, NULL, 210, '2022-12-01 00:00:00'),
(533, NULL, 88, 1, NULL, 200, '2022-12-01 00:00:00'),
(534, NULL, 14284, 1, NULL, 11, '2022-12-01 00:00:00'),
(535, NULL, 12271, 1, NULL, 3, '2022-12-01 00:00:00'),
(536, NULL, 14340, 1, NULL, 1, '2022-12-01 00:00:00'),
(537, NULL, 14976, 1, NULL, 2, '2022-12-01 00:00:00'),
(538, NULL, 15023, 1, NULL, 3, '2022-12-01 00:00:00'),
(539, NULL, 14981, 1, NULL, 1, '2022-12-01 00:00:00'),
(540, NULL, 15057, 1, NULL, 2, '2022-12-01 00:00:00'),
(541, NULL, 15032, 1, NULL, 2, '2022-12-01 00:00:00'),
(542, NULL, 15070, 1, NULL, 4, '2022-12-01 00:00:00'),
(543, NULL, 15027, 1, NULL, 1, '2022-12-01 00:00:00'),
(544, NULL, 15039, 1, NULL, 6, '2022-12-01 00:00:00'),
(545, NULL, 15029, 1, NULL, 1, '2022-12-01 00:00:00'),
(546, NULL, 14972, 1, NULL, 1, '2022-12-01 00:00:00'),
(547, NULL, 15004, 1, NULL, 3, '2022-12-01 00:00:00'),
(548, NULL, 15008, 1, NULL, 2, '2022-12-01 00:00:00'),
(549, NULL, 15011, 1, NULL, 1, '2022-12-01 00:00:00'),
(550, NULL, 15012, 1, NULL, 2, '2022-12-01 00:00:00'),
(551, NULL, 15061, 1, NULL, 5, '2022-12-01 00:00:00'),
(552, NULL, 15025, 1, NULL, 2, '2022-12-01 00:00:00'),
(553, NULL, 15028, 1, NULL, 3, '2022-12-01 00:00:00'),
(554, NULL, 15034, 1, NULL, 3, '2022-12-01 00:00:00'),
(555, NULL, 15040, 1, NULL, 1, '2022-12-01 00:00:00'),
(556, NULL, 15043, 1, NULL, 1, '2022-12-01 00:00:00'),
(557, NULL, 15048, 1, NULL, 4, '2022-12-01 00:00:00'),
(558, NULL, 14994, 1, NULL, 3, '2022-12-01 00:00:00'),
(559, NULL, 14990, 1, NULL, 1, '2022-12-01 00:00:00'),
(560, NULL, 14941, 1, NULL, 2, '2022-12-01 00:00:00'),
(561, NULL, 14203, 1, NULL, 2, '2022-12-01 00:00:00'),
(562, NULL, 23, 1, NULL, 10, '2022-12-01 00:00:00'),
(563, NULL, 15083, 1, NULL, 5, '2022-12-01 00:00:00'),
(564, NULL, 14279, 1, NULL, 2, '2022-12-01 00:00:00'),
(565, NULL, 14005, 1, NULL, 2, '2022-12-01 00:00:00'),
(566, NULL, 13996, 1, NULL, 2, '2022-12-01 00:00:00'),
(567, NULL, 13997, 1, NULL, 2, '2022-12-01 00:00:00'),
(568, NULL, 112, 1, NULL, 6, '2022-12-01 00:00:00'),
(569, NULL, 11981, 1, NULL, 5, '2022-12-01 00:00:00'),
(570, NULL, 10853, 1, NULL, 4, '2022-12-01 00:00:00'),
(571, NULL, 15081, 1, NULL, 4, '2022-12-01 00:00:00'),
(572, NULL, 14616, 1, NULL, 3, '2022-12-01 00:00:00'),
(573, NULL, 14577, 1, NULL, 1, '2022-12-01 00:00:00'),
(574, NULL, 14951, 1, NULL, 4, '2022-12-01 00:00:00'),
(575, NULL, 14565, 1, NULL, 2, '2022-12-01 00:00:00'),
(576, NULL, 11958, 1, NULL, 2, '2022-12-01 00:00:00'),
(577, NULL, 10832, 1, NULL, 170, '2022-12-01 00:00:00'),
(578, NULL, 14074, 1, NULL, 3, '2022-12-01 00:00:00'),
(579, NULL, 14003, 1, NULL, 3, '2022-12-01 00:00:00'),
(580, NULL, 14131, 1, NULL, 5, '2022-12-01 00:00:00'),
(581, NULL, 14130, 1, NULL, 3, '2022-12-01 00:00:00'),
(582, NULL, 14128, 1, NULL, 10, '2022-12-01 00:00:00'),
(583, NULL, 14121, 1, NULL, 5, '2022-12-01 00:00:00'),
(584, NULL, 14120, 1, NULL, 3, '2022-12-01 00:00:00'),
(585, NULL, 14069, 1, NULL, 2, '2022-12-01 00:00:00'),
(586, NULL, 14029, 1, NULL, 6, '2022-12-01 00:00:00'),
(587, NULL, 13806, 1, NULL, 3, '2022-12-01 00:00:00'),
(588, NULL, 14172, 1, NULL, 29, '2022-12-01 00:00:00'),
(589, NULL, 14173, 1, NULL, 24, '2022-12-01 00:00:00'),
(590, NULL, 13801, 1, NULL, 6, '2022-12-01 00:00:00'),
(591, NULL, 335, 1, NULL, 25, '2022-12-01 00:00:00'),
(592, NULL, 11070, 1, NULL, 52, '2022-12-01 00:00:00'),
(593, NULL, 11358, 1, NULL, 1, '2022-12-01 00:00:00'),
(594, NULL, 14039, 1, NULL, 2, '2022-12-01 00:00:00'),
(595, NULL, 15085, 1, NULL, 3, '2022-12-01 00:00:00'),
(596, NULL, 15084, 1, NULL, 12, '2022-12-01 00:00:00'),
(597, NULL, 15097, 1, NULL, 60, '2022-12-01 00:00:00'),
(598, NULL, 15112, 1, NULL, 4, '2022-12-01 00:00:00'),
(599, NULL, 15107, 1, NULL, 5, '2022-12-01 00:00:00'),
(600, NULL, 13229, 1, NULL, 15, '2022-12-01 00:00:00'),
(601, NULL, 15113, 1, NULL, 6, '2022-12-01 00:00:00'),
(602, NULL, 15115, 1, NULL, 4, '2022-12-01 00:00:00'),
(603, NULL, 15118, 1, NULL, 13, '2022-12-01 00:00:00'),
(604, NULL, 15108, 1, NULL, 2, '2022-12-01 00:00:00'),
(605, NULL, 15110, 1, NULL, 42, '2022-12-01 00:00:00'),
(606, NULL, 15114, 1, NULL, 5, '2022-12-01 00:00:00'),
(607, NULL, 15117, 1, NULL, 6, '2022-12-01 00:00:00'),
(608, NULL, 15120, 1, NULL, 3, '2022-12-01 00:00:00'),
(609, NULL, 15109, 1, NULL, 12, '2022-12-01 00:00:00'),
(610, NULL, 15139, 1, NULL, 1, '2022-12-01 00:00:00'),
(611, NULL, 15142, 1, NULL, 3, '2022-12-01 00:00:00'),
(612, NULL, 15156, 1, NULL, 2, '2022-12-01 00:00:00'),
(613, NULL, 15162, 1, NULL, 5, '2022-12-01 00:00:00'),
(614, NULL, 15140, 1, NULL, 2, '2022-12-01 00:00:00'),
(615, NULL, 15104, 1, NULL, 1, '2022-12-01 00:00:00'),
(616, NULL, 114, 1, NULL, 45, '2022-12-01 00:00:00'),
(617, NULL, 15128, 1, NULL, 11, '2022-12-01 00:00:00'),
(618, NULL, 15131, 1, NULL, 21, '2022-12-01 00:00:00'),
(619, NULL, 15132, 1, NULL, 12, '2022-12-01 00:00:00'),
(620, NULL, 15133, 1, NULL, 20, '2022-12-01 00:00:00'),
(621, NULL, 15130, 1, NULL, 9, '2022-12-01 00:00:00'),
(622, 11, 2583, 2, 23, 70, '2023-03-08 13:43:51'),
(623, 12, 4471, 2, 25, 50, '2023-03-11 10:07:33'),
(624, 13, 4487, 2, 24, 40, '2023-03-11 10:07:40'),
(626, NULL, 12143, 3, 2, 1, '2023-03-11 17:38:25'),
(630, 13, 4487, 3, 7, 40, '2023-03-13 16:39:43'),
(631, 13, 4487, 4, 1, 2, '2023-03-13 16:51:12'),
(632, NULL, 10, 2, 26, 45, '2023-03-13 16:55:09'),
(633, NULL, 10, 3, 8, 45, '2023-03-13 16:56:04'),
(634, 12, 4471, 3, 9, 20, '2023-03-25 19:47:24'),
(635, 12, 4471, 4, 2, 2, '2023-03-25 19:48:54'),
(636, 12, 4471, 3, 10, 22, '2023-04-03 00:42:04'),
(637, 10, 4487, 2, 22, 55, '2023-04-06 16:59:38'),
(638, 13, 4487, 3, 11, 2, '2023-04-07 15:32:52'),
(639, 20, 4470, 2, 29, 0, '2023-04-08 13:05:26');

-- --------------------------------------------------------

--
